{"id":3791,"date":"2025-03-03T16:47:51","date_gmt":"2025-03-03T15:47:51","guid":{"rendered":"https:\/\/ofertacular.com\/?page_id=3791"},"modified":"2025-05-15T13:50:23","modified_gmt":"2025-05-15T11:50:23","slug":"gratis","status":"publish","type":"page","link":"https:\/\/ofertacular.com\/index.php\/gratis\/","title":{"rendered":"GRATIS"},"content":{"rendered":"\t\t<div data-elementor-type=\"wp-page\" data-elementor-id=\"3791\" class=\"elementor elementor-3791\" data-elementor-post-type=\"page\">\n\t\t\t\t<div class=\"elementor-element elementor-element-c171069 e-flex e-con-boxed e-con e-parent\" data-id=\"c171069\" data-element_type=\"container\" data-e-type=\"container\">\n\t\t\t\t\t<div class=\"e-con-inner\">\n\t\t\t\t<div class=\"elementor-element elementor-element-35a2928 elementor-widget elementor-widget-regular_blog_loop\" data-id=\"35a2928\" data-element_type=\"widget\" data-e-type=\"widget\" data-widget_type=\"regular_blog_loop.default\">\n\t\t\t\t<div class=\"elementor-widget-container\">\n\t\t\t\t\t\r\n\r\n\t \r\n\t<div class=\" re_aj_pag_auto_wrap\" data-filterargs='{\"post_type\":\"post\",\"posts_per_page\":26,\"order\":\"\",\"cat\":\"132\",\"ignore_sticky_posts\":1}' data-template=\"query_type2\" id=\"rh_blogloop_1156547232\">\r\n\t\t\t\r\n\t\t\t<article class=\"blog_string mb30 rh-cartbox clearfix\"> \r\n    <div class=\"blog_string_container\">\r\n        <h2 class=\"mt0 mb20\"><a href=\"https:\/\/ofertacular.com\/index.php\/2025\/09\/18\/7-productos-gratis-a-por-ellos\/\">7 productos GRATIS, A POR ELLOS!!!<\/a>\r\n        <\/h2>\r\n    <\/div>         \r\n    <figure class=\"mb20 position-relative text-center\">\r\n                <div class=\"abdposleftbot\"><div class=\"rh-cat-list-title\"><a class=\"rh-cat-label-title rh-cat-132\" href=\"https:\/\/ofertacular.com\/index.php\/category\/gratis\/\" title=\"Ver todos las publicaciones en Gratis\">Gratis<\/a><a class=\"rh-cat-label-title rh-cat-1\" href=\"https:\/\/ofertacular.com\/index.php\/category\/sin-categoria\/\" title=\"Ver todos las publicaciones en Sin categor\u00eda\">Sin categor\u00eda<\/a><\/div><\/div>\r\n        <a href=\"https:\/\/ofertacular.com\/index.php\/2025\/09\/18\/7-productos-gratis-a-por-ellos\/\"><img fetchpriority=\"high\" decoding=\"async\" class=\"lazyload\" data-skip-lazy=\"\" data-src=\"https:\/\/ofertacular.com\/wp-content\/uploads\/thumbs_dir\/ChatGPT-Image-18-sept-2025-19_33_58-rby5dydc5fgzwvontp150btdbtowq9mlai0nt23yjk.png\" width=\"800\" height=\"400\" alt=\"7 productos GRATIS, A POR ELLOS!!!\" src=\"https:\/\/ofertacular.com\/wp-content\/themes\/rehub-theme\/images\/default\/blank.gif\" \/><\/a> \r\n        <div class=\"rev-in-blog-circle abdposright mt10 mr10 ml10\">\r\n                    <\/div>               \r\n    <\/figure>\r\n    <div class=\"blog_string_info clearbox\">\r\n        <div class=\"meta post-meta-big mt0 mb0 greycolor clearfix\">\r\n            \t\t\t\t\t<div class=\"floatleft mr15 rtlml15\">\n\t\t\t\t\t\t\t\t\t\t\t\t\t\t<a href=\"https:\/\/ofertacular.com\/author\/ofertaovh_wp_adm\/\" class=\"floatleft mr10 rtlml10\">\n\t\t\t\t\t\t<img alt='ofertacular' src='https:\/\/secure.gravatar.com\/avatar\/5a6ab5d17ef29e0bf81a2b1706f18b03?s=40&#038;d=mm&#038;r=g' srcset='https:\/\/secure.gravatar.com\/avatar\/5a6ab5d17ef29e0bf81a2b1706f18b03?s=80&#038;d=mm&#038;r=g 2x' class='avatar avatar-40 photo roundborder50p' height='40' width='40' \/>\t\t\t\t\t\n\t\t\t\t\t<\/a>\t\n\t\t\t\t\t\t\t\t<span class=\"floatleft authortimemeta lineheight20 fontbold\">\n\t\t\t\t\t\t\t\t\t\t\t<a href=\"https:\/\/ofertacular.com\/author\/ofertaovh_wp_adm\/\">\t\t\t\t\n\t\t\t\t\t\t\tofertacular\t\t\t\n\t\t\t\t\t\t<\/a>\n\t\t\t\t\t\t\t\t\t\t\t\t\t\t\t\t<div class=\"date_time_post font80 fontnormal lineheight15\">\n\t\t\t\t \t\t\t\t\t\t\t \t\t\t\t 18 de septiembre de 2025\t\t\t\t \t\t\t\t\t\t\t\t\t<\/div>\n\t\t\t\t\t\t\t\t\t<\/span>\t\n\t\t\t<\/div>\n\t\t\t<div class=\"floatright ml15 postviewcomm font15px lineheight25 mt5\">\n\t\t\t\t\t\t\t\t\t\t\t\t\t\t<span class=\"postview_meta mr15 ml15\"><strong>329<\/strong> Views<\/span>\n\t\t\t\t\t\n\t\t\t\t\t\t\t\n\t\t\t\t\t<span class=\"comm_count_meta\"><strong><a href=\"https:\/\/ofertacular.com\/index.php\/2025\/09\/18\/7-productos-gratis-a-por-ellos\/#respond\" class=\"comm_meta\" >0<\/a><\/strong><\/span>\t\n\t\t\t\t\t\t\t\n\t\t\t<\/div>\n\t\t\t\n\t \r\n        <\/div> \r\n        <div class=\"blog_string_holder clearbox mt10\">  \r\n            <p class=\"greycolor\">\n\n\n\n\n1 - KINDLE UNLIMITED!!\n\n\n\nkindle unlimited GRATIS \ud83c\udfb6No necesitas tener un dispositivo Kindle para disfrutar de Kindle Unlimited. Con nuestra App gratuita de lectura puedes descargar eBooks Kindle donde y cuando quieras.\n\n\n\n\n\n\n\n2 - 4 MESES DE AMAZON MUSIC UNLIMITED GRATIS\n\n\n\nAmazon Music ...<\/p>\r\n                        \t\t\t\t\t\t\n\t\t \n\t\t\t\t    \t    \t\t\t\t\t\t\t\t\t\t\t<a href=\"https:\/\/ofertacular.com\/index.php\/2025\/09\/18\/7-productos-gratis-a-por-ellos\/\" class=\"btn_more\">LEER M\u00c1S +<\/a>\n\t\t\t  \t\t\t  \t    \t\t\t\n\t                                    \r\n        <\/div>\r\n        \n<div class=\"wp-block-group is-layout-flow wp-block-group-is-layout-flow\"><\/div>\n    <\/div>                                     \r\n<\/article>\t\t\t\r\n\t\t\t<article class=\"blog_string mb30 rh-cartbox clearfix\"> \r\n    <div class=\"blog_string_container\">\r\n        <h2 class=\"mt0 mb20\"><a href=\"https:\/\/ofertacular.com\/index.php\/2025\/05\/15\/sudoku-premium-android-gratis\/\">Sudoku Premium (ANDROID) GRATIS<\/a>\r\n        <\/h2>\r\n    <\/div>         \r\n    <figure class=\"mb20 position-relative text-center\">\r\n                <div class=\"abdposleftbot\"><div class=\"rh-cat-list-title\"><a class=\"rh-cat-label-title rh-cat-132\" href=\"https:\/\/ofertacular.com\/index.php\/category\/gratis\/\" title=\"Ver todos las publicaciones en Gratis\">Gratis<\/a><\/div><\/div>\r\n        <a href=\"https:\/\/ofertacular.com\/index.php\/2025\/05\/15\/sudoku-premium-android-gratis\/\"><img decoding=\"async\" class=\"lazyload\" data-skip-lazy=\"\" data-src=\"https:\/\/ofertacular.com\/wp-content\/uploads\/thumbs_dir\/sudoku-gratis-r5uf5phocf7kurg9djy033pxti4sesfeajjrogtsww.png\" width=\"800\" height=\"400\" alt=\"Sudoku Premium (ANDROID) GRATIS\" src=\"https:\/\/ofertacular.com\/wp-content\/themes\/rehub-theme\/images\/default\/blank.gif\" \/><\/a> \r\n        <div class=\"rev-in-blog-circle abdposright mt10 mr10 ml10\">\r\n                    <\/div>               \r\n    <\/figure>\r\n    <div class=\"blog_string_info clearbox\">\r\n        <div class=\"meta post-meta-big mt0 mb0 greycolor clearfix\">\r\n            \t\t\t\t\t<div class=\"floatleft mr15 rtlml15\">\n\t\t\t\t\t\t\t\t\t\t\t\t\t\t<a href=\"https:\/\/ofertacular.com\/author\/ofertaovh_wp_adm\/\" class=\"floatleft mr10 rtlml10\">\n\t\t\t\t\t\t<img alt='ofertacular' src='https:\/\/secure.gravatar.com\/avatar\/5a6ab5d17ef29e0bf81a2b1706f18b03?s=40&#038;d=mm&#038;r=g' srcset='https:\/\/secure.gravatar.com\/avatar\/5a6ab5d17ef29e0bf81a2b1706f18b03?s=80&#038;d=mm&#038;r=g 2x' class='avatar avatar-40 photo roundborder50p' height='40' width='40' \/>\t\t\t\t\t\n\t\t\t\t\t<\/a>\t\n\t\t\t\t\t\t\t\t<span class=\"floatleft authortimemeta lineheight20 fontbold\">\n\t\t\t\t\t\t\t\t\t\t\t<a href=\"https:\/\/ofertacular.com\/author\/ofertaovh_wp_adm\/\">\t\t\t\t\n\t\t\t\t\t\t\tofertacular\t\t\t\n\t\t\t\t\t\t<\/a>\n\t\t\t\t\t\t\t\t\t\t\t\t\t\t\t\t<div class=\"date_time_post font80 fontnormal lineheight15\">\n\t\t\t\t \t\t\t\t\t\t\t \t\t\t\t 15 de mayo de 2025\t\t\t\t \t\t\t\t\t\t\t\t\t<\/div>\n\t\t\t\t\t\t\t\t\t<\/span>\t\n\t\t\t<\/div>\n\t\t\t<div class=\"floatright ml15 postviewcomm font15px lineheight25 mt5\">\n\t\t\t\t\t\t\t\t\t\t\t\t\t\t<span class=\"postview_meta mr15 ml15\"><strong>37<\/strong> Views<\/span>\n\t\t\t\t\t\n\t\t\t\t\t\t\t\n\t\t\t\t\t<span class=\"comm_count_meta\"><strong><a href=\"https:\/\/ofertacular.com\/index.php\/2025\/05\/15\/sudoku-premium-android-gratis\/#respond\" class=\"comm_meta\" >0<\/a><\/strong><\/span>\t\n\t\t\t\t\t\t\t\n\t\t\t<\/div>\n\t\t\t\n\t \r\n        <\/div> \r\n        <div class=\"blog_string_holder clearbox mt10\">  \r\n            <p class=\"greycolor\">\nDisfruta de una edici\u00f3n exclusiva de un pasatiempo tradicional que favorece la relajaci\u00f3n mental. El dise\u00f1o limpio y sencillo, junto con la ausencia de elementos superfluos, crea un ambiente ideal para sumergirse en la resoluci\u00f3n de desaf\u00edos num\u00e9ricos. Este ejercicio mental de cuadr\u00edcula 9x9 ...<\/p>\r\n                        \t\t\t\t\t\t\t\t\t\t\t\t\t\t\t\t\n\t\t\t\t\t\t\t\t\t\n\t\t \n\t\t\t\t\t        <div class=\"priced_block clearfix  \">\n\t              \t        \t\n\t            \t            \t<span class=\"rh_price_wrapper\">\n\t            \t\t<span class=\"price_count\">\n\t            \t\t\t<span class=\"rh_regular_price\">GRATIS<\/span>\n\t            \t\t\t <del>1.99\u20ac<\/del>\t            \t\t<\/span>\n\t            \t<\/span>\n\t            \t    \t\t\t    \t\t\t<span class=\"rh_button_wrapper\">\n\t\t            \t<a href=\"https:\/\/play.google.com\/store\/apps\/details?id=andrei.brusentsov.sudoku.nostalgia\" class=\"btn_offer_block re_track_btn\" target=\"_blank\" rel=\"nofollow sponsored noopener\">\n\t\t\t            \t\t\t            \tComprar ahora\t\t\t            \t\t\t            \t\t            <\/a>\n\t\t        \t<\/span>\n\t            \t\n\t\t    \t\t\t\t\t\t\t\t    \t\t\n\t\t        \t            \t        \n\t        <\/div>\n            \t    \t\t    \t\t\t\n\t                                    \r\n        <\/div>\r\n        \n<div class=\"wp-block-group is-layout-flow wp-block-group-is-layout-flow\"><\/div>\n    <\/div>                                     \r\n<\/article>\t\t\r\n\t\t\t\t\t \r\n\t\t    <div class=\"re_ajax_pagination\"><span data-offset=\"26\" data-containerid=\"rh_blogloop_1156547232\" class=\"re_ajax_pagination_btn def_btn\">Mostrar siguiente<\/span><\/div>      \r\n\t\t\r\n\t<\/div>\r\n\t<div class=\"clearfix\"><\/div>\r\n\r\n\t\t\t\t<\/div>\n\t\t\t\t<\/div>\n\t\t\t\t\t<\/div>\n\t\t\t\t<\/div>\n\t\t\t\t<\/div>\n\t\t","protected":false},"excerpt":{"rendered":"","protected":false},"author":1,"featured_media":0,"parent":0,"menu_order":0,"comment_status":"closed","ping_status":"closed","template":"","meta":{"_gspb_post_css":"","footnotes":""},"class_list":["post-3791","page","type-page","status-publish","hentry"],"jetpack_sharing_enabled":true,"_links":{"self":[{"href":"https:\/\/ofertacular.com\/index.php\/wp-json\/wp\/v2\/pages\/3791","targetHints":{"allow":["GET"]}}],"collection":[{"href":"https:\/\/ofertacular.com\/index.php\/wp-json\/wp\/v2\/pages"}],"about":[{"href":"https:\/\/ofertacular.com\/index.php\/wp-json\/wp\/v2\/types\/page"}],"author":[{"embeddable":true,"href":"https:\/\/ofertacular.com\/index.php\/wp-json\/wp\/v2\/users\/1"}],"replies":[{"embeddable":true,"href":"https:\/\/ofertacular.com\/index.php\/wp-json\/wp\/v2\/comments?post=3791"}],"version-history":[{"count":7,"href":"https:\/\/ofertacular.com\/index.php\/wp-json\/wp\/v2\/pages\/3791\/revisions"}],"predecessor-version":[{"id":5495,"href":"https:\/\/ofertacular.com\/index.php\/wp-json\/wp\/v2\/pages\/3791\/revisions\/5495"}],"wp:attachment":[{"href":"https:\/\/ofertacular.com\/index.php\/wp-json\/wp\/v2\/media?parent=3791"}],"curies":[{"name":"wp","href":"https:\/\/api.w.org\/{rel}","templated":true}]}}