{"id":10010,"date":"2025-12-04T10:14:38","date_gmt":"2025-12-04T09:14:38","guid":{"rendered":"https:\/\/ofertacular.com\/index.php\/producto\/mukua-jacket\/"},"modified":"2025-12-04T10:14:38","modified_gmt":"2025-12-04T09:14:38","slug":"mukua-jacket","status":"publish","type":"product","link":"https:\/\/ofertacular.com\/index.php\/producto\/mukua-jacket\/","title":{"rendered":"Mukua Jacket"},"content":{"rendered":"<div class=\"oferta-container\">\n<p>\ud83d\udfe5 <b>\u00a1S\u00d3LO HOY!<\/b> \ud83d\udfe5 #Publicidad #Amazon #16<\/p>\n<p>\ud83d\udd34 <b>Chaqueta Mukua <\/b><\/p>\n<p>\u2705 <b>AHORA 10.79 \u20ac<\/b> \u2714\ufe0f\ud83d\udfe1<\/p>\n<p>\u274c Antes 16.76 \u20ac<\/p>\n<p>\ud83d\uded2: <a href=\"https:\/\/btz.es\/5eyTy9E\" target=\"_blank\" rel=\"nofollow noopener\">https:\/\/btz.es\/5eyTy9E<\/a><\/p>\n<p>Descubre la chaqueta Mukua, sin\u00f3nimo de estilo y comodidad. Dise\u00f1ada para ofrecer protecci\u00f3n y elegancia, perfecta para cualquier ocasi\u00f3n. Con materiales de alta calidad y un dise\u00f1o moderno, esta chaqueta es ideal para quienes buscan destacar con un look \u00fanico y vers\u00e1til. La chaqueta Mukua es la elecci\u00f3n perfecta para tu armario, combinando funcionalidad y moda en una sola prenda.<\/p>\n<\/p><\/div>\n","protected":false},"excerpt":{"rendered":"<p>\ud83d\udfe5 \u00a1S\u00d3LO HOY! \ud83d\udfe5 #Publicidad #Amazon #16 \ud83d\udd34 Chaqueta Mukua \u2705 AHORA 10.79 \u20ac \u2714\ufe0f\ud83d\udfe1 \u274c Antes 16.76 \u20ac \ud83d\uded2: https:\/\/btz.es\/5eyTy9E Descubre la chaqueta Mukua, sin\u00f3nimo de estilo y comodidad. Dise\u00f1ada para ofrecer protecci\u00f3n y elegancia, perfecta para cualquier ocasi\u00f3n. Con materiales de alta calidad y un dise\u00f1o moderno, esta chaqueta es ideal para quienes [&hellip;]<\/p>\n","protected":false},"featured_media":10009,"template":"","meta":{"_gspb_post_css":""},"store":[],"product_brand":[],"product_cat":[16],"product_tag":[],"class_list":{"0":"post-10010","1":"product","2":"type-product","3":"status-publish","4":"has-post-thumbnail","6":"product_cat-sin-categorizar","8":"first","9":"instock","10":"sale","11":"shipping-taxable","12":"product-type-external"},"jetpack_sharing_enabled":true,"_links":{"self":[{"href":"https:\/\/ofertacular.com\/index.php\/wp-json\/wp\/v2\/product\/10010","targetHints":{"allow":["GET"]}}],"collection":[{"href":"https:\/\/ofertacular.com\/index.php\/wp-json\/wp\/v2\/product"}],"about":[{"href":"https:\/\/ofertacular.com\/index.php\/wp-json\/wp\/v2\/types\/product"}],"wp:featuredmedia":[{"embeddable":true,"href":"https:\/\/ofertacular.com\/index.php\/wp-json\/wp\/v2\/media\/10009"}],"wp:attachment":[{"href":"https:\/\/ofertacular.com\/index.php\/wp-json\/wp\/v2\/media?parent=10010"}],"wp:term":[{"taxonomy":"store","embeddable":true,"href":"https:\/\/ofertacular.com\/index.php\/wp-json\/wp\/v2\/store?post=10010"},{"taxonomy":"product_brand","embeddable":true,"href":"https:\/\/ofertacular.com\/index.php\/wp-json\/wp\/v2\/product_brand?post=10010"},{"taxonomy":"product_cat","embeddable":true,"href":"https:\/\/ofertacular.com\/index.php\/wp-json\/wp\/v2\/product_cat?post=10010"},{"taxonomy":"product_tag","embeddable":true,"href":"https:\/\/ofertacular.com\/index.php\/wp-json\/wp\/v2\/product_tag?post=10010"}],"curies":[{"name":"wp","href":"https:\/\/api.w.org\/{rel}","templated":true}]}}