{"id":10050,"date":"2025-12-05T10:33:23","date_gmt":"2025-12-05T09:33:23","guid":{"rendered":"https:\/\/ofertacular.com\/index.php\/producto\/cinta-caminadora-2\/"},"modified":"2025-12-05T10:33:23","modified_gmt":"2025-12-05T09:33:23","slug":"cinta-caminadora-2","status":"publish","type":"product","link":"https:\/\/ofertacular.com\/index.php\/producto\/cinta-caminadora-2\/","title":{"rendered":"Cinta Caminadora"},"content":{"rendered":"<div class=\"oferta-container\">\n<p>\ud83d\udfe5 <b>ES UN CHOLL\u00d3N<\/b> \ud83d\udfe5 #Publicidad #Amazon #16<\/p>\n<p>\ud83d\udd34 <b>Cinta Caminadora <\/b><\/p>\n<p>\u2705 <b>AHORA 66.49 \u20ac<\/b> \u2714\ufe0f\ud83d\udfe1<\/p>\n<p>\u274c Antes 79.99 \u20ac<\/p>\n<p>\ud83d\uded2: <a href=\"https:\/\/btz.es\/5e4OEAM\" target=\"_blank\" rel=\"nofollow noopener\">https:\/\/btz.es\/5e4OEAM<\/a><\/p>\n<p>Optimiza tu entrenamiento en casa con esta cinta caminadora de alta calidad, dise\u00f1ada para ofrecer un rendimiento excelente y durabilidad. Ideal para caminar y correr, cuenta con m\u00faltiples niveles de velocidad y funciones avanzadas, garantizando una experiencia fitness completa y c\u00f3moda. Perfecta para mejorar tu salud cardiovascular y perder peso, esta cinta caminadora es el complemento ideal para tu rutina diaria de ejercicio.<\/p>\n<\/p><\/div>\n","protected":false},"excerpt":{"rendered":"<p>\ud83d\udfe5 ES UN CHOLL\u00d3N \ud83d\udfe5 #Publicidad #Amazon #16 \ud83d\udd34 Cinta Caminadora \u2705 AHORA 66.49 \u20ac \u2714\ufe0f\ud83d\udfe1 \u274c Antes 79.99 \u20ac \ud83d\uded2: https:\/\/btz.es\/5e4OEAM Optimiza tu entrenamiento en casa con esta cinta caminadora de alta calidad, dise\u00f1ada para ofrecer un rendimiento excelente y durabilidad. Ideal para caminar y correr, cuenta con m\u00faltiples niveles de velocidad y funciones [&hellip;]<\/p>\n","protected":false},"featured_media":10049,"template":"","meta":{"_gspb_post_css":""},"store":[],"product_brand":[],"product_cat":[16],"product_tag":[],"class_list":{"0":"post-10050","1":"product","2":"type-product","3":"status-publish","4":"has-post-thumbnail","6":"product_cat-sin-categorizar","8":"first","9":"instock","10":"sale","11":"shipping-taxable","12":"product-type-external"},"jetpack_sharing_enabled":true,"_links":{"self":[{"href":"https:\/\/ofertacular.com\/index.php\/wp-json\/wp\/v2\/product\/10050","targetHints":{"allow":["GET"]}}],"collection":[{"href":"https:\/\/ofertacular.com\/index.php\/wp-json\/wp\/v2\/product"}],"about":[{"href":"https:\/\/ofertacular.com\/index.php\/wp-json\/wp\/v2\/types\/product"}],"wp:featuredmedia":[{"embeddable":true,"href":"https:\/\/ofertacular.com\/index.php\/wp-json\/wp\/v2\/media\/10049"}],"wp:attachment":[{"href":"https:\/\/ofertacular.com\/index.php\/wp-json\/wp\/v2\/media?parent=10050"}],"wp:term":[{"taxonomy":"store","embeddable":true,"href":"https:\/\/ofertacular.com\/index.php\/wp-json\/wp\/v2\/store?post=10050"},{"taxonomy":"product_brand","embeddable":true,"href":"https:\/\/ofertacular.com\/index.php\/wp-json\/wp\/v2\/product_brand?post=10050"},{"taxonomy":"product_cat","embeddable":true,"href":"https:\/\/ofertacular.com\/index.php\/wp-json\/wp\/v2\/product_cat?post=10050"},{"taxonomy":"product_tag","embeddable":true,"href":"https:\/\/ofertacular.com\/index.php\/wp-json\/wp\/v2\/product_tag?post=10050"}],"curies":[{"name":"wp","href":"https:\/\/api.w.org\/{rel}","templated":true}]}}