{"id":10056,"date":"2025-12-05T10:36:09","date_gmt":"2025-12-05T09:36:09","guid":{"rendered":"https:\/\/ofertacular.com\/index.php\/producto\/galaxy-watch7-3\/"},"modified":"2025-12-05T10:36:09","modified_gmt":"2025-12-05T09:36:09","slug":"galaxy-watch7-3","status":"publish","type":"product","link":"https:\/\/ofertacular.com\/index.php\/producto\/galaxy-watch7-3\/","title":{"rendered":"Galaxy Watch7"},"content":{"rendered":"<div class=\"oferta-container\">\n<p>\ud83d\udfe5 <b>\u00a1GANGAZO!<\/b> \ud83d\udfe5 #Publicidad #Amazon #16<\/p>\n<p>\ud83d\udd34 <b>Reloj Galaxy <\/b><\/p>\n<p>\u2705 <b>AHORA 179 \u20ac<\/b> \u2714\ufe0f\ud83d\udfe1<\/p>\n<p>\u274c Antes 349.90 \u20ac<\/p>\n<p>\ud83d\uded2: <a href=\"https:\/\/btz.es\/5e4PvIa\" target=\"_blank\" rel=\"nofollow noopener\">https:\/\/btz.es\/5e4PvIa<\/a><\/p>\n<p>Descubre la innovaci\u00f3n en tu mu\u00f1eca con el Galaxy Watch7, el reloj inteligente de Samsung que combina tecnolog\u00eda avanzada y dise\u00f1o elegante. Con funcionalidades de salud, conectividad y estilo, este smartwatch est\u00e1 dise\u00f1ado para mantenerte siempre conectado y activo. Ideal para quienes buscan un accesorio tecnol\u00f3gico que ofrece rendimiento y sofisticaci\u00f3n en cada uso.<\/p>\n<\/p><\/div>\n","protected":false},"excerpt":{"rendered":"<p>\ud83d\udfe5 \u00a1GANGAZO! \ud83d\udfe5 #Publicidad #Amazon #16 \ud83d\udd34 Reloj Galaxy \u2705 AHORA 179 \u20ac \u2714\ufe0f\ud83d\udfe1 \u274c Antes 349.90 \u20ac \ud83d\uded2: https:\/\/btz.es\/5e4PvIa Descubre la innovaci\u00f3n en tu mu\u00f1eca con el Galaxy Watch7, el reloj inteligente de Samsung que combina tecnolog\u00eda avanzada y dise\u00f1o elegante. Con funcionalidades de salud, conectividad y estilo, este smartwatch est\u00e1 dise\u00f1ado para mantenerte [&hellip;]<\/p>\n","protected":false},"featured_media":10055,"template":"","meta":{"_gspb_post_css":""},"store":[],"product_brand":[],"product_cat":[16],"product_tag":[],"class_list":{"0":"post-10056","1":"product","2":"type-product","3":"status-publish","4":"has-post-thumbnail","6":"product_cat-sin-categorizar","8":"first","9":"instock","10":"sale","11":"shipping-taxable","12":"product-type-external"},"jetpack_sharing_enabled":true,"_links":{"self":[{"href":"https:\/\/ofertacular.com\/index.php\/wp-json\/wp\/v2\/product\/10056","targetHints":{"allow":["GET"]}}],"collection":[{"href":"https:\/\/ofertacular.com\/index.php\/wp-json\/wp\/v2\/product"}],"about":[{"href":"https:\/\/ofertacular.com\/index.php\/wp-json\/wp\/v2\/types\/product"}],"wp:featuredmedia":[{"embeddable":true,"href":"https:\/\/ofertacular.com\/index.php\/wp-json\/wp\/v2\/media\/10055"}],"wp:attachment":[{"href":"https:\/\/ofertacular.com\/index.php\/wp-json\/wp\/v2\/media?parent=10056"}],"wp:term":[{"taxonomy":"store","embeddable":true,"href":"https:\/\/ofertacular.com\/index.php\/wp-json\/wp\/v2\/store?post=10056"},{"taxonomy":"product_brand","embeddable":true,"href":"https:\/\/ofertacular.com\/index.php\/wp-json\/wp\/v2\/product_brand?post=10056"},{"taxonomy":"product_cat","embeddable":true,"href":"https:\/\/ofertacular.com\/index.php\/wp-json\/wp\/v2\/product_cat?post=10056"},{"taxonomy":"product_tag","embeddable":true,"href":"https:\/\/ofertacular.com\/index.php\/wp-json\/wp\/v2\/product_tag?post=10056"}],"curies":[{"name":"wp","href":"https:\/\/api.w.org\/{rel}","templated":true}]}}