{"id":10058,"date":"2025-12-05T10:37:47","date_gmt":"2025-12-05T09:37:47","guid":{"rendered":"https:\/\/ofertacular.com\/index.php\/producto\/cafe-brasileno\/"},"modified":"2025-12-05T10:37:47","modified_gmt":"2025-12-05T09:37:47","slug":"cafe-brasileno","status":"publish","type":"product","link":"https:\/\/ofertacular.com\/index.php\/producto\/cafe-brasileno\/","title":{"rendered":"Caf\u00e9 Brasile\u00f1o"},"content":{"rendered":"<div class=\"oferta-container\">\n<p>\ud83d\udfe5 <b>GRAN OFERTA<\/b> \ud83d\udfe5 #Publicidad #Amazon #16<\/p>\n<p>\ud83d\udd34 <b>Caf\u00e9 Brasile\u00f1o <\/b><\/p>\n<p>\u2705 <b>AHORA 14.62 \u20ac<\/b> \u2714\ufe0f\ud83d\udfe1<\/p>\n<p>\u274c Antes 17.61 \u20ac<\/p>\n<p>\ud83d\uded2: <a href=\"https:\/\/btz.es\/5e4PLr8\" target=\"_blank\" rel=\"nofollow noopener\">https:\/\/btz.es\/5e4PLr8<\/a><\/p>\n<p>Disfruta del aut\u00e9ntico sabor del Caf\u00e9 Brasile\u00f1o, cultivado en las mejores regiones de Brasil, reconocido por su aroma intenso y su sabor equilibrado. Perfecto para amantes del caf\u00e9 que buscan calidad y frescura en cada taza. Ideal para preparar espresso, filtro o prensa francesa. Eleva tu experiencia cafetera con este producto premium, cuidadosamente seleccionado para ofrecerte una bebida exquisita y revitalizante.<\/p>\n<\/p><\/div>\n","protected":false},"excerpt":{"rendered":"<p>\ud83d\udfe5 GRAN OFERTA \ud83d\udfe5 #Publicidad #Amazon #16 \ud83d\udd34 Caf\u00e9 Brasile\u00f1o \u2705 AHORA 14.62 \u20ac \u2714\ufe0f\ud83d\udfe1 \u274c Antes 17.61 \u20ac \ud83d\uded2: https:\/\/btz.es\/5e4PLr8 Disfruta del aut\u00e9ntico sabor del Caf\u00e9 Brasile\u00f1o, cultivado en las mejores regiones de Brasil, reconocido por su aroma intenso y su sabor equilibrado. Perfecto para amantes del caf\u00e9 que buscan calidad y frescura en [&hellip;]<\/p>\n","protected":false},"featured_media":10057,"template":"","meta":{"_gspb_post_css":""},"store":[],"product_brand":[],"product_cat":[16],"product_tag":[],"class_list":{"0":"post-10058","1":"product","2":"type-product","3":"status-publish","4":"has-post-thumbnail","6":"product_cat-sin-categorizar","8":"first","9":"instock","10":"sale","11":"shipping-taxable","12":"product-type-external"},"jetpack_sharing_enabled":true,"_links":{"self":[{"href":"https:\/\/ofertacular.com\/index.php\/wp-json\/wp\/v2\/product\/10058","targetHints":{"allow":["GET"]}}],"collection":[{"href":"https:\/\/ofertacular.com\/index.php\/wp-json\/wp\/v2\/product"}],"about":[{"href":"https:\/\/ofertacular.com\/index.php\/wp-json\/wp\/v2\/types\/product"}],"wp:featuredmedia":[{"embeddable":true,"href":"https:\/\/ofertacular.com\/index.php\/wp-json\/wp\/v2\/media\/10057"}],"wp:attachment":[{"href":"https:\/\/ofertacular.com\/index.php\/wp-json\/wp\/v2\/media?parent=10058"}],"wp:term":[{"taxonomy":"store","embeddable":true,"href":"https:\/\/ofertacular.com\/index.php\/wp-json\/wp\/v2\/store?post=10058"},{"taxonomy":"product_brand","embeddable":true,"href":"https:\/\/ofertacular.com\/index.php\/wp-json\/wp\/v2\/product_brand?post=10058"},{"taxonomy":"product_cat","embeddable":true,"href":"https:\/\/ofertacular.com\/index.php\/wp-json\/wp\/v2\/product_cat?post=10058"},{"taxonomy":"product_tag","embeddable":true,"href":"https:\/\/ofertacular.com\/index.php\/wp-json\/wp\/v2\/product_tag?post=10058"}],"curies":[{"name":"wp","href":"https:\/\/api.w.org\/{rel}","templated":true}]}}