{"id":10084,"date":"2025-12-09T08:09:46","date_gmt":"2025-12-09T07:09:46","guid":{"rendered":"https:\/\/ofertacular.com\/index.php\/producto\/camara-deportiva\/"},"modified":"2025-12-09T08:09:46","modified_gmt":"2025-12-09T07:09:46","slug":"camara-deportiva","status":"publish","type":"product","link":"https:\/\/ofertacular.com\/index.php\/producto\/camara-deportiva\/","title":{"rendered":"C\u00e1mara Deportiva"},"content":{"rendered":"<div class=\"oferta-container\">\n<p>\ud83d\udfe5 <b>EXCLUSIVO<\/b> \ud83d\udfe5 #Publicidad #Amazon #16<\/p>\n<p>\ud83d\udd34 <b>C\u00e1mara Deportiva <\/b><\/p>\n<p>\u2705 <b>AHORA 56.48 \u20ac<\/b> \u2714\ufe0f\ud83d\udfe1<\/p>\n<p>\u274c Antes 69.99 \u20ac<\/p>\n<p>\ud83d\uded2: <a href=\"https:\/\/btz.es\/5eRCBm3\" target=\"_blank\" rel=\"nofollow noopener\">https:\/\/btz.es\/5eRCBm3<\/a><\/p>\n<p>Descubre la mejor c\u00e1mara deportiva del mercado, dise\u00f1ada para capturar tus aventuras con alta calidad y resistencia. Ideal para deportistas y aventureros, esta c\u00e1mara ofrece im\u00e1genes n\u00edtidas y videos en alta definici\u00f3n, con caracter\u00edsticas avanzadas como resistencia al agua y estabilizaci\u00f3n de imagen. Perfecta para actividades al aire libre, deportes extremos y viajes. Mejora tus recuerdos con tecnolog\u00eda de \u00faltima generaci\u00f3n y un dise\u00f1o compacto y duradero.<\/p>\n<\/p><\/div>\n","protected":false},"excerpt":{"rendered":"<p>\ud83d\udfe5 EXCLUSIVO \ud83d\udfe5 #Publicidad #Amazon #16 \ud83d\udd34 C\u00e1mara Deportiva \u2705 AHORA 56.48 \u20ac \u2714\ufe0f\ud83d\udfe1 \u274c Antes 69.99 \u20ac \ud83d\uded2: https:\/\/btz.es\/5eRCBm3 Descubre la mejor c\u00e1mara deportiva del mercado, dise\u00f1ada para capturar tus aventuras con alta calidad y resistencia. Ideal para deportistas y aventureros, esta c\u00e1mara ofrece im\u00e1genes n\u00edtidas y videos en alta definici\u00f3n, con caracter\u00edsticas avanzadas [&hellip;]<\/p>\n","protected":false},"featured_media":10083,"template":"","meta":{"_gspb_post_css":""},"store":[],"product_brand":[],"product_cat":[16],"product_tag":[],"class_list":{"0":"post-10084","1":"product","2":"type-product","3":"status-publish","4":"has-post-thumbnail","6":"product_cat-sin-categorizar","8":"first","9":"instock","10":"sale","11":"shipping-taxable","12":"product-type-external"},"jetpack_sharing_enabled":true,"_links":{"self":[{"href":"https:\/\/ofertacular.com\/index.php\/wp-json\/wp\/v2\/product\/10084","targetHints":{"allow":["GET"]}}],"collection":[{"href":"https:\/\/ofertacular.com\/index.php\/wp-json\/wp\/v2\/product"}],"about":[{"href":"https:\/\/ofertacular.com\/index.php\/wp-json\/wp\/v2\/types\/product"}],"wp:featuredmedia":[{"embeddable":true,"href":"https:\/\/ofertacular.com\/index.php\/wp-json\/wp\/v2\/media\/10083"}],"wp:attachment":[{"href":"https:\/\/ofertacular.com\/index.php\/wp-json\/wp\/v2\/media?parent=10084"}],"wp:term":[{"taxonomy":"store","embeddable":true,"href":"https:\/\/ofertacular.com\/index.php\/wp-json\/wp\/v2\/store?post=10084"},{"taxonomy":"product_brand","embeddable":true,"href":"https:\/\/ofertacular.com\/index.php\/wp-json\/wp\/v2\/product_brand?post=10084"},{"taxonomy":"product_cat","embeddable":true,"href":"https:\/\/ofertacular.com\/index.php\/wp-json\/wp\/v2\/product_cat?post=10084"},{"taxonomy":"product_tag","embeddable":true,"href":"https:\/\/ofertacular.com\/index.php\/wp-json\/wp\/v2\/product_tag?post=10084"}],"curies":[{"name":"wp","href":"https:\/\/api.w.org\/{rel}","templated":true}]}}