{"id":10176,"date":"2025-12-12T08:33:10","date_gmt":"2025-12-12T07:33:10","guid":{"rendered":"https:\/\/ofertacular.com\/index.php\/producto\/bugles-cones\/"},"modified":"2025-12-12T08:33:10","modified_gmt":"2025-12-12T07:33:10","slug":"bugles-cones","status":"publish","type":"product","link":"https:\/\/ofertacular.com\/index.php\/producto\/bugles-cones\/","title":{"rendered":"Bugles Cones"},"content":{"rendered":"<div class=\"oferta-container\">\n<p>\ud83d\udfe5 <b>ES UN CHOLL\u00d3N<\/b> \ud83d\udfe5 #Publicidad #Amazon #16<\/p>\n<p>\ud83d\udd34 <b>Snack Conos <\/b><\/p>\n<p>\u2705 <b>AHORA 1.09 \u20ac<\/b> \u2714\ufe0f\ud83d\udfe1<\/p>\n<p>\u274c Antes 1.50 \u20ac<\/p>\n<p>\ud83d\uded2: <a href=\"https:\/\/btz.es\/5fjqeH1\" target=\"_blank\" rel=\"nofollow noopener\">https:\/\/btz.es\/5fjqeH1<\/a><\/p>\n<p>Disfruta de Bugles Cones, un snack crujiente y delicioso que combina sabor y textura \u00fanicos. Ideales para cualquier ocasi\u00f3n, estos conos de ma\u00edz son perfectos para dipear o disfrutar solos. Su presentaci\u00f3n atractiva y sabor irresistible los convierten en la opci\u00f3n favorita para los amantes de los aperitivos. Marca Bugles, garant\u00eda de calidad y sabor excepcional.<\/p>\n<\/p><\/div>\n","protected":false},"excerpt":{"rendered":"<p>\ud83d\udfe5 ES UN CHOLL\u00d3N \ud83d\udfe5 #Publicidad #Amazon #16 \ud83d\udd34 Snack Conos \u2705 AHORA 1.09 \u20ac \u2714\ufe0f\ud83d\udfe1 \u274c Antes 1.50 \u20ac \ud83d\uded2: https:\/\/btz.es\/5fjqeH1 Disfruta de Bugles Cones, un snack crujiente y delicioso que combina sabor y textura \u00fanicos. Ideales para cualquier ocasi\u00f3n, estos conos de ma\u00edz son perfectos para dipear o disfrutar solos. Su presentaci\u00f3n atractiva [&hellip;]<\/p>\n","protected":false},"featured_media":10175,"template":"","meta":{"_gspb_post_css":""},"store":[],"product_brand":[],"product_cat":[16],"product_tag":[],"class_list":{"0":"post-10176","1":"product","2":"type-product","3":"status-publish","4":"has-post-thumbnail","6":"product_cat-sin-categorizar","8":"first","9":"instock","10":"sale","11":"shipping-taxable","12":"product-type-external"},"jetpack_sharing_enabled":true,"_links":{"self":[{"href":"https:\/\/ofertacular.com\/index.php\/wp-json\/wp\/v2\/product\/10176","targetHints":{"allow":["GET"]}}],"collection":[{"href":"https:\/\/ofertacular.com\/index.php\/wp-json\/wp\/v2\/product"}],"about":[{"href":"https:\/\/ofertacular.com\/index.php\/wp-json\/wp\/v2\/types\/product"}],"wp:featuredmedia":[{"embeddable":true,"href":"https:\/\/ofertacular.com\/index.php\/wp-json\/wp\/v2\/media\/10175"}],"wp:attachment":[{"href":"https:\/\/ofertacular.com\/index.php\/wp-json\/wp\/v2\/media?parent=10176"}],"wp:term":[{"taxonomy":"store","embeddable":true,"href":"https:\/\/ofertacular.com\/index.php\/wp-json\/wp\/v2\/store?post=10176"},{"taxonomy":"product_brand","embeddable":true,"href":"https:\/\/ofertacular.com\/index.php\/wp-json\/wp\/v2\/product_brand?post=10176"},{"taxonomy":"product_cat","embeddable":true,"href":"https:\/\/ofertacular.com\/index.php\/wp-json\/wp\/v2\/product_cat?post=10176"},{"taxonomy":"product_tag","embeddable":true,"href":"https:\/\/ofertacular.com\/index.php\/wp-json\/wp\/v2\/product_tag?post=10176"}],"curies":[{"name":"wp","href":"https:\/\/api.w.org\/{rel}","templated":true}]}}