{"id":10204,"date":"2025-12-14T09:02:15","date_gmt":"2025-12-14T08:02:15","guid":{"rendered":"https:\/\/ofertacular.com\/index.php\/producto\/barbie-80th-anniversary\/"},"modified":"2025-12-14T09:02:15","modified_gmt":"2025-12-14T08:02:15","slug":"barbie-80th-anniversary","status":"publish","type":"product","link":"https:\/\/ofertacular.com\/index.php\/producto\/barbie-80th-anniversary\/","title":{"rendered":"Barbie 80th Anniversary"},"content":{"rendered":"<div class=\"oferta-container\">\n<p>\ud83d\udfe5 <b>\u00a1GANGAZO!<\/b> \ud83d\udfe5 #Publicidad #Amazon #16<\/p>\n<p>\ud83d\udd34 <b>Barbie 80th <\/b><\/p>\n<p>\u2705 <b>AHORA 8.99 \u20ac<\/b> \u2714\ufe0f\ud83d\udfe1<\/p>\n<p>\u274c Antes 14.99 \u20ac<\/p>\n<p>\ud83d\uded2: <a href=\"https:\/\/btz.es\/5fve1Jx\" target=\"_blank\" rel=\"nofollow noopener\">https:\/\/btz.es\/5fve1Jx<\/a><\/p>\n<p>Celebra el 80\u00ba aniversario con la ic\u00f3nica Barbie, una mu\u00f1eca que ha inspirado a generaciones. Esta edici\u00f3n especial ofrece detalles exclusivos que capturan la esencia de Barbie a lo largo de las d\u00e9cadas, perfecta para coleccionistas y fans. Adquiere ahora esta joya de Mattel, dise\u00f1ada para destacar y ofrecer una experiencia \u00fanica y memorable.<\/p>\n<\/p><\/div>\n","protected":false},"excerpt":{"rendered":"<p>\ud83d\udfe5 \u00a1GANGAZO! \ud83d\udfe5 #Publicidad #Amazon #16 \ud83d\udd34 Barbie 80th \u2705 AHORA 8.99 \u20ac \u2714\ufe0f\ud83d\udfe1 \u274c Antes 14.99 \u20ac \ud83d\uded2: https:\/\/btz.es\/5fve1Jx Celebra el 80\u00ba aniversario con la ic\u00f3nica Barbie, una mu\u00f1eca que ha inspirado a generaciones. Esta edici\u00f3n especial ofrece detalles exclusivos que capturan la esencia de Barbie a lo largo de las d\u00e9cadas, perfecta para [&hellip;]<\/p>\n","protected":false},"featured_media":10203,"template":"","meta":{"_gspb_post_css":""},"store":[],"product_brand":[],"product_cat":[16],"product_tag":[],"class_list":{"0":"post-10204","1":"product","2":"type-product","3":"status-publish","4":"has-post-thumbnail","6":"product_cat-sin-categorizar","8":"first","9":"instock","10":"sale","11":"shipping-taxable","12":"product-type-external"},"jetpack_sharing_enabled":true,"_links":{"self":[{"href":"https:\/\/ofertacular.com\/index.php\/wp-json\/wp\/v2\/product\/10204","targetHints":{"allow":["GET"]}}],"collection":[{"href":"https:\/\/ofertacular.com\/index.php\/wp-json\/wp\/v2\/product"}],"about":[{"href":"https:\/\/ofertacular.com\/index.php\/wp-json\/wp\/v2\/types\/product"}],"wp:featuredmedia":[{"embeddable":true,"href":"https:\/\/ofertacular.com\/index.php\/wp-json\/wp\/v2\/media\/10203"}],"wp:attachment":[{"href":"https:\/\/ofertacular.com\/index.php\/wp-json\/wp\/v2\/media?parent=10204"}],"wp:term":[{"taxonomy":"store","embeddable":true,"href":"https:\/\/ofertacular.com\/index.php\/wp-json\/wp\/v2\/store?post=10204"},{"taxonomy":"product_brand","embeddable":true,"href":"https:\/\/ofertacular.com\/index.php\/wp-json\/wp\/v2\/product_brand?post=10204"},{"taxonomy":"product_cat","embeddable":true,"href":"https:\/\/ofertacular.com\/index.php\/wp-json\/wp\/v2\/product_cat?post=10204"},{"taxonomy":"product_tag","embeddable":true,"href":"https:\/\/ofertacular.com\/index.php\/wp-json\/wp\/v2\/product_tag?post=10204"}],"curies":[{"name":"wp","href":"https:\/\/api.w.org\/{rel}","templated":true}]}}