{"id":10300,"date":"2025-12-17T11:04:17","date_gmt":"2025-12-17T10:04:17","guid":{"rendered":"https:\/\/ofertacular.com\/index.php\/producto\/amazon-basics-lock\/"},"modified":"2025-12-17T11:04:17","modified_gmt":"2025-12-17T10:04:17","slug":"amazon-basics-lock","status":"publish","type":"product","link":"https:\/\/ofertacular.com\/index.php\/producto\/amazon-basics-lock\/","title":{"rendered":"Amazon Basics Lock"},"content":{"rendered":"<div class=\"oferta-container\">\n<p>\ud83d\udfe5 <b>CHOLLAZO<\/b> \ud83d\udfe5 #Publicidad #Amazon #16<\/p>\n<p>\ud83d\udd34 <b>Candado Amazon <\/b><\/p>\n<p>\u2705 <b>AHORA 7.76 \u20ac<\/b> \u2714\ufe0f\ud83d\udfe1<\/p>\n<p>\u274c Antes 8.99 \u20ac<\/p>\n<p>\ud83d\uded2: <a href=\"https:\/\/btz.es\/5fDgKib\" target=\"_blank\" rel=\"nofollow noopener\">https:\/\/btz.es\/5fDgKib<\/a><\/p>\n<p>Descubre el Candado Amazon Basics, la soluci\u00f3n perfecta para asegurar tus pertenencias con m\u00e1xima fiabilidad y calidad. Fabricado por Amazon Basics, este candado ofrece durabilidad y resistencia, ideal para uso diario en mochilas, casilleros o maletas. Su dise\u00f1o robusto y f\u00e1cil de usar garantiza la protecci\u00f3n que necesitas. Mejora tu seguridad con un producto Amazon confiable y econ\u00f3mico.<\/p>\n<\/p><\/div>\n","protected":false},"excerpt":{"rendered":"<p>\ud83d\udfe5 CHOLLAZO \ud83d\udfe5 #Publicidad #Amazon #16 \ud83d\udd34 Candado Amazon \u2705 AHORA 7.76 \u20ac \u2714\ufe0f\ud83d\udfe1 \u274c Antes 8.99 \u20ac \ud83d\uded2: https:\/\/btz.es\/5fDgKib Descubre el Candado Amazon Basics, la soluci\u00f3n perfecta para asegurar tus pertenencias con m\u00e1xima fiabilidad y calidad. Fabricado por Amazon Basics, este candado ofrece durabilidad y resistencia, ideal para uso diario en mochilas, casilleros o [&hellip;]<\/p>\n","protected":false},"featured_media":10299,"template":"","meta":{"_gspb_post_css":""},"store":[],"product_brand":[],"product_cat":[16],"product_tag":[],"class_list":{"0":"post-10300","1":"product","2":"type-product","3":"status-publish","4":"has-post-thumbnail","6":"product_cat-sin-categorizar","8":"first","9":"instock","10":"sale","11":"shipping-taxable","12":"product-type-external"},"jetpack_sharing_enabled":true,"_links":{"self":[{"href":"https:\/\/ofertacular.com\/index.php\/wp-json\/wp\/v2\/product\/10300","targetHints":{"allow":["GET"]}}],"collection":[{"href":"https:\/\/ofertacular.com\/index.php\/wp-json\/wp\/v2\/product"}],"about":[{"href":"https:\/\/ofertacular.com\/index.php\/wp-json\/wp\/v2\/types\/product"}],"wp:featuredmedia":[{"embeddable":true,"href":"https:\/\/ofertacular.com\/index.php\/wp-json\/wp\/v2\/media\/10299"}],"wp:attachment":[{"href":"https:\/\/ofertacular.com\/index.php\/wp-json\/wp\/v2\/media?parent=10300"}],"wp:term":[{"taxonomy":"store","embeddable":true,"href":"https:\/\/ofertacular.com\/index.php\/wp-json\/wp\/v2\/store?post=10300"},{"taxonomy":"product_brand","embeddable":true,"href":"https:\/\/ofertacular.com\/index.php\/wp-json\/wp\/v2\/product_brand?post=10300"},{"taxonomy":"product_cat","embeddable":true,"href":"https:\/\/ofertacular.com\/index.php\/wp-json\/wp\/v2\/product_cat?post=10300"},{"taxonomy":"product_tag","embeddable":true,"href":"https:\/\/ofertacular.com\/index.php\/wp-json\/wp\/v2\/product_tag?post=10300"}],"curies":[{"name":"wp","href":"https:\/\/api.w.org\/{rel}","templated":true}]}}