{"id":10356,"date":"2025-12-20T08:31:26","date_gmt":"2025-12-20T07:31:26","guid":{"rendered":"https:\/\/ofertacular.com\/index.php\/producto\/nike-downshifter-4\/"},"modified":"2025-12-20T08:31:26","modified_gmt":"2025-12-20T07:31:26","slug":"nike-downshifter-4","status":"publish","type":"product","link":"https:\/\/ofertacular.com\/index.php\/producto\/nike-downshifter-4\/","title":{"rendered":"NIKE Downshifter"},"content":{"rendered":"<div class=\"oferta-container\">\n<p>\ud83d\udfe5 <b>INCRE\u00cdBLE<\/b> \ud83d\udfe5 #Publicidad #Amazon #16<\/p>\n<p>\ud83d\udd34 <b>Zapatillas running <\/b><\/p>\n<p>\u2705 <b>AHORA 41.95 \u20ac<\/b> \u2714\ufe0f\ud83d\udfe1<\/p>\n<p>\u274c Antes 69.99 \u20ac<\/p>\n<p>\ud83d\uded2: <a href=\"https:\/\/btz.es\/5fUbQ0H\" target=\"_blank\" rel=\"nofollow noopener\">https:\/\/btz.es\/5fUbQ0H<\/a><\/p>\n<p>Descubre las Zapatillas Running Downshifter de NIKE, dise\u00f1adas para ofrecerte comodidad excepcional y rendimiento \u00f3ptimo en cada paso. Fabricadas con materiales de alta calidad, estas zapatillas proporcionan una amortiguaci\u00f3n ligera y una sujeci\u00f3n segura, ideales para corredores principiantes y experimentados. Su dise\u00f1o moderno y transpirable favorece la ventilaci\u00f3n, manteniendo tus pies frescos durante toda la actividad. Mejora tu experiencia deportiva con las Downshifter de NIKE, perfectas para entrenamientos diarios y carreras de cualquier distancia.<\/p>\n<\/p><\/div>\n","protected":false},"excerpt":{"rendered":"<p>\ud83d\udfe5 INCRE\u00cdBLE \ud83d\udfe5 #Publicidad #Amazon #16 \ud83d\udd34 Zapatillas running \u2705 AHORA 41.95 \u20ac \u2714\ufe0f\ud83d\udfe1 \u274c Antes 69.99 \u20ac \ud83d\uded2: https:\/\/btz.es\/5fUbQ0H Descubre las Zapatillas Running Downshifter de NIKE, dise\u00f1adas para ofrecerte comodidad excepcional y rendimiento \u00f3ptimo en cada paso. Fabricadas con materiales de alta calidad, estas zapatillas proporcionan una amortiguaci\u00f3n ligera y una sujeci\u00f3n segura, ideales [&hellip;]<\/p>\n","protected":false},"featured_media":10355,"template":"","meta":{"_gspb_post_css":""},"store":[],"product_brand":[],"product_cat":[16],"product_tag":[],"class_list":{"0":"post-10356","1":"product","2":"type-product","3":"status-publish","4":"has-post-thumbnail","6":"product_cat-sin-categorizar","8":"first","9":"instock","10":"sale","11":"shipping-taxable","12":"product-type-external"},"jetpack_sharing_enabled":true,"_links":{"self":[{"href":"https:\/\/ofertacular.com\/index.php\/wp-json\/wp\/v2\/product\/10356","targetHints":{"allow":["GET"]}}],"collection":[{"href":"https:\/\/ofertacular.com\/index.php\/wp-json\/wp\/v2\/product"}],"about":[{"href":"https:\/\/ofertacular.com\/index.php\/wp-json\/wp\/v2\/types\/product"}],"wp:featuredmedia":[{"embeddable":true,"href":"https:\/\/ofertacular.com\/index.php\/wp-json\/wp\/v2\/media\/10355"}],"wp:attachment":[{"href":"https:\/\/ofertacular.com\/index.php\/wp-json\/wp\/v2\/media?parent=10356"}],"wp:term":[{"taxonomy":"store","embeddable":true,"href":"https:\/\/ofertacular.com\/index.php\/wp-json\/wp\/v2\/store?post=10356"},{"taxonomy":"product_brand","embeddable":true,"href":"https:\/\/ofertacular.com\/index.php\/wp-json\/wp\/v2\/product_brand?post=10356"},{"taxonomy":"product_cat","embeddable":true,"href":"https:\/\/ofertacular.com\/index.php\/wp-json\/wp\/v2\/product_cat?post=10356"},{"taxonomy":"product_tag","embeddable":true,"href":"https:\/\/ofertacular.com\/index.php\/wp-json\/wp\/v2\/product_tag?post=10356"}],"curies":[{"name":"wp","href":"https:\/\/api.w.org\/{rel}","templated":true}]}}