{"id":10382,"date":"2025-12-20T09:43:56","date_gmt":"2025-12-20T08:43:56","guid":{"rendered":"https:\/\/ofertacular.com\/index.php\/producto\/stabilo-marker\/"},"modified":"2025-12-20T09:43:56","modified_gmt":"2025-12-20T08:43:56","slug":"stabilo-marker","status":"publish","type":"product","link":"https:\/\/ofertacular.com\/index.php\/producto\/stabilo-marker\/","title":{"rendered":"STABILO Marker"},"content":{"rendered":"<div class=\"oferta-container\">\n<p>\ud83d\udfe5 <b>\u00a1S\u00d3LO HOY!<\/b> \ud83d\udfe5 #Publicidad #Amazon #16<\/p>\n<p>\ud83d\udd34 <b>Marcador STABILO <\/b><\/p>\n<p>\u2705 <b>AHORA 7.55 \u20ac<\/b> \u2714\ufe0f\ud83d\udfe1<\/p>\n<p>\u274c Antes 11.10 \u20ac<\/p>\n<p>\ud83d\uded2: <a href=\"https:\/\/btz.es\/5fUufXE\" target=\"_blank\" rel=\"nofollow noopener\">https:\/\/btz.es\/5fUufXE<\/a><\/p>\n<p>Descubre el marcador STABILO, ideal para resaltar tus textos con colores vibrantes y tinta de alta calidad que garantiza una escritura suave y duradera. Perfecto para estudiantes y profesionales que buscan precisi\u00f3n y comodidad en la escritura. Compra ahora y mejora tu organizaci\u00f3n y estudio con STABILO, l\u00edder en papeler\u00eda de alta gama.<\/p>\n<\/p><\/div>\n","protected":false},"excerpt":{"rendered":"<p>\ud83d\udfe5 \u00a1S\u00d3LO HOY! \ud83d\udfe5 #Publicidad #Amazon #16 \ud83d\udd34 Marcador STABILO \u2705 AHORA 7.55 \u20ac \u2714\ufe0f\ud83d\udfe1 \u274c Antes 11.10 \u20ac \ud83d\uded2: https:\/\/btz.es\/5fUufXE Descubre el marcador STABILO, ideal para resaltar tus textos con colores vibrantes y tinta de alta calidad que garantiza una escritura suave y duradera. Perfecto para estudiantes y profesionales que buscan precisi\u00f3n y comodidad [&hellip;]<\/p>\n","protected":false},"featured_media":10381,"template":"","meta":{"_gspb_post_css":""},"store":[],"product_brand":[],"product_cat":[16],"product_tag":[],"class_list":{"0":"post-10382","1":"product","2":"type-product","3":"status-publish","4":"has-post-thumbnail","6":"product_cat-sin-categorizar","8":"first","9":"instock","10":"sale","11":"shipping-taxable","12":"product-type-external"},"jetpack_sharing_enabled":true,"_links":{"self":[{"href":"https:\/\/ofertacular.com\/index.php\/wp-json\/wp\/v2\/product\/10382","targetHints":{"allow":["GET"]}}],"collection":[{"href":"https:\/\/ofertacular.com\/index.php\/wp-json\/wp\/v2\/product"}],"about":[{"href":"https:\/\/ofertacular.com\/index.php\/wp-json\/wp\/v2\/types\/product"}],"wp:featuredmedia":[{"embeddable":true,"href":"https:\/\/ofertacular.com\/index.php\/wp-json\/wp\/v2\/media\/10381"}],"wp:attachment":[{"href":"https:\/\/ofertacular.com\/index.php\/wp-json\/wp\/v2\/media?parent=10382"}],"wp:term":[{"taxonomy":"store","embeddable":true,"href":"https:\/\/ofertacular.com\/index.php\/wp-json\/wp\/v2\/store?post=10382"},{"taxonomy":"product_brand","embeddable":true,"href":"https:\/\/ofertacular.com\/index.php\/wp-json\/wp\/v2\/product_brand?post=10382"},{"taxonomy":"product_cat","embeddable":true,"href":"https:\/\/ofertacular.com\/index.php\/wp-json\/wp\/v2\/product_cat?post=10382"},{"taxonomy":"product_tag","embeddable":true,"href":"https:\/\/ofertacular.com\/index.php\/wp-json\/wp\/v2\/product_tag?post=10382"}],"curies":[{"name":"wp","href":"https:\/\/api.w.org\/{rel}","templated":true}]}}