{"id":10414,"date":"2025-12-22T10:59:52","date_gmt":"2025-12-22T09:59:52","guid":{"rendered":"https:\/\/ofertacular.com\/index.php\/producto\/chaqueta-bomber\/"},"modified":"2025-12-22T10:59:52","modified_gmt":"2025-12-22T09:59:52","slug":"chaqueta-bomber","status":"publish","type":"product","link":"https:\/\/ofertacular.com\/index.php\/producto\/chaqueta-bomber\/","title":{"rendered":"Chaqueta Bomber"},"content":{"rendered":"<div class=\"oferta-container\">\n<p>\ud83d\udfe5 <b>\u00a1OFERT\u00d3N!<\/b> \ud83d\udfe5 #Publicidad #Amazon #16<\/p>\n<p>\ud83d\udd34 <b>Chaqueta Bomber <\/b><\/p>\n<p>\u2705 <b>AHORA 6.88 \u20ac<\/b> \u2714\ufe0f\ud83d\udfe1<\/p>\n<p>\u274c Antes <\/p>\n<p>\ud83d\uded2: <a href=\"https:\/\/btz.es\/5ggupQx\" target=\"_blank\" rel=\"nofollow noopener\">https:\/\/btz.es\/5ggupQx<\/a><\/p>\n<p>Descubre la chaqueta bomber perfecta que combina estilo y comodidad para cualquier ocasi\u00f3n. Fabricada con materiales de alta calidad, ofrece un ajuste moderno y resistencia para el uso diario. Ideal para complementar tu outfit con un toque urbano y elegante. No pierdas la oportunidad de lucir moderno y protegerte del fr\u00edo con esta chaqueta de dise\u00f1o vers\u00e1til y atemporal.<\/p>\n<\/p><\/div>\n","protected":false},"excerpt":{"rendered":"<p>\ud83d\udfe5 \u00a1OFERT\u00d3N! \ud83d\udfe5 #Publicidad #Amazon #16 \ud83d\udd34 Chaqueta Bomber \u2705 AHORA 6.88 \u20ac \u2714\ufe0f\ud83d\udfe1 \u274c Antes \ud83d\uded2: https:\/\/btz.es\/5ggupQx Descubre la chaqueta bomber perfecta que combina estilo y comodidad para cualquier ocasi\u00f3n. Fabricada con materiales de alta calidad, ofrece un ajuste moderno y resistencia para el uso diario. Ideal para complementar tu outfit con un toque [&hellip;]<\/p>\n","protected":false},"featured_media":10413,"template":"","meta":{"_gspb_post_css":""},"store":[],"product_brand":[],"product_cat":[16],"product_tag":[],"class_list":{"0":"post-10414","1":"product","2":"type-product","3":"status-publish","4":"has-post-thumbnail","6":"product_cat-sin-categorizar","8":"first","9":"instock","10":"shipping-taxable","11":"product-type-external"},"jetpack_sharing_enabled":true,"_links":{"self":[{"href":"https:\/\/ofertacular.com\/index.php\/wp-json\/wp\/v2\/product\/10414","targetHints":{"allow":["GET"]}}],"collection":[{"href":"https:\/\/ofertacular.com\/index.php\/wp-json\/wp\/v2\/product"}],"about":[{"href":"https:\/\/ofertacular.com\/index.php\/wp-json\/wp\/v2\/types\/product"}],"wp:featuredmedia":[{"embeddable":true,"href":"https:\/\/ofertacular.com\/index.php\/wp-json\/wp\/v2\/media\/10413"}],"wp:attachment":[{"href":"https:\/\/ofertacular.com\/index.php\/wp-json\/wp\/v2\/media?parent=10414"}],"wp:term":[{"taxonomy":"store","embeddable":true,"href":"https:\/\/ofertacular.com\/index.php\/wp-json\/wp\/v2\/store?post=10414"},{"taxonomy":"product_brand","embeddable":true,"href":"https:\/\/ofertacular.com\/index.php\/wp-json\/wp\/v2\/product_brand?post=10414"},{"taxonomy":"product_cat","embeddable":true,"href":"https:\/\/ofertacular.com\/index.php\/wp-json\/wp\/v2\/product_cat?post=10414"},{"taxonomy":"product_tag","embeddable":true,"href":"https:\/\/ofertacular.com\/index.php\/wp-json\/wp\/v2\/product_tag?post=10414"}],"curies":[{"name":"wp","href":"https:\/\/api.w.org\/{rel}","templated":true}]}}