{"id":10426,"date":"2025-12-23T07:36:54","date_gmt":"2025-12-23T06:36:54","guid":{"rendered":"https:\/\/ofertacular.com\/index.php\/producto\/playstation-5-6\/"},"modified":"2025-12-23T07:36:54","modified_gmt":"2025-12-23T06:36:54","slug":"playstation-5-6","status":"publish","type":"product","link":"https:\/\/ofertacular.com\/index.php\/producto\/playstation-5-6\/","title":{"rendered":"PlayStation 5"},"content":{"rendered":"<div class=\"oferta-container\">\n<p>\ud83d\udfe5 <b>\u00a1OFERTA ESPECIAL!<\/b> \ud83d\udfe5 #Publicidad #Amazon #16<\/p>\n<p>\ud83d\udd34 <b>Consola PlayStation <\/b><\/p>\n<p>\u2705 <b>AHORA 499 \u20ac<\/b> \u2714\ufe0f\ud83d\udfe1<\/p>\n<p>\u274c Antes 599.99 \u20ac<\/p>\n<p>\ud83d\uded2: <a href=\"https:\/\/btz.es\/5glvGUa\" target=\"_blank\" rel=\"nofollow noopener\">https:\/\/btz.es\/5glvGUa<\/a><\/p>\n<p>Experimenta juegos de \u00faltima generaci\u00f3n con la consola PlayStation 5, dise\u00f1ada para ofrecer gr\u00e1ficos ultra realistas y una velocidad de carga excepcional. Disfruta de una biblioteca extensa de juegos exclusivos y funciones avanzadas que transforman la experiencia de entretenimiento. Ideal para gamers que buscan innovaci\u00f3n y rendimiento superior.<\/p>\n<\/p><\/div>\n","protected":false},"excerpt":{"rendered":"<p>\ud83d\udfe5 \u00a1OFERTA ESPECIAL! \ud83d\udfe5 #Publicidad #Amazon #16 \ud83d\udd34 Consola PlayStation \u2705 AHORA 499 \u20ac \u2714\ufe0f\ud83d\udfe1 \u274c Antes 599.99 \u20ac \ud83d\uded2: https:\/\/btz.es\/5glvGUa Experimenta juegos de \u00faltima generaci\u00f3n con la consola PlayStation 5, dise\u00f1ada para ofrecer gr\u00e1ficos ultra realistas y una velocidad de carga excepcional. Disfruta de una biblioteca extensa de juegos exclusivos y funciones avanzadas que [&hellip;]<\/p>\n","protected":false},"featured_media":10425,"template":"","meta":{"_gspb_post_css":""},"store":[],"product_brand":[],"product_cat":[16],"product_tag":[],"class_list":{"0":"post-10426","1":"product","2":"type-product","3":"status-publish","4":"has-post-thumbnail","6":"product_cat-sin-categorizar","8":"first","9":"instock","10":"sale","11":"shipping-taxable","12":"product-type-external"},"jetpack_sharing_enabled":true,"_links":{"self":[{"href":"https:\/\/ofertacular.com\/index.php\/wp-json\/wp\/v2\/product\/10426","targetHints":{"allow":["GET"]}}],"collection":[{"href":"https:\/\/ofertacular.com\/index.php\/wp-json\/wp\/v2\/product"}],"about":[{"href":"https:\/\/ofertacular.com\/index.php\/wp-json\/wp\/v2\/types\/product"}],"wp:featuredmedia":[{"embeddable":true,"href":"https:\/\/ofertacular.com\/index.php\/wp-json\/wp\/v2\/media\/10425"}],"wp:attachment":[{"href":"https:\/\/ofertacular.com\/index.php\/wp-json\/wp\/v2\/media?parent=10426"}],"wp:term":[{"taxonomy":"store","embeddable":true,"href":"https:\/\/ofertacular.com\/index.php\/wp-json\/wp\/v2\/store?post=10426"},{"taxonomy":"product_brand","embeddable":true,"href":"https:\/\/ofertacular.com\/index.php\/wp-json\/wp\/v2\/product_brand?post=10426"},{"taxonomy":"product_cat","embeddable":true,"href":"https:\/\/ofertacular.com\/index.php\/wp-json\/wp\/v2\/product_cat?post=10426"},{"taxonomy":"product_tag","embeddable":true,"href":"https:\/\/ofertacular.com\/index.php\/wp-json\/wp\/v2\/product_tag?post=10426"}],"curies":[{"name":"wp","href":"https:\/\/api.w.org\/{rel}","templated":true}]}}