{"id":10472,"date":"2025-12-24T10:15:17","date_gmt":"2025-12-24T09:15:17","guid":{"rendered":"https:\/\/ofertacular.com\/index.php\/producto\/gillette-gel-2\/"},"modified":"2025-12-24T10:15:17","modified_gmt":"2025-12-24T09:15:17","slug":"gillette-gel-2","status":"publish","type":"product","link":"https:\/\/ofertacular.com\/index.php\/producto\/gillette-gel-2\/","title":{"rendered":"Gillette Gel"},"content":{"rendered":"<div class=\"oferta-container\">\n<p>\ud83d\udfe5 <b>AHORRA AQU\u00cd<\/b> \ud83d\udfe5 #Publicidad #Amazon #16<\/p>\n<p>\ud83d\udd34 <b>Gel Afeitado <\/b><\/p>\n<p>\u2705 <b>AHORA 13.99 \u20ac<\/b> \u2714\ufe0f\ud83d\udfe1<\/p>\n<p>\u274c Antes 19.74 \u20ac<\/p>\n<p>\ud83d\uded2: <a href=\"https:\/\/btz.es\/5grQfA0\" target=\"_blank\" rel=\"nofollow noopener\">https:\/\/btz.es\/5grQfA0<\/a><\/p>\n<p>Gillette Gel de afeitado para una experiencia suave y c\u00f3moda. Formulado para preparar la piel y protegerla durante el afeitado, reduce irritaciones y deja una sensaci\u00f3n fresca. Ideal para todo tipo de piel, asegura un deslizamiento \u00f3ptimo de la cuchilla y un acabado limpio. Producto esencial para el cuidado personal masculino, recomendado para un afeitado profesional y sin cortes.<\/p>\n<\/p><\/div>\n","protected":false},"excerpt":{"rendered":"<p>\ud83d\udfe5 AHORRA AQU\u00cd \ud83d\udfe5 #Publicidad #Amazon #16 \ud83d\udd34 Gel Afeitado \u2705 AHORA 13.99 \u20ac \u2714\ufe0f\ud83d\udfe1 \u274c Antes 19.74 \u20ac \ud83d\uded2: https:\/\/btz.es\/5grQfA0 Gillette Gel de afeitado para una experiencia suave y c\u00f3moda. Formulado para preparar la piel y protegerla durante el afeitado, reduce irritaciones y deja una sensaci\u00f3n fresca. Ideal para todo tipo de piel, asegura [&hellip;]<\/p>\n","protected":false},"featured_media":10471,"template":"","meta":{"_gspb_post_css":""},"store":[],"product_brand":[],"product_cat":[16],"product_tag":[],"class_list":{"0":"post-10472","1":"product","2":"type-product","3":"status-publish","4":"has-post-thumbnail","6":"product_cat-sin-categorizar","8":"first","9":"instock","10":"sale","11":"shipping-taxable","12":"product-type-external"},"jetpack_sharing_enabled":true,"_links":{"self":[{"href":"https:\/\/ofertacular.com\/index.php\/wp-json\/wp\/v2\/product\/10472","targetHints":{"allow":["GET"]}}],"collection":[{"href":"https:\/\/ofertacular.com\/index.php\/wp-json\/wp\/v2\/product"}],"about":[{"href":"https:\/\/ofertacular.com\/index.php\/wp-json\/wp\/v2\/types\/product"}],"wp:featuredmedia":[{"embeddable":true,"href":"https:\/\/ofertacular.com\/index.php\/wp-json\/wp\/v2\/media\/10471"}],"wp:attachment":[{"href":"https:\/\/ofertacular.com\/index.php\/wp-json\/wp\/v2\/media?parent=10472"}],"wp:term":[{"taxonomy":"store","embeddable":true,"href":"https:\/\/ofertacular.com\/index.php\/wp-json\/wp\/v2\/store?post=10472"},{"taxonomy":"product_brand","embeddable":true,"href":"https:\/\/ofertacular.com\/index.php\/wp-json\/wp\/v2\/product_brand?post=10472"},{"taxonomy":"product_cat","embeddable":true,"href":"https:\/\/ofertacular.com\/index.php\/wp-json\/wp\/v2\/product_cat?post=10472"},{"taxonomy":"product_tag","embeddable":true,"href":"https:\/\/ofertacular.com\/index.php\/wp-json\/wp\/v2\/product_tag?post=10472"}],"curies":[{"name":"wp","href":"https:\/\/api.w.org\/{rel}","templated":true}]}}