{"id":10508,"date":"2025-12-27T11:54:27","date_gmt":"2025-12-27T10:54:27","guid":{"rendered":"https:\/\/ofertacular.com\/index.php\/producto\/babaria-deodorant-roll-on\/"},"modified":"2025-12-27T11:54:27","modified_gmt":"2025-12-27T10:54:27","slug":"babaria-deodorant-roll-on","status":"publish","type":"product","link":"https:\/\/ofertacular.com\/index.php\/producto\/babaria-deodorant-roll-on\/","title":{"rendered":"Babaria Deodorant Roll-On"},"content":{"rendered":"<div class=\"oferta-container\">\n<p>\ud83d\udfe5 <b>EXCLUSIVO<\/b> \ud83d\udfe5 #Publicidad #Amazon #16<\/p>\n<p>\ud83d\udd34 <b>Desodorante Roll-On <\/b><\/p>\n<p>\u2705 <b>AHORA 3 \u20ac<\/b> \u2714\ufe0f\ud83d\udfe1<\/p>\n<p>\u274c Antes 4.17 \u20ac<\/p>\n<p>\ud83d\uded2: <a href=\"https:\/\/btz.es\/5g9MDde\" target=\"_blank\" rel=\"nofollow noopener\">https:\/\/btz.es\/5g9MDde<\/a><\/p>\n<p>Descubre la eficacia y frescura del Desodorante Roll-On Babaria, dise\u00f1ado para ofrecer una protecci\u00f3n duradera contra el mal olor y la humedad. Su f\u00f3rmula suave cuida tu piel mientras te mantiene fresco todo el d\u00eda. Ideal para el uso diario, este desodorante es el complemento perfecto para tu rutina de higiene personal. Babaria, calidad y confianza en cada aplicaci\u00f3n.<\/p>\n<\/p><\/div>\n","protected":false},"excerpt":{"rendered":"<p>\ud83d\udfe5 EXCLUSIVO \ud83d\udfe5 #Publicidad #Amazon #16 \ud83d\udd34 Desodorante Roll-On \u2705 AHORA 3 \u20ac \u2714\ufe0f\ud83d\udfe1 \u274c Antes 4.17 \u20ac \ud83d\uded2: https:\/\/btz.es\/5g9MDde Descubre la eficacia y frescura del Desodorante Roll-On Babaria, dise\u00f1ado para ofrecer una protecci\u00f3n duradera contra el mal olor y la humedad. Su f\u00f3rmula suave cuida tu piel mientras te mantiene fresco todo el d\u00eda. [&hellip;]<\/p>\n","protected":false},"featured_media":10507,"template":"","meta":{"_gspb_post_css":""},"store":[],"product_brand":[],"product_cat":[16],"product_tag":[],"class_list":{"0":"post-10508","1":"product","2":"type-product","3":"status-publish","4":"has-post-thumbnail","6":"product_cat-sin-categorizar","8":"first","9":"instock","10":"sale","11":"shipping-taxable","12":"product-type-external"},"jetpack_sharing_enabled":true,"_links":{"self":[{"href":"https:\/\/ofertacular.com\/index.php\/wp-json\/wp\/v2\/product\/10508","targetHints":{"allow":["GET"]}}],"collection":[{"href":"https:\/\/ofertacular.com\/index.php\/wp-json\/wp\/v2\/product"}],"about":[{"href":"https:\/\/ofertacular.com\/index.php\/wp-json\/wp\/v2\/types\/product"}],"wp:featuredmedia":[{"embeddable":true,"href":"https:\/\/ofertacular.com\/index.php\/wp-json\/wp\/v2\/media\/10507"}],"wp:attachment":[{"href":"https:\/\/ofertacular.com\/index.php\/wp-json\/wp\/v2\/media?parent=10508"}],"wp:term":[{"taxonomy":"store","embeddable":true,"href":"https:\/\/ofertacular.com\/index.php\/wp-json\/wp\/v2\/store?post=10508"},{"taxonomy":"product_brand","embeddable":true,"href":"https:\/\/ofertacular.com\/index.php\/wp-json\/wp\/v2\/product_brand?post=10508"},{"taxonomy":"product_cat","embeddable":true,"href":"https:\/\/ofertacular.com\/index.php\/wp-json\/wp\/v2\/product_cat?post=10508"},{"taxonomy":"product_tag","embeddable":true,"href":"https:\/\/ofertacular.com\/index.php\/wp-json\/wp\/v2\/product_tag?post=10508"}],"curies":[{"name":"wp","href":"https:\/\/api.w.org\/{rel}","templated":true}]}}