{"id":10526,"date":"2025-12-28T09:57:02","date_gmt":"2025-12-28T08:57:02","guid":{"rendered":"https:\/\/ofertacular.com\/index.php\/producto\/bosch-taladro\/"},"modified":"2025-12-28T09:57:02","modified_gmt":"2025-12-28T08:57:02","slug":"bosch-taladro","status":"publish","type":"product","link":"https:\/\/ofertacular.com\/index.php\/producto\/bosch-taladro\/","title":{"rendered":"Bosch Taladro"},"content":{"rendered":"<div class=\"oferta-container\">\n<p>\ud83d\udfe5 <b>GRAN OFERTA<\/b> \ud83d\udfe5 #Publicidad #Amazon #16<\/p>\n<p>\ud83d\udd34 <b>Taladro Bosch <\/b><\/p>\n<p>\u2705 <b>AHORA 84.99 \u20ac<\/b> \u2714\ufe0f\ud83d\udfe1<\/p>\n<p>\u274c Antes 149.99 \u20ac<\/p>\n<p>\ud83d\uded2: <a href=\"https:\/\/btz.es\/5gFjAUY\" target=\"_blank\" rel=\"nofollow noopener\">https:\/\/btz.es\/5gFjAUY<\/a><\/p>\n<p>Descubre la potencia y precisi\u00f3n del Taladro Bosch, la herramienta ideal para profesionales y aficionados. Con tecnolog\u00eda avanzada y dise\u00f1o ergon\u00f3mico, garantiza un rendimiento superior y durabilidad en cada proyecto. Optimizado para trabajos en madera, metal y concreto, este taladro es esencial para tu arsenal de herramientas. Compra ahora y eleva tu nivel de trabajo con Bosch.<\/p>\n<\/p><\/div>\n","protected":false},"excerpt":{"rendered":"<p>\ud83d\udfe5 GRAN OFERTA \ud83d\udfe5 #Publicidad #Amazon #16 \ud83d\udd34 Taladro Bosch \u2705 AHORA 84.99 \u20ac \u2714\ufe0f\ud83d\udfe1 \u274c Antes 149.99 \u20ac \ud83d\uded2: https:\/\/btz.es\/5gFjAUY Descubre la potencia y precisi\u00f3n del Taladro Bosch, la herramienta ideal para profesionales y aficionados. Con tecnolog\u00eda avanzada y dise\u00f1o ergon\u00f3mico, garantiza un rendimiento superior y durabilidad en cada proyecto. Optimizado para trabajos en [&hellip;]<\/p>\n","protected":false},"featured_media":10525,"template":"","meta":{"_gspb_post_css":""},"store":[],"product_brand":[],"product_cat":[16],"product_tag":[],"class_list":{"0":"post-10526","1":"product","2":"type-product","3":"status-publish","4":"has-post-thumbnail","6":"product_cat-sin-categorizar","8":"first","9":"instock","10":"sale","11":"shipping-taxable","12":"product-type-external"},"jetpack_sharing_enabled":true,"_links":{"self":[{"href":"https:\/\/ofertacular.com\/index.php\/wp-json\/wp\/v2\/product\/10526","targetHints":{"allow":["GET"]}}],"collection":[{"href":"https:\/\/ofertacular.com\/index.php\/wp-json\/wp\/v2\/product"}],"about":[{"href":"https:\/\/ofertacular.com\/index.php\/wp-json\/wp\/v2\/types\/product"}],"wp:featuredmedia":[{"embeddable":true,"href":"https:\/\/ofertacular.com\/index.php\/wp-json\/wp\/v2\/media\/10525"}],"wp:attachment":[{"href":"https:\/\/ofertacular.com\/index.php\/wp-json\/wp\/v2\/media?parent=10526"}],"wp:term":[{"taxonomy":"store","embeddable":true,"href":"https:\/\/ofertacular.com\/index.php\/wp-json\/wp\/v2\/store?post=10526"},{"taxonomy":"product_brand","embeddable":true,"href":"https:\/\/ofertacular.com\/index.php\/wp-json\/wp\/v2\/product_brand?post=10526"},{"taxonomy":"product_cat","embeddable":true,"href":"https:\/\/ofertacular.com\/index.php\/wp-json\/wp\/v2\/product_cat?post=10526"},{"taxonomy":"product_tag","embeddable":true,"href":"https:\/\/ofertacular.com\/index.php\/wp-json\/wp\/v2\/product_tag?post=10526"}],"curies":[{"name":"wp","href":"https:\/\/api.w.org\/{rel}","templated":true}]}}