{"id":10536,"date":"2025-12-28T10:22:15","date_gmt":"2025-12-28T09:22:15","guid":{"rendered":"https:\/\/ofertacular.com\/index.php\/producto\/essential-backpack\/"},"modified":"2025-12-28T10:22:15","modified_gmt":"2025-12-28T09:22:15","slug":"essential-backpack","status":"publish","type":"product","link":"https:\/\/ofertacular.com\/index.php\/producto\/essential-backpack\/","title":{"rendered":"Essential Backpack"},"content":{"rendered":"<div class=\"oferta-container\">\n<p>\ud83d\udfe5 <b>UNA GANGA<\/b> \ud83d\udfe5 #Publicidad #Amazon #16<\/p>\n<p>\ud83d\udd34 <b>Backpack Essential <\/b><\/p>\n<p>\u2705 <b>AHORA 17.97 \u20ac<\/b> \u2714\ufe0f\ud83d\udfe1<\/p>\n<p>\u274c Antes 35.00 \u20ac<\/p>\n<p>\ud83d\uded2: <a href=\"https:\/\/btz.es\/5gFpW6E\" target=\"_blank\" rel=\"nofollow noopener\">https:\/\/btz.es\/5gFpW6E<\/a><\/p>\n<p>Descubre la mochila Essential, dise\u00f1ada para ofrecer durabilidad y estilo en tu d\u00eda a d\u00eda. Perfecta para estudiantes, profesionales y aventureros, esta mochila combina funcionalidad con un dise\u00f1o moderno y pr\u00e1ctico. Fabricada con materiales de alta calidad, ofrece m\u00faltiples compartimentos para organizar tus pertenencias con facilidad. Lleva contigo lo esencial con comodidad y seguridad, comprometida con la excelencia que tu vida activa requiere.<\/p>\n<\/p><\/div>\n","protected":false},"excerpt":{"rendered":"<p>\ud83d\udfe5 UNA GANGA \ud83d\udfe5 #Publicidad #Amazon #16 \ud83d\udd34 Backpack Essential \u2705 AHORA 17.97 \u20ac \u2714\ufe0f\ud83d\udfe1 \u274c Antes 35.00 \u20ac \ud83d\uded2: https:\/\/btz.es\/5gFpW6E Descubre la mochila Essential, dise\u00f1ada para ofrecer durabilidad y estilo en tu d\u00eda a d\u00eda. Perfecta para estudiantes, profesionales y aventureros, esta mochila combina funcionalidad con un dise\u00f1o moderno y pr\u00e1ctico. Fabricada con materiales [&hellip;]<\/p>\n","protected":false},"featured_media":10535,"template":"","meta":{"_gspb_post_css":""},"store":[],"product_brand":[],"product_cat":[16],"product_tag":[],"class_list":{"0":"post-10536","1":"product","2":"type-product","3":"status-publish","4":"has-post-thumbnail","6":"product_cat-sin-categorizar","8":"first","9":"instock","10":"sale","11":"shipping-taxable","12":"product-type-external"},"jetpack_sharing_enabled":true,"_links":{"self":[{"href":"https:\/\/ofertacular.com\/index.php\/wp-json\/wp\/v2\/product\/10536","targetHints":{"allow":["GET"]}}],"collection":[{"href":"https:\/\/ofertacular.com\/index.php\/wp-json\/wp\/v2\/product"}],"about":[{"href":"https:\/\/ofertacular.com\/index.php\/wp-json\/wp\/v2\/types\/product"}],"wp:featuredmedia":[{"embeddable":true,"href":"https:\/\/ofertacular.com\/index.php\/wp-json\/wp\/v2\/media\/10535"}],"wp:attachment":[{"href":"https:\/\/ofertacular.com\/index.php\/wp-json\/wp\/v2\/media?parent=10536"}],"wp:term":[{"taxonomy":"store","embeddable":true,"href":"https:\/\/ofertacular.com\/index.php\/wp-json\/wp\/v2\/store?post=10536"},{"taxonomy":"product_brand","embeddable":true,"href":"https:\/\/ofertacular.com\/index.php\/wp-json\/wp\/v2\/product_brand?post=10536"},{"taxonomy":"product_cat","embeddable":true,"href":"https:\/\/ofertacular.com\/index.php\/wp-json\/wp\/v2\/product_cat?post=10536"},{"taxonomy":"product_tag","embeddable":true,"href":"https:\/\/ofertacular.com\/index.php\/wp-json\/wp\/v2\/product_tag?post=10536"}],"curies":[{"name":"wp","href":"https:\/\/api.w.org\/{rel}","templated":true}]}}