{"id":10550,"date":"2025-12-29T09:16:56","date_gmt":"2025-12-29T08:16:56","guid":{"rendered":"https:\/\/ofertacular.com\/index.php\/producto\/vikaster-botella\/"},"modified":"2025-12-29T09:16:56","modified_gmt":"2025-12-29T08:16:56","slug":"vikaster-botella","status":"publish","type":"product","link":"https:\/\/ofertacular.com\/index.php\/producto\/vikaster-botella\/","title":{"rendered":"Vikaster Botella"},"content":{"rendered":"<div class=\"oferta-container\">\n<p>\ud83d\udfe5 <b>\u00a1GANGAZO!<\/b> \ud83d\udfe5 #Publicidad #Amazon #16<\/p>\n<p>\ud83d\udd34 <b>Botella Vikaster <\/b><\/p>\n<p>\u2705 <b>AHORA 7.5 \u20ac<\/b> \u2714\ufe0f\ud83d\udfe1<\/p>\n<p>\u274c Antes 7.72 \u20ac<\/p>\n<p>\ud83d\uded2: <a href=\"https:\/\/btz.es\/5gKQbGZ\" target=\"_blank\" rel=\"nofollow noopener\">https:\/\/btz.es\/5gKQbGZ<\/a><\/p>\n<p>Descubre la elegancia y funcionalidad de la Botella Vikaster, dise\u00f1ada para mantener tus bebidas frescas o calientes durante horas. Fabricada con materiales de alta calidad, esta botella es ideal para el uso diario, actividades al aire libre y deportes. Con su dise\u00f1o moderno y ergon\u00f3mico, la Botella Vikaster combina estilo y practicidad para acompa\u00f1arte en cada aventura. Optimizada para quienes buscan un producto duradero, resistente y f\u00e1cil de transportar, esta botella es la elecci\u00f3n perfecta para mantener tu hidrataci\u00f3n siempre a mano.<\/p>\n<\/p><\/div>\n","protected":false},"excerpt":{"rendered":"<p>\ud83d\udfe5 \u00a1GANGAZO! \ud83d\udfe5 #Publicidad #Amazon #16 \ud83d\udd34 Botella Vikaster \u2705 AHORA 7.5 \u20ac \u2714\ufe0f\ud83d\udfe1 \u274c Antes 7.72 \u20ac \ud83d\uded2: https:\/\/btz.es\/5gKQbGZ Descubre la elegancia y funcionalidad de la Botella Vikaster, dise\u00f1ada para mantener tus bebidas frescas o calientes durante horas. Fabricada con materiales de alta calidad, esta botella es ideal para el uso diario, actividades al [&hellip;]<\/p>\n","protected":false},"featured_media":10549,"template":"","meta":{"_gspb_post_css":""},"store":[],"product_brand":[],"product_cat":[16],"product_tag":[],"class_list":{"0":"post-10550","1":"product","2":"type-product","3":"status-publish","4":"has-post-thumbnail","6":"product_cat-sin-categorizar","8":"first","9":"instock","10":"sale","11":"shipping-taxable","12":"product-type-external"},"jetpack_sharing_enabled":true,"_links":{"self":[{"href":"https:\/\/ofertacular.com\/index.php\/wp-json\/wp\/v2\/product\/10550","targetHints":{"allow":["GET"]}}],"collection":[{"href":"https:\/\/ofertacular.com\/index.php\/wp-json\/wp\/v2\/product"}],"about":[{"href":"https:\/\/ofertacular.com\/index.php\/wp-json\/wp\/v2\/types\/product"}],"wp:featuredmedia":[{"embeddable":true,"href":"https:\/\/ofertacular.com\/index.php\/wp-json\/wp\/v2\/media\/10549"}],"wp:attachment":[{"href":"https:\/\/ofertacular.com\/index.php\/wp-json\/wp\/v2\/media?parent=10550"}],"wp:term":[{"taxonomy":"store","embeddable":true,"href":"https:\/\/ofertacular.com\/index.php\/wp-json\/wp\/v2\/store?post=10550"},{"taxonomy":"product_brand","embeddable":true,"href":"https:\/\/ofertacular.com\/index.php\/wp-json\/wp\/v2\/product_brand?post=10550"},{"taxonomy":"product_cat","embeddable":true,"href":"https:\/\/ofertacular.com\/index.php\/wp-json\/wp\/v2\/product_cat?post=10550"},{"taxonomy":"product_tag","embeddable":true,"href":"https:\/\/ofertacular.com\/index.php\/wp-json\/wp\/v2\/product_tag?post=10550"}],"curies":[{"name":"wp","href":"https:\/\/api.w.org\/{rel}","templated":true}]}}