{"id":10610,"date":"2026-01-02T07:46:53","date_gmt":"2026-01-02T06:46:53","guid":{"rendered":"https:\/\/ofertacular.com\/index.php\/producto\/age-perfect\/"},"modified":"2026-01-02T07:46:53","modified_gmt":"2026-01-02T06:46:53","slug":"age-perfect","status":"publish","type":"product","link":"https:\/\/ofertacular.com\/index.php\/producto\/age-perfect\/","title":{"rendered":"Age Perfect"},"content":{"rendered":"<div class=\"oferta-container\">\n<p>\ud83d\udfe5 <b>ES UN CHOLL\u00d3N<\/b> \ud83d\udfe5 #Publicidad #Amazon #16<\/p>\n<p>\ud83d\udd34 <b>Crema facial <\/b><\/p>\n<p>\u2705 <b>AHORA 7.38 \u20ac<\/b> \u2714\ufe0f\ud83d\udfe1<\/p>\n<p>\u274c Antes 10.59 \u20ac<\/p>\n<p>\ud83d\uded2: <a href=\"https:\/\/btz.es\/5hhR22s\" target=\"_blank\" rel=\"nofollow noopener\">https:\/\/btz.es\/5hhR22s<\/a><\/p>\n<p>Descubre la crema facial Age Perfect, especialmente dise\u00f1ada para el cuidado intensivo de la piel madura. Esta f\u00f3rmula avanzada revitaliza, hidrata y mejora la firmeza de la piel, aportando un aspecto m\u00e1s joven y radiante. Perfecta para quienes buscan una piel tersa y rejuvenecida, con ingredientes de alta calidad que garantizan resultados visibles. Tu aliado esencial para una belleza atemporal.<\/p>\n<\/p><\/div>\n","protected":false},"excerpt":{"rendered":"<p>\ud83d\udfe5 ES UN CHOLL\u00d3N \ud83d\udfe5 #Publicidad #Amazon #16 \ud83d\udd34 Crema facial \u2705 AHORA 7.38 \u20ac \u2714\ufe0f\ud83d\udfe1 \u274c Antes 10.59 \u20ac \ud83d\uded2: https:\/\/btz.es\/5hhR22s Descubre la crema facial Age Perfect, especialmente dise\u00f1ada para el cuidado intensivo de la piel madura. Esta f\u00f3rmula avanzada revitaliza, hidrata y mejora la firmeza de la piel, aportando un aspecto m\u00e1s joven [&hellip;]<\/p>\n","protected":false},"featured_media":10609,"template":"","meta":{"_gspb_post_css":""},"store":[],"product_brand":[],"product_cat":[16],"product_tag":[],"class_list":{"0":"post-10610","1":"product","2":"type-product","3":"status-publish","4":"has-post-thumbnail","6":"product_cat-sin-categorizar","8":"first","9":"instock","10":"sale","11":"shipping-taxable","12":"product-type-external"},"jetpack_sharing_enabled":true,"_links":{"self":[{"href":"https:\/\/ofertacular.com\/index.php\/wp-json\/wp\/v2\/product\/10610","targetHints":{"allow":["GET"]}}],"collection":[{"href":"https:\/\/ofertacular.com\/index.php\/wp-json\/wp\/v2\/product"}],"about":[{"href":"https:\/\/ofertacular.com\/index.php\/wp-json\/wp\/v2\/types\/product"}],"wp:featuredmedia":[{"embeddable":true,"href":"https:\/\/ofertacular.com\/index.php\/wp-json\/wp\/v2\/media\/10609"}],"wp:attachment":[{"href":"https:\/\/ofertacular.com\/index.php\/wp-json\/wp\/v2\/media?parent=10610"}],"wp:term":[{"taxonomy":"store","embeddable":true,"href":"https:\/\/ofertacular.com\/index.php\/wp-json\/wp\/v2\/store?post=10610"},{"taxonomy":"product_brand","embeddable":true,"href":"https:\/\/ofertacular.com\/index.php\/wp-json\/wp\/v2\/product_brand?post=10610"},{"taxonomy":"product_cat","embeddable":true,"href":"https:\/\/ofertacular.com\/index.php\/wp-json\/wp\/v2\/product_cat?post=10610"},{"taxonomy":"product_tag","embeddable":true,"href":"https:\/\/ofertacular.com\/index.php\/wp-json\/wp\/v2\/product_tag?post=10610"}],"curies":[{"name":"wp","href":"https:\/\/api.w.org\/{rel}","templated":true}]}}