{"id":10651,"date":"2026-01-04T21:06:37","date_gmt":"2026-01-04T20:06:37","guid":{"rendered":"https:\/\/ofertacular.com\/index.php\/producto\/chaqueta-casual\/"},"modified":"2026-01-04T21:06:37","modified_gmt":"2026-01-04T20:06:37","slug":"chaqueta-casual","status":"publish","type":"product","link":"https:\/\/ofertacular.com\/index.php\/producto\/chaqueta-casual\/","title":{"rendered":"Chaqueta Casual"},"content":{"rendered":"<div class=\"oferta-container\">\n<p>\ud83d\udfe5 <b>INCRE\u00cdBLE<\/b> \ud83d\udfe5 #Publicidad #Amazon #16<\/p>\n<p>\ud83d\udd34 <b>Chaqueta Casual <\/b><\/p>\n<p>\u2705 <b>AHORA 9.83 \u20ac<\/b> \u2714\ufe0f\ud83d\udfe1<\/p>\n<p>\u274c Antes <\/p>\n<p>\ud83d\uded2: <a href=\"https:\/\/btz.es\/5hwNQ0e\" target=\"_blank\" rel=\"nofollow noopener\">https:\/\/btz.es\/5hwNQ0e<\/a><\/p>\n<p>Descubre la comodidad y estilo con nuestra chaqueta casual, dise\u00f1ada para ofrecer un ajuste perfecto y una apariencia moderna. Ideal para cualquier ocasi\u00f3n, combina materiales de alta calidad con un dise\u00f1o vers\u00e1til que resalta tu personalidad. Optimizada para un uso diario, esta chaqueta es imprescindible en tu armario para un look impecable y a la moda.<\/p>\n<\/p><\/div>\n","protected":false},"excerpt":{"rendered":"<p>\ud83d\udfe5 INCRE\u00cdBLE \ud83d\udfe5 #Publicidad #Amazon #16 \ud83d\udd34 Chaqueta Casual \u2705 AHORA 9.83 \u20ac \u2714\ufe0f\ud83d\udfe1 \u274c Antes \ud83d\uded2: https:\/\/btz.es\/5hwNQ0e Descubre la comodidad y estilo con nuestra chaqueta casual, dise\u00f1ada para ofrecer un ajuste perfecto y una apariencia moderna. Ideal para cualquier ocasi\u00f3n, combina materiales de alta calidad con un dise\u00f1o vers\u00e1til que resalta tu personalidad. Optimizada [&hellip;]<\/p>\n","protected":false},"featured_media":10650,"template":"","meta":{"_gspb_post_css":""},"store":[],"product_brand":[],"product_cat":[16],"product_tag":[],"class_list":{"0":"post-10651","1":"product","2":"type-product","3":"status-publish","4":"has-post-thumbnail","6":"product_cat-sin-categorizar","8":"first","9":"instock","10":"shipping-taxable","11":"product-type-external"},"jetpack_sharing_enabled":true,"_links":{"self":[{"href":"https:\/\/ofertacular.com\/index.php\/wp-json\/wp\/v2\/product\/10651","targetHints":{"allow":["GET"]}}],"collection":[{"href":"https:\/\/ofertacular.com\/index.php\/wp-json\/wp\/v2\/product"}],"about":[{"href":"https:\/\/ofertacular.com\/index.php\/wp-json\/wp\/v2\/types\/product"}],"wp:featuredmedia":[{"embeddable":true,"href":"https:\/\/ofertacular.com\/index.php\/wp-json\/wp\/v2\/media\/10650"}],"wp:attachment":[{"href":"https:\/\/ofertacular.com\/index.php\/wp-json\/wp\/v2\/media?parent=10651"}],"wp:term":[{"taxonomy":"store","embeddable":true,"href":"https:\/\/ofertacular.com\/index.php\/wp-json\/wp\/v2\/store?post=10651"},{"taxonomy":"product_brand","embeddable":true,"href":"https:\/\/ofertacular.com\/index.php\/wp-json\/wp\/v2\/product_brand?post=10651"},{"taxonomy":"product_cat","embeddable":true,"href":"https:\/\/ofertacular.com\/index.php\/wp-json\/wp\/v2\/product_cat?post=10651"},{"taxonomy":"product_tag","embeddable":true,"href":"https:\/\/ofertacular.com\/index.php\/wp-json\/wp\/v2\/product_tag?post=10651"}],"curies":[{"name":"wp","href":"https:\/\/api.w.org\/{rel}","templated":true}]}}