{"id":10709,"date":"2026-01-08T12:51:59","date_gmt":"2026-01-08T11:51:59","guid":{"rendered":"https:\/\/ofertacular.com\/index.php\/producto\/cecotec-espresso-7\/"},"modified":"2026-01-08T12:51:59","modified_gmt":"2026-01-08T11:51:59","slug":"cecotec-espresso-7","status":"publish","type":"product","link":"https:\/\/ofertacular.com\/index.php\/producto\/cecotec-espresso-7\/","title":{"rendered":"Cecotec Espresso"},"content":{"rendered":"<div class=\"oferta-container\">\n<p>\ud83d\udfe5 <b>\u00a1NO TE LA PIERDAS!<\/b> \ud83d\udfe5 #Publicidad #Amazon #16<\/p>\n<p>\ud83d\udd34 <b>Cafetera Espresso <\/b><\/p>\n<p>\u2705 <b>AHORA 99 \u20ac<\/b> \u2714\ufe0f\ud83d\udfe1<\/p>\n<p>\u274c Antes 109.00 \u20ac<\/p>\n<p>\ud83d\uded2: <a href=\"https:\/\/btz.es\/5hIl0sT\" target=\"_blank\" rel=\"nofollow noopener\">https:\/\/btz.es\/5hIl0sT<\/a><\/p>\n<p>Descubre la Cafetera Espresso Cecotec, dise\u00f1ada para ofrecer un caf\u00e9 de calidad profesional en la comodidad de tu hogar. Con tecnolog\u00eda avanzada, esta cafetera combina eficiencia y estilo, permiti\u00e9ndote disfrutar cada d\u00eda de un espresso intenso y arom\u00e1tico. Perfecta para los amantes del caf\u00e9 que buscan sabor aut\u00e9ntico y rapidez en la preparaci\u00f3n. Optimizada para quien valora el buen caf\u00e9, la Cafetera Espresso Cecotec es la elecci\u00f3n ideal para tu cocina.<\/p>\n<\/p><\/div>\n","protected":false},"excerpt":{"rendered":"<p>\ud83d\udfe5 \u00a1NO TE LA PIERDAS! \ud83d\udfe5 #Publicidad #Amazon #16 \ud83d\udd34 Cafetera Espresso \u2705 AHORA 99 \u20ac \u2714\ufe0f\ud83d\udfe1 \u274c Antes 109.00 \u20ac \ud83d\uded2: https:\/\/btz.es\/5hIl0sT Descubre la Cafetera Espresso Cecotec, dise\u00f1ada para ofrecer un caf\u00e9 de calidad profesional en la comodidad de tu hogar. Con tecnolog\u00eda avanzada, esta cafetera combina eficiencia y estilo, permiti\u00e9ndote disfrutar cada d\u00eda [&hellip;]<\/p>\n","protected":false},"featured_media":10708,"template":"","meta":{"_gspb_post_css":""},"store":[],"product_brand":[],"product_cat":[16],"product_tag":[],"class_list":{"0":"post-10709","1":"product","2":"type-product","3":"status-publish","4":"has-post-thumbnail","6":"product_cat-sin-categorizar","8":"first","9":"instock","10":"sale","11":"shipping-taxable","12":"product-type-external"},"jetpack_sharing_enabled":true,"_links":{"self":[{"href":"https:\/\/ofertacular.com\/index.php\/wp-json\/wp\/v2\/product\/10709","targetHints":{"allow":["GET"]}}],"collection":[{"href":"https:\/\/ofertacular.com\/index.php\/wp-json\/wp\/v2\/product"}],"about":[{"href":"https:\/\/ofertacular.com\/index.php\/wp-json\/wp\/v2\/types\/product"}],"wp:featuredmedia":[{"embeddable":true,"href":"https:\/\/ofertacular.com\/index.php\/wp-json\/wp\/v2\/media\/10708"}],"wp:attachment":[{"href":"https:\/\/ofertacular.com\/index.php\/wp-json\/wp\/v2\/media?parent=10709"}],"wp:term":[{"taxonomy":"store","embeddable":true,"href":"https:\/\/ofertacular.com\/index.php\/wp-json\/wp\/v2\/store?post=10709"},{"taxonomy":"product_brand","embeddable":true,"href":"https:\/\/ofertacular.com\/index.php\/wp-json\/wp\/v2\/product_brand?post=10709"},{"taxonomy":"product_cat","embeddable":true,"href":"https:\/\/ofertacular.com\/index.php\/wp-json\/wp\/v2\/product_cat?post=10709"},{"taxonomy":"product_tag","embeddable":true,"href":"https:\/\/ofertacular.com\/index.php\/wp-json\/wp\/v2\/product_tag?post=10709"}],"curies":[{"name":"wp","href":"https:\/\/api.w.org\/{rel}","templated":true}]}}