{"id":10721,"date":"2026-01-08T19:36:08","date_gmt":"2026-01-08T18:36:08","guid":{"rendered":"https:\/\/ofertacular.com\/index.php\/producto\/pikolin-edredon-2\/"},"modified":"2026-01-08T19:36:08","modified_gmt":"2026-01-08T18:36:08","slug":"pikolin-edredon-2","status":"publish","type":"product","link":"https:\/\/ofertacular.com\/index.php\/producto\/pikolin-edredon-2\/","title":{"rendered":"Pikolin Edred\u00f3n"},"content":{"rendered":"<div class=\"oferta-container\">\n<p>\ud83d\udfe5 <b>ES UN CHOLL\u00d3N<\/b> \ud83d\udfe5 #Publicidad #Amazon #16<\/p>\n<p>\ud83d\udd34 <b>Edred\u00f3n Pikolin <\/b><\/p>\n<p>\u2705 <b>AHORA 38.99 \u20ac<\/b> \u2714\ufe0f\ud83d\udfe1<\/p>\n<p>\u274c Antes 78.41 \u20ac<\/p>\n<p>\ud83d\uded2: <a href=\"https:\/\/btz.es\/5hJPkwE\" target=\"_blank\" rel=\"nofollow noopener\">https:\/\/btz.es\/5hJPkwE<\/a><\/p>\n<p>Descubre el edred\u00f3n Pikolin, confeccionado con materiales de alta calidad para garantizar una experiencia de descanso inigualable. Su dise\u00f1o elegante y funcional proporciona una excelente regulaci\u00f3n t\u00e9rmica y comodidad durante toda la noche. Ideal para cualquier estaci\u00f3n del a\u00f1o, este edred\u00f3n destaca por su durabilidad y f\u00e1cil mantenimiento. Mejora la decoraci\u00f3n de tu dormitorio y disfruta de un sue\u00f1o placentero con Pikolin, una marca reconocida por su compromiso con el bienestar y la innovaci\u00f3n en productos de descanso.<\/p>\n<\/p><\/div>\n","protected":false},"excerpt":{"rendered":"<p>\ud83d\udfe5 ES UN CHOLL\u00d3N \ud83d\udfe5 #Publicidad #Amazon #16 \ud83d\udd34 Edred\u00f3n Pikolin \u2705 AHORA 38.99 \u20ac \u2714\ufe0f\ud83d\udfe1 \u274c Antes 78.41 \u20ac \ud83d\uded2: https:\/\/btz.es\/5hJPkwE Descubre el edred\u00f3n Pikolin, confeccionado con materiales de alta calidad para garantizar una experiencia de descanso inigualable. Su dise\u00f1o elegante y funcional proporciona una excelente regulaci\u00f3n t\u00e9rmica y comodidad durante toda la noche. [&hellip;]<\/p>\n","protected":false},"featured_media":10720,"template":"","meta":{"_gspb_post_css":""},"store":[],"product_brand":[],"product_cat":[16],"product_tag":[],"class_list":{"0":"post-10721","1":"product","2":"type-product","3":"status-publish","4":"has-post-thumbnail","6":"product_cat-sin-categorizar","8":"first","9":"instock","10":"sale","11":"shipping-taxable","12":"product-type-external"},"jetpack_sharing_enabled":true,"_links":{"self":[{"href":"https:\/\/ofertacular.com\/index.php\/wp-json\/wp\/v2\/product\/10721","targetHints":{"allow":["GET"]}}],"collection":[{"href":"https:\/\/ofertacular.com\/index.php\/wp-json\/wp\/v2\/product"}],"about":[{"href":"https:\/\/ofertacular.com\/index.php\/wp-json\/wp\/v2\/types\/product"}],"wp:featuredmedia":[{"embeddable":true,"href":"https:\/\/ofertacular.com\/index.php\/wp-json\/wp\/v2\/media\/10720"}],"wp:attachment":[{"href":"https:\/\/ofertacular.com\/index.php\/wp-json\/wp\/v2\/media?parent=10721"}],"wp:term":[{"taxonomy":"store","embeddable":true,"href":"https:\/\/ofertacular.com\/index.php\/wp-json\/wp\/v2\/store?post=10721"},{"taxonomy":"product_brand","embeddable":true,"href":"https:\/\/ofertacular.com\/index.php\/wp-json\/wp\/v2\/product_brand?post=10721"},{"taxonomy":"product_cat","embeddable":true,"href":"https:\/\/ofertacular.com\/index.php\/wp-json\/wp\/v2\/product_cat?post=10721"},{"taxonomy":"product_tag","embeddable":true,"href":"https:\/\/ofertacular.com\/index.php\/wp-json\/wp\/v2\/product_tag?post=10721"}],"curies":[{"name":"wp","href":"https:\/\/api.w.org\/{rel}","templated":true}]}}