{"id":10731,"date":"2026-01-09T08:12:39","date_gmt":"2026-01-09T07:12:39","guid":{"rendered":"https:\/\/ofertacular.com\/index.php\/producto\/geographical-norway-hoodie-3\/"},"modified":"2026-01-09T08:12:39","modified_gmt":"2026-01-09T07:12:39","slug":"geographical-norway-hoodie-3","status":"publish","type":"product","link":"https:\/\/ofertacular.com\/index.php\/producto\/geographical-norway-hoodie-3\/","title":{"rendered":"Geographical Norway Hoodie"},"content":{"rendered":"<div class=\"oferta-container\">\n<p>\ud83d\udfe5 <b>UNA GANGA<\/b> \ud83d\udfe5 #Publicidad #Amazon #16<\/p>\n<p>\ud83d\udd34 <b>Hoodie Norway <\/b><\/p>\n<p>\u2705 <b>AHORA 32.98 \u20ac<\/b> \u2714\ufe0f\ud83d\udfe1<\/p>\n<p>\u274c Antes 39.90 \u20ac<\/p>\n<p>\ud83d\uded2: <a href=\"https:\/\/btz.es\/5hMTCIj\" target=\"_blank\" rel=\"nofollow noopener\">https:\/\/btz.es\/5hMTCIj<\/a><\/p>\n<p>Descubre la exclusividad y comodidad del Geographical Norway Hoodie, una prenda que combina estilo escandinavo con materiales de alta calidad. Perfecto para cualquier ocasi\u00f3n, este hoodie ofrece un dise\u00f1o moderno y funcionalidad superior, ideal para resistir el fr\u00edo con elegancia. Optimizado para quienes valoran la moda y la durabilidad, este hoodie se convierte en una pieza clave para destacar tu look con la autenticidad de la marca Geographical Norway.<\/p>\n<\/p><\/div>\n","protected":false},"excerpt":{"rendered":"<p>\ud83d\udfe5 UNA GANGA \ud83d\udfe5 #Publicidad #Amazon #16 \ud83d\udd34 Hoodie Norway \u2705 AHORA 32.98 \u20ac \u2714\ufe0f\ud83d\udfe1 \u274c Antes 39.90 \u20ac \ud83d\uded2: https:\/\/btz.es\/5hMTCIj Descubre la exclusividad y comodidad del Geographical Norway Hoodie, una prenda que combina estilo escandinavo con materiales de alta calidad. Perfecto para cualquier ocasi\u00f3n, este hoodie ofrece un dise\u00f1o moderno y funcionalidad superior, ideal [&hellip;]<\/p>\n","protected":false},"featured_media":10730,"template":"","meta":{"_gspb_post_css":""},"store":[],"product_brand":[],"product_cat":[16],"product_tag":[],"class_list":{"0":"post-10731","1":"product","2":"type-product","3":"status-publish","4":"has-post-thumbnail","6":"product_cat-sin-categorizar","8":"first","9":"instock","10":"sale","11":"shipping-taxable","12":"product-type-external"},"jetpack_sharing_enabled":true,"_links":{"self":[{"href":"https:\/\/ofertacular.com\/index.php\/wp-json\/wp\/v2\/product\/10731","targetHints":{"allow":["GET"]}}],"collection":[{"href":"https:\/\/ofertacular.com\/index.php\/wp-json\/wp\/v2\/product"}],"about":[{"href":"https:\/\/ofertacular.com\/index.php\/wp-json\/wp\/v2\/types\/product"}],"wp:featuredmedia":[{"embeddable":true,"href":"https:\/\/ofertacular.com\/index.php\/wp-json\/wp\/v2\/media\/10730"}],"wp:attachment":[{"href":"https:\/\/ofertacular.com\/index.php\/wp-json\/wp\/v2\/media?parent=10731"}],"wp:term":[{"taxonomy":"store","embeddable":true,"href":"https:\/\/ofertacular.com\/index.php\/wp-json\/wp\/v2\/store?post=10731"},{"taxonomy":"product_brand","embeddable":true,"href":"https:\/\/ofertacular.com\/index.php\/wp-json\/wp\/v2\/product_brand?post=10731"},{"taxonomy":"product_cat","embeddable":true,"href":"https:\/\/ofertacular.com\/index.php\/wp-json\/wp\/v2\/product_cat?post=10731"},{"taxonomy":"product_tag","embeddable":true,"href":"https:\/\/ofertacular.com\/index.php\/wp-json\/wp\/v2\/product_tag?post=10731"}],"curies":[{"name":"wp","href":"https:\/\/api.w.org\/{rel}","templated":true}]}}