{"id":10733,"date":"2026-01-09T08:25:56","date_gmt":"2026-01-09T07:25:56","guid":{"rendered":"https:\/\/ofertacular.com\/index.php\/producto\/lg-monitor-6\/"},"modified":"2026-01-09T08:25:56","modified_gmt":"2026-01-09T07:25:56","slug":"lg-monitor-6","status":"publish","type":"product","link":"https:\/\/ofertacular.com\/index.php\/producto\/lg-monitor-6\/","title":{"rendered":"LG Monitor"},"content":{"rendered":"<div class=\"oferta-container\">\n<p>\ud83d\udfe5 <b>SUPER OFERTA<\/b> \ud83d\udfe5 #Publicidad #Amazon #16<\/p>\n<p>\ud83d\udd34 <b>Monitor LG <\/b><\/p>\n<p>\u2705 <b>AHORA 77.43 \u20ac<\/b> \u2714\ufe0f\ud83d\udfe1<\/p>\n<p>\u274c Antes 84.55 \u20ac<\/p>\n<p>\ud83d\uded2: <a href=\"https:\/\/btz.es\/5hMWXVs\" target=\"_blank\" rel=\"nofollow noopener\">https:\/\/btz.es\/5hMWXVs<\/a><\/p>\n<p>Descubre la calidad y rendimiento superior del Monitor LG, dise\u00f1ado para ofrecer im\u00e1genes n\u00edtidas y colores vibrantes. Ideal para profesionales, gamers y usuarios cotidianos que buscan una experiencia visual inigualable. Con tecnolog\u00eda avanzada y un dise\u00f1o moderno, este monitor LG optimiza tu productividad y entretenimiento, garantizando comodidad y eficiencia en cada uso.<\/p>\n<\/p><\/div>\n","protected":false},"excerpt":{"rendered":"<p>\ud83d\udfe5 SUPER OFERTA \ud83d\udfe5 #Publicidad #Amazon #16 \ud83d\udd34 Monitor LG \u2705 AHORA 77.43 \u20ac \u2714\ufe0f\ud83d\udfe1 \u274c Antes 84.55 \u20ac \ud83d\uded2: https:\/\/btz.es\/5hMWXVs Descubre la calidad y rendimiento superior del Monitor LG, dise\u00f1ado para ofrecer im\u00e1genes n\u00edtidas y colores vibrantes. Ideal para profesionales, gamers y usuarios cotidianos que buscan una experiencia visual inigualable. Con tecnolog\u00eda avanzada y [&hellip;]<\/p>\n","protected":false},"featured_media":10732,"template":"","meta":{"_gspb_post_css":""},"store":[],"product_brand":[],"product_cat":[16],"product_tag":[],"class_list":{"0":"post-10733","1":"product","2":"type-product","3":"status-publish","4":"has-post-thumbnail","6":"product_cat-sin-categorizar","8":"first","9":"instock","10":"sale","11":"shipping-taxable","12":"product-type-external"},"jetpack_sharing_enabled":true,"_links":{"self":[{"href":"https:\/\/ofertacular.com\/index.php\/wp-json\/wp\/v2\/product\/10733","targetHints":{"allow":["GET"]}}],"collection":[{"href":"https:\/\/ofertacular.com\/index.php\/wp-json\/wp\/v2\/product"}],"about":[{"href":"https:\/\/ofertacular.com\/index.php\/wp-json\/wp\/v2\/types\/product"}],"wp:featuredmedia":[{"embeddable":true,"href":"https:\/\/ofertacular.com\/index.php\/wp-json\/wp\/v2\/media\/10732"}],"wp:attachment":[{"href":"https:\/\/ofertacular.com\/index.php\/wp-json\/wp\/v2\/media?parent=10733"}],"wp:term":[{"taxonomy":"store","embeddable":true,"href":"https:\/\/ofertacular.com\/index.php\/wp-json\/wp\/v2\/store?post=10733"},{"taxonomy":"product_brand","embeddable":true,"href":"https:\/\/ofertacular.com\/index.php\/wp-json\/wp\/v2\/product_brand?post=10733"},{"taxonomy":"product_cat","embeddable":true,"href":"https:\/\/ofertacular.com\/index.php\/wp-json\/wp\/v2\/product_cat?post=10733"},{"taxonomy":"product_tag","embeddable":true,"href":"https:\/\/ofertacular.com\/index.php\/wp-json\/wp\/v2\/product_tag?post=10733"}],"curies":[{"name":"wp","href":"https:\/\/api.w.org\/{rel}","templated":true}]}}