{"id":10761,"date":"2026-01-09T11:12:21","date_gmt":"2026-01-09T10:12:21","guid":{"rendered":"https:\/\/ofertacular.com\/index.php\/producto\/lionelo-hugo\/"},"modified":"2026-01-09T11:12:21","modified_gmt":"2026-01-09T10:12:21","slug":"lionelo-hugo","status":"publish","type":"product","link":"https:\/\/ofertacular.com\/index.php\/producto\/lionelo-hugo\/","title":{"rendered":"LIONELO HUGO"},"content":{"rendered":"<div class=\"oferta-container\">\n<p>\ud83d\udfe5 <b>GRAN OFERTA<\/b> \ud83d\udfe5 #Publicidad #Amazon #16<\/p>\n<p>\ud83d\udd34 <b>Silla coche <\/b><\/p>\n<p>\u2705 <b>AHORA 84.99 \u20ac<\/b> \u2714\ufe0f\ud83d\udfe1<\/p>\n<p>\u274c Antes 89.99 \u20ac<\/p>\n<p>\ud83d\uded2: <a href=\"https:\/\/btz.es\/5hNCR6U\" target=\"_blank\" rel=\"nofollow noopener\">https:\/\/btz.es\/5hNCR6U<\/a><\/p>\n<p>La silla de coche LIONELO HUGO ofrece seguridad y comodidad superior para tu beb\u00e9 durante cada viaje. Con dise\u00f1o ergon\u00f3mico y materiales de alta calidad, garantiza protecci\u00f3n \u00f3ptima contra impactos, adapt\u00e1ndose al crecimiento del ni\u00f1o. Ideal para padres que buscan funcionalidad y estilo en un solo producto. Compra ahora y asegura un viaje tranquilo y seguro para tu peque\u00f1o.<\/p>\n<\/p><\/div>\n","protected":false},"excerpt":{"rendered":"<p>\ud83d\udfe5 GRAN OFERTA \ud83d\udfe5 #Publicidad #Amazon #16 \ud83d\udd34 Silla coche \u2705 AHORA 84.99 \u20ac \u2714\ufe0f\ud83d\udfe1 \u274c Antes 89.99 \u20ac \ud83d\uded2: https:\/\/btz.es\/5hNCR6U La silla de coche LIONELO HUGO ofrece seguridad y comodidad superior para tu beb\u00e9 durante cada viaje. Con dise\u00f1o ergon\u00f3mico y materiales de alta calidad, garantiza protecci\u00f3n \u00f3ptima contra impactos, adapt\u00e1ndose al crecimiento del [&hellip;]<\/p>\n","protected":false},"featured_media":10760,"template":"","meta":{"_gspb_post_css":""},"store":[],"product_brand":[],"product_cat":[16],"product_tag":[],"class_list":{"0":"post-10761","1":"product","2":"type-product","3":"status-publish","4":"has-post-thumbnail","6":"product_cat-sin-categorizar","8":"first","9":"instock","10":"sale","11":"shipping-taxable","12":"product-type-external"},"jetpack_sharing_enabled":true,"_links":{"self":[{"href":"https:\/\/ofertacular.com\/index.php\/wp-json\/wp\/v2\/product\/10761","targetHints":{"allow":["GET"]}}],"collection":[{"href":"https:\/\/ofertacular.com\/index.php\/wp-json\/wp\/v2\/product"}],"about":[{"href":"https:\/\/ofertacular.com\/index.php\/wp-json\/wp\/v2\/types\/product"}],"wp:featuredmedia":[{"embeddable":true,"href":"https:\/\/ofertacular.com\/index.php\/wp-json\/wp\/v2\/media\/10760"}],"wp:attachment":[{"href":"https:\/\/ofertacular.com\/index.php\/wp-json\/wp\/v2\/media?parent=10761"}],"wp:term":[{"taxonomy":"store","embeddable":true,"href":"https:\/\/ofertacular.com\/index.php\/wp-json\/wp\/v2\/store?post=10761"},{"taxonomy":"product_brand","embeddable":true,"href":"https:\/\/ofertacular.com\/index.php\/wp-json\/wp\/v2\/product_brand?post=10761"},{"taxonomy":"product_cat","embeddable":true,"href":"https:\/\/ofertacular.com\/index.php\/wp-json\/wp\/v2\/product_cat?post=10761"},{"taxonomy":"product_tag","embeddable":true,"href":"https:\/\/ofertacular.com\/index.php\/wp-json\/wp\/v2\/product_tag?post=10761"}],"curies":[{"name":"wp","href":"https:\/\/api.w.org\/{rel}","templated":true}]}}