{"id":10797,"date":"2026-01-12T11:50:54","date_gmt":"2026-01-12T10:50:54","guid":{"rendered":"https:\/\/ofertacular.com\/index.php\/producto\/columbia-chaqueta\/"},"modified":"2026-01-12T11:50:54","modified_gmt":"2026-01-12T10:50:54","slug":"columbia-chaqueta","status":"publish","type":"product","link":"https:\/\/ofertacular.com\/index.php\/producto\/columbia-chaqueta\/","title":{"rendered":"Columbia Chaqueta"},"content":{"rendered":"<div class=\"oferta-container\">\n<p>\ud83d\udfe5 <b>ES UN CHOLL\u00d3N<\/b> \ud83d\udfe5 #Publicidad #Amazon #16<\/p>\n<p>\ud83d\udd34 <b>Chaqueta Columbia <\/b><\/p>\n<p>\u2705 <b>AHORA 41.68 \u20ac<\/b> \u2714\ufe0f\ud83d\udfe1<\/p>\n<p>\u274c Antes 150.00 \u20ac<\/p>\n<p>\ud83d\uded2: <a href=\"https:\/\/btz.es\/5ifuiWW\" target=\"_blank\" rel=\"nofollow noopener\">https:\/\/btz.es\/5ifuiWW<\/a><\/p>\n<p>Descubre la aut\u00e9ntica calidad y resistencia con la Chaqueta Columbia. Dise\u00f1ada para ofrecer m\u00e1ximo confort y protecci\u00f3n en cualquier aventura, combina tecnolog\u00eda avanzada y estilo moderno para quienes exigen lo mejor en ropa de exterior. Ideal para actividades al aire libre, esta chaqueta Columbia garantiza durabilidad, estilo y funcionalidad. \u00a1Equ\u00edpate con lo mejor y domina cada clima con confianza y estilo!<\/p>\n<\/p><\/div>\n","protected":false},"excerpt":{"rendered":"<p>\ud83d\udfe5 ES UN CHOLL\u00d3N \ud83d\udfe5 #Publicidad #Amazon #16 \ud83d\udd34 Chaqueta Columbia \u2705 AHORA 41.68 \u20ac \u2714\ufe0f\ud83d\udfe1 \u274c Antes 150.00 \u20ac \ud83d\uded2: https:\/\/btz.es\/5ifuiWW Descubre la aut\u00e9ntica calidad y resistencia con la Chaqueta Columbia. Dise\u00f1ada para ofrecer m\u00e1ximo confort y protecci\u00f3n en cualquier aventura, combina tecnolog\u00eda avanzada y estilo moderno para quienes exigen lo mejor en ropa [&hellip;]<\/p>\n","protected":false},"featured_media":10796,"template":"","meta":{"_gspb_post_css":""},"store":[],"product_brand":[],"product_cat":[16],"product_tag":[],"class_list":{"0":"post-10797","1":"product","2":"type-product","3":"status-publish","4":"has-post-thumbnail","6":"product_cat-sin-categorizar","8":"first","9":"instock","10":"sale","11":"shipping-taxable","12":"product-type-external"},"jetpack_sharing_enabled":true,"_links":{"self":[{"href":"https:\/\/ofertacular.com\/index.php\/wp-json\/wp\/v2\/product\/10797","targetHints":{"allow":["GET"]}}],"collection":[{"href":"https:\/\/ofertacular.com\/index.php\/wp-json\/wp\/v2\/product"}],"about":[{"href":"https:\/\/ofertacular.com\/index.php\/wp-json\/wp\/v2\/types\/product"}],"wp:featuredmedia":[{"embeddable":true,"href":"https:\/\/ofertacular.com\/index.php\/wp-json\/wp\/v2\/media\/10796"}],"wp:attachment":[{"href":"https:\/\/ofertacular.com\/index.php\/wp-json\/wp\/v2\/media?parent=10797"}],"wp:term":[{"taxonomy":"store","embeddable":true,"href":"https:\/\/ofertacular.com\/index.php\/wp-json\/wp\/v2\/store?post=10797"},{"taxonomy":"product_brand","embeddable":true,"href":"https:\/\/ofertacular.com\/index.php\/wp-json\/wp\/v2\/product_brand?post=10797"},{"taxonomy":"product_cat","embeddable":true,"href":"https:\/\/ofertacular.com\/index.php\/wp-json\/wp\/v2\/product_cat?post=10797"},{"taxonomy":"product_tag","embeddable":true,"href":"https:\/\/ofertacular.com\/index.php\/wp-json\/wp\/v2\/product_tag?post=10797"}],"curies":[{"name":"wp","href":"https:\/\/api.w.org\/{rel}","templated":true}]}}