{"id":10816,"date":"2026-01-13T08:36:52","date_gmt":"2026-01-13T07:36:52","guid":{"rendered":"https:\/\/ofertacular.com\/index.php\/producto\/majin-vegeta\/"},"modified":"2026-01-13T08:36:52","modified_gmt":"2026-01-13T07:36:52","slug":"majin-vegeta","status":"publish","type":"product","link":"https:\/\/ofertacular.com\/index.php\/producto\/majin-vegeta\/","title":{"rendered":"Majin Vegeta"},"content":{"rendered":"<div class=\"oferta-container\">\ud83d\udfea <b>FUNKO TOP<\/b> \ud83d\udfea #Publicidad #Amazon\ud83d\udfe3 <b> Funko POP! Anime: Majin Vegeta Majin Vegeta<\/b> \u2705 <b>AHORA 10 \u20ac<\/b> \u2714\ufe0f\ud83d\udfe1\u274c Antes 16.00 \u20ac \u20ac \ud83d\uded2: https:\/\/btz.es\/5ikxODF\ud83d\udfe2 Ofertacular.com<\/p>\n<p>Descubre el Funko POP! Anime de Majin Vegeta, una pieza imprescindible para los fan\u00e1ticos de Dragon Ball y coleccionistas de figuras de anime. Esta figura captura a la perfecci\u00f3n la intensidad y el poder de Majin Vegeta, ofreciendo un dise\u00f1o detallado y fiel al personaje original. Ideal para exhibir en tu colecci\u00f3n o regalar a amantes del anime. Consigue ahora este Funko exclusivo y eleva tu colecci\u00f3n con la fuerza del guerrero Saiyajin. Disfruta de env\u00edo r\u00e1pido y la garant\u00eda de autenticidad en cada compra.<\/p>\n<\/div>\n","protected":false},"excerpt":{"rendered":"<p>\ud83d\udfea FUNKO TOP \ud83d\udfea #Publicidad #Amazon\ud83d\udfe3 Funko POP! Anime: Majin Vegeta Majin Vegeta \u2705 AHORA 10 \u20ac \u2714\ufe0f\ud83d\udfe1\u274c Antes 16.00 \u20ac \u20ac \ud83d\uded2: https:\/\/btz.es\/5ikxODF\ud83d\udfe2 Ofertacular.com Descubre el Funko POP! Anime de Majin Vegeta, una pieza imprescindible para los fan\u00e1ticos de Dragon Ball y coleccionistas de figuras de anime. Esta figura captura a la perfecci\u00f3n la [&hellip;]<\/p>\n","protected":false},"featured_media":10815,"template":"","meta":{"_gspb_post_css":""},"store":[],"product_brand":[],"product_cat":[16],"product_tag":[],"class_list":{"0":"post-10816","1":"product","2":"type-product","3":"status-publish","4":"has-post-thumbnail","6":"product_cat-sin-categorizar","8":"first","9":"instock","10":"sale","11":"shipping-taxable","12":"product-type-external"},"jetpack_sharing_enabled":true,"_links":{"self":[{"href":"https:\/\/ofertacular.com\/index.php\/wp-json\/wp\/v2\/product\/10816","targetHints":{"allow":["GET"]}}],"collection":[{"href":"https:\/\/ofertacular.com\/index.php\/wp-json\/wp\/v2\/product"}],"about":[{"href":"https:\/\/ofertacular.com\/index.php\/wp-json\/wp\/v2\/types\/product"}],"wp:featuredmedia":[{"embeddable":true,"href":"https:\/\/ofertacular.com\/index.php\/wp-json\/wp\/v2\/media\/10815"}],"wp:attachment":[{"href":"https:\/\/ofertacular.com\/index.php\/wp-json\/wp\/v2\/media?parent=10816"}],"wp:term":[{"taxonomy":"store","embeddable":true,"href":"https:\/\/ofertacular.com\/index.php\/wp-json\/wp\/v2\/store?post=10816"},{"taxonomy":"product_brand","embeddable":true,"href":"https:\/\/ofertacular.com\/index.php\/wp-json\/wp\/v2\/product_brand?post=10816"},{"taxonomy":"product_cat","embeddable":true,"href":"https:\/\/ofertacular.com\/index.php\/wp-json\/wp\/v2\/product_cat?post=10816"},{"taxonomy":"product_tag","embeddable":true,"href":"https:\/\/ofertacular.com\/index.php\/wp-json\/wp\/v2\/product_tag?post=10816"}],"curies":[{"name":"wp","href":"https:\/\/api.w.org\/{rel}","templated":true}]}}