{"id":10897,"date":"2026-01-19T07:29:59","date_gmt":"2026-01-19T06:29:59","guid":{"rendered":"https:\/\/ofertacular.com\/index.php\/producto\/chewbacca-figure\/"},"modified":"2026-01-19T07:29:59","modified_gmt":"2026-01-19T06:29:59","slug":"chewbacca-figure","status":"publish","type":"product","link":"https:\/\/ofertacular.com\/index.php\/producto\/chewbacca-figure\/","title":{"rendered":"Chewbacca Figure"},"content":{"rendered":"<div class=\"oferta-container\">\ud83d\udfea <b>FUNKO TOP<\/b> \ud83d\udfea #Publicidad #Amazon\ud83d\udfe3 <b> Funko Star Wars Chewbacca<\/b> \u2705 <b>AHORA 12 \u20ac<\/b> \u2714\ufe0f\ud83d\udfe1\u274c Antes 16.00 \u20ac \u20ac \ud83d\uded2: https:\/\/btz.es\/5iJmi4d\ud83d\udfe2 Ofertacular.com<\/p>\n<p>Descubre el Funko Star Wars Chewbacca, una figura imprescindible para coleccionistas y fans de la saga. Este producto oficial captura la esencia del ic\u00f3nico personaje de la galaxia, perfecto para exhibici\u00f3n y regalo. Optimizado para atraer amantes del cine y coleccionables, garantiza un lugar destacado en tu colecci\u00f3n y un excelente posicionamiento en tiendas online especializadas en productos de Star Wars y entretenimiento.<\/p>\n<\/div>\n","protected":false},"excerpt":{"rendered":"<p>\ud83d\udfea FUNKO TOP \ud83d\udfea #Publicidad #Amazon\ud83d\udfe3 Funko Star Wars Chewbacca \u2705 AHORA 12 \u20ac \u2714\ufe0f\ud83d\udfe1\u274c Antes 16.00 \u20ac \u20ac \ud83d\uded2: https:\/\/btz.es\/5iJmi4d\ud83d\udfe2 Ofertacular.com Descubre el Funko Star Wars Chewbacca, una figura imprescindible para coleccionistas y fans de la saga. Este producto oficial captura la esencia del ic\u00f3nico personaje de la galaxia, perfecto para exhibici\u00f3n y regalo. [&hellip;]<\/p>\n","protected":false},"featured_media":10896,"template":"","meta":{"_gspb_post_css":""},"store":[],"product_brand":[],"product_cat":[16],"product_tag":[],"class_list":{"0":"post-10897","1":"product","2":"type-product","3":"status-publish","4":"has-post-thumbnail","6":"product_cat-sin-categorizar","8":"first","9":"instock","10":"sale","11":"shipping-taxable","12":"product-type-external"},"jetpack_sharing_enabled":true,"_links":{"self":[{"href":"https:\/\/ofertacular.com\/index.php\/wp-json\/wp\/v2\/product\/10897","targetHints":{"allow":["GET"]}}],"collection":[{"href":"https:\/\/ofertacular.com\/index.php\/wp-json\/wp\/v2\/product"}],"about":[{"href":"https:\/\/ofertacular.com\/index.php\/wp-json\/wp\/v2\/types\/product"}],"wp:featuredmedia":[{"embeddable":true,"href":"https:\/\/ofertacular.com\/index.php\/wp-json\/wp\/v2\/media\/10896"}],"wp:attachment":[{"href":"https:\/\/ofertacular.com\/index.php\/wp-json\/wp\/v2\/media?parent=10897"}],"wp:term":[{"taxonomy":"store","embeddable":true,"href":"https:\/\/ofertacular.com\/index.php\/wp-json\/wp\/v2\/store?post=10897"},{"taxonomy":"product_brand","embeddable":true,"href":"https:\/\/ofertacular.com\/index.php\/wp-json\/wp\/v2\/product_brand?post=10897"},{"taxonomy":"product_cat","embeddable":true,"href":"https:\/\/ofertacular.com\/index.php\/wp-json\/wp\/v2\/product_cat?post=10897"},{"taxonomy":"product_tag","embeddable":true,"href":"https:\/\/ofertacular.com\/index.php\/wp-json\/wp\/v2\/product_tag?post=10897"}],"curies":[{"name":"wp","href":"https:\/\/api.w.org\/{rel}","templated":true}]}}