{"id":11055,"date":"2026-01-22T11:20:42","date_gmt":"2026-01-22T10:20:42","guid":{"rendered":"https:\/\/ofertacular.com\/index.php\/producto\/columbia-redmond-3\/"},"modified":"2026-01-22T11:20:42","modified_gmt":"2026-01-22T10:20:42","slug":"columbia-redmond-3","status":"publish","type":"product","link":"https:\/\/ofertacular.com\/index.php\/producto\/columbia-redmond-3\/","title":{"rendered":"Columbia Redmond"},"content":{"rendered":"<div class=\"oferta-container\">\n<p>\ud83d\udfe5 <b>INCRE\u00cdBLE<\/b> \ud83d\udfe5 #Publicidad #Amazon #16<\/p>\n<p>\ud83d\udd34 <b>Zapatos Trail <\/b><\/p>\n<p>\u2705 <b>AHORA 44.99 \u20ac<\/b> \u2714\ufe0f\ud83d\udfe1<\/p>\n<p>\u274c Antes 90.00 \u20ac<\/p>\n<p>\ud83d\uded2: <a href=\"https:\/\/btz.es\/5jbFNNz\" target=\"_blank\" rel=\"nofollow noopener\">https:\/\/btz.es\/5jbFNNz<\/a><\/p>\n<p>Explora nuevos caminos con los zapatos Trail Columbia Redmond, dise\u00f1ados para ofrecer m\u00e1xima comodidad y durabilidad en tus aventuras al aire libre. La tecnolog\u00eda avanzada de suela garantiza un agarre excepcional en todo tipo de terreno, mientras que el dise\u00f1o ergon\u00f3mico asegura un ajuste perfecto para largas caminatas. Perfectos para senderismo, trekking y actividades outdoor, estos zapatos combinan funcionalidad y estilo para los amantes de la naturaleza que buscan calidad y rendimiento.<\/p>\n<\/p><\/div>\n","protected":false},"excerpt":{"rendered":"<p>\ud83d\udfe5 INCRE\u00cdBLE \ud83d\udfe5 #Publicidad #Amazon #16 \ud83d\udd34 Zapatos Trail \u2705 AHORA 44.99 \u20ac \u2714\ufe0f\ud83d\udfe1 \u274c Antes 90.00 \u20ac \ud83d\uded2: https:\/\/btz.es\/5jbFNNz Explora nuevos caminos con los zapatos Trail Columbia Redmond, dise\u00f1ados para ofrecer m\u00e1xima comodidad y durabilidad en tus aventuras al aire libre. La tecnolog\u00eda avanzada de suela garantiza un agarre excepcional en todo tipo de [&hellip;]<\/p>\n","protected":false},"featured_media":11054,"template":"","meta":{"_gspb_post_css":""},"store":[],"product_brand":[],"product_cat":[16],"product_tag":[],"class_list":{"0":"post-11055","1":"product","2":"type-product","3":"status-publish","4":"has-post-thumbnail","6":"product_cat-sin-categorizar","8":"first","9":"instock","10":"sale","11":"shipping-taxable","12":"product-type-external"},"jetpack_sharing_enabled":true,"_links":{"self":[{"href":"https:\/\/ofertacular.com\/index.php\/wp-json\/wp\/v2\/product\/11055","targetHints":{"allow":["GET"]}}],"collection":[{"href":"https:\/\/ofertacular.com\/index.php\/wp-json\/wp\/v2\/product"}],"about":[{"href":"https:\/\/ofertacular.com\/index.php\/wp-json\/wp\/v2\/types\/product"}],"wp:featuredmedia":[{"embeddable":true,"href":"https:\/\/ofertacular.com\/index.php\/wp-json\/wp\/v2\/media\/11054"}],"wp:attachment":[{"href":"https:\/\/ofertacular.com\/index.php\/wp-json\/wp\/v2\/media?parent=11055"}],"wp:term":[{"taxonomy":"store","embeddable":true,"href":"https:\/\/ofertacular.com\/index.php\/wp-json\/wp\/v2\/store?post=11055"},{"taxonomy":"product_brand","embeddable":true,"href":"https:\/\/ofertacular.com\/index.php\/wp-json\/wp\/v2\/product_brand?post=11055"},{"taxonomy":"product_cat","embeddable":true,"href":"https:\/\/ofertacular.com\/index.php\/wp-json\/wp\/v2\/product_cat?post=11055"},{"taxonomy":"product_tag","embeddable":true,"href":"https:\/\/ofertacular.com\/index.php\/wp-json\/wp\/v2\/product_tag?post=11055"}],"curies":[{"name":"wp","href":"https:\/\/api.w.org\/{rel}","templated":true}]}}