{"id":11093,"date":"2026-01-23T10:11:56","date_gmt":"2026-01-23T09:11:56","guid":{"rendered":"https:\/\/ofertacular.com\/index.php\/producto\/asalvo-tokyo\/"},"modified":"2026-01-23T10:11:56","modified_gmt":"2026-01-23T09:11:56","slug":"asalvo-tokyo","status":"publish","type":"product","link":"https:\/\/ofertacular.com\/index.php\/producto\/asalvo-tokyo\/","title":{"rendered":"Asalvo Tokyo"},"content":{"rendered":"<div class=\"oferta-container\">\n<p>\ud83d\udfe5 <b>\u00a1GANGAZO!<\/b> \ud83d\udfe5 #Publicidad #Amazon #16<\/p>\n<p>\ud83d\udd34 <b>Paraguas ASALVO <\/b><\/p>\n<p>\u2705 <b>AHORA 47.5 \u20ac<\/b> \u2714\ufe0f\ud83d\udfe1<\/p>\n<p>\u274c Antes 75.00 \u20ac<\/p>\n<p>\ud83d\uded2: <a href=\"https:\/\/btz.es\/5jhpaPL\" target=\"_blank\" rel=\"nofollow noopener\">https:\/\/btz.es\/5jhpaPL<\/a><\/p>\n<p>Descubre la elegancia y funcionalidad del paraguas ASALVO Tokyo, dise\u00f1ado para protegerte eficazmente bajo cualquier condici\u00f3n clim\u00e1tica. Este paraguas combina resistencia, estilo moderno y practicidad, convirti\u00e9ndolo en el complemento perfecto para tus d\u00edas lluviosos. Su estructura robusta y su dise\u00f1o compacto te ofrecen comodidad y durabilidad garantizadas. Ideal para quienes buscan calidad y sofisticaci\u00f3n en accesorios impermeables.<\/p>\n<\/p><\/div>\n","protected":false},"excerpt":{"rendered":"<p>\ud83d\udfe5 \u00a1GANGAZO! \ud83d\udfe5 #Publicidad #Amazon #16 \ud83d\udd34 Paraguas ASALVO \u2705 AHORA 47.5 \u20ac \u2714\ufe0f\ud83d\udfe1 \u274c Antes 75.00 \u20ac \ud83d\uded2: https:\/\/btz.es\/5jhpaPL Descubre la elegancia y funcionalidad del paraguas ASALVO Tokyo, dise\u00f1ado para protegerte eficazmente bajo cualquier condici\u00f3n clim\u00e1tica. Este paraguas combina resistencia, estilo moderno y practicidad, convirti\u00e9ndolo en el complemento perfecto para tus d\u00edas lluviosos. Su [&hellip;]<\/p>\n","protected":false},"featured_media":11092,"template":"","meta":{"_gspb_post_css":""},"store":[],"product_brand":[],"product_cat":[16],"product_tag":[],"class_list":{"0":"post-11093","1":"product","2":"type-product","3":"status-publish","4":"has-post-thumbnail","6":"product_cat-sin-categorizar","8":"first","9":"instock","10":"sale","11":"shipping-taxable","12":"product-type-external"},"jetpack_sharing_enabled":true,"_links":{"self":[{"href":"https:\/\/ofertacular.com\/index.php\/wp-json\/wp\/v2\/product\/11093","targetHints":{"allow":["GET"]}}],"collection":[{"href":"https:\/\/ofertacular.com\/index.php\/wp-json\/wp\/v2\/product"}],"about":[{"href":"https:\/\/ofertacular.com\/index.php\/wp-json\/wp\/v2\/types\/product"}],"wp:featuredmedia":[{"embeddable":true,"href":"https:\/\/ofertacular.com\/index.php\/wp-json\/wp\/v2\/media\/11092"}],"wp:attachment":[{"href":"https:\/\/ofertacular.com\/index.php\/wp-json\/wp\/v2\/media?parent=11093"}],"wp:term":[{"taxonomy":"store","embeddable":true,"href":"https:\/\/ofertacular.com\/index.php\/wp-json\/wp\/v2\/store?post=11093"},{"taxonomy":"product_brand","embeddable":true,"href":"https:\/\/ofertacular.com\/index.php\/wp-json\/wp\/v2\/product_brand?post=11093"},{"taxonomy":"product_cat","embeddable":true,"href":"https:\/\/ofertacular.com\/index.php\/wp-json\/wp\/v2\/product_cat?post=11093"},{"taxonomy":"product_tag","embeddable":true,"href":"https:\/\/ofertacular.com\/index.php\/wp-json\/wp\/v2\/product_tag?post=11093"}],"curies":[{"name":"wp","href":"https:\/\/api.w.org\/{rel}","templated":true}]}}