{"id":11137,"date":"2026-01-26T08:35:40","date_gmt":"2026-01-26T07:35:40","guid":{"rendered":"https:\/\/ofertacular.com\/index.php\/producto\/omron-tensiometro\/"},"modified":"2026-01-26T08:35:40","modified_gmt":"2026-01-26T07:35:40","slug":"omron-tensiometro","status":"publish","type":"product","link":"https:\/\/ofertacular.com\/index.php\/producto\/omron-tensiometro\/","title":{"rendered":"OMRON Tensi\u00f3metro"},"content":{"rendered":"<div class=\"oferta-container\">\n<p>\ud83d\udfe5 <b>DATE PRISA<\/b> \ud83d\udfe5 #Publicidad #Amazon #16<\/p>\n<p>\ud83d\udd34 <b>Tensi\u00f3metro OMRON <\/b><\/p>\n<p>\u2705 <b>AHORA 19.99 \u20ac<\/b> \u2714\ufe0f\ud83d\udfe1<\/p>\n<p>\u274c Antes 29.99 \u20ac<\/p>\n<p>\ud83d\uded2: <a href=\"https:\/\/btz.es\/5jyyweM\" target=\"_blank\" rel=\"nofollow noopener\">https:\/\/btz.es\/5jyyweM<\/a><\/p>\n<p>Descubre la precisi\u00f3n y confiabilidad del tensi\u00f3metro OMRON, l\u00edder en monitoreo de la presi\u00f3n arterial para uso dom\u00e9stico y profesional. Dise\u00f1ado con tecnolog\u00eda avanzada para ofrecer resultados r\u00e1pidos, exactos y f\u00e1ciles de leer, este tensi\u00f3metro ayuda a controlar tu salud cardiovascular de manera efectiva. Ideal para usuarios que buscan calidad, durabilidad y comodidad, OMRON garantiza un seguimiento \u00f3ptimo de tu bienestar. Compra ahora y cuida tu salud con confianza y tecnolog\u00eda de punta.<\/p>\n<\/p><\/div>\n","protected":false},"excerpt":{"rendered":"<p>\ud83d\udfe5 DATE PRISA \ud83d\udfe5 #Publicidad #Amazon #16 \ud83d\udd34 Tensi\u00f3metro OMRON \u2705 AHORA 19.99 \u20ac \u2714\ufe0f\ud83d\udfe1 \u274c Antes 29.99 \u20ac \ud83d\uded2: https:\/\/btz.es\/5jyyweM Descubre la precisi\u00f3n y confiabilidad del tensi\u00f3metro OMRON, l\u00edder en monitoreo de la presi\u00f3n arterial para uso dom\u00e9stico y profesional. Dise\u00f1ado con tecnolog\u00eda avanzada para ofrecer resultados r\u00e1pidos, exactos y f\u00e1ciles de leer, este [&hellip;]<\/p>\n","protected":false},"featured_media":11136,"template":"","meta":{"_gspb_post_css":""},"store":[],"product_brand":[],"product_cat":[16],"product_tag":[],"class_list":{"0":"post-11137","1":"product","2":"type-product","3":"status-publish","4":"has-post-thumbnail","6":"product_cat-sin-categorizar","8":"first","9":"instock","10":"sale","11":"shipping-taxable","12":"product-type-external"},"jetpack_sharing_enabled":true,"_links":{"self":[{"href":"https:\/\/ofertacular.com\/index.php\/wp-json\/wp\/v2\/product\/11137","targetHints":{"allow":["GET"]}}],"collection":[{"href":"https:\/\/ofertacular.com\/index.php\/wp-json\/wp\/v2\/product"}],"about":[{"href":"https:\/\/ofertacular.com\/index.php\/wp-json\/wp\/v2\/types\/product"}],"wp:featuredmedia":[{"embeddable":true,"href":"https:\/\/ofertacular.com\/index.php\/wp-json\/wp\/v2\/media\/11136"}],"wp:attachment":[{"href":"https:\/\/ofertacular.com\/index.php\/wp-json\/wp\/v2\/media?parent=11137"}],"wp:term":[{"taxonomy":"store","embeddable":true,"href":"https:\/\/ofertacular.com\/index.php\/wp-json\/wp\/v2\/store?post=11137"},{"taxonomy":"product_brand","embeddable":true,"href":"https:\/\/ofertacular.com\/index.php\/wp-json\/wp\/v2\/product_brand?post=11137"},{"taxonomy":"product_cat","embeddable":true,"href":"https:\/\/ofertacular.com\/index.php\/wp-json\/wp\/v2\/product_cat?post=11137"},{"taxonomy":"product_tag","embeddable":true,"href":"https:\/\/ofertacular.com\/index.php\/wp-json\/wp\/v2\/product_tag?post=11137"}],"curies":[{"name":"wp","href":"https:\/\/api.w.org\/{rel}","templated":true}]}}