{"id":11231,"date":"2026-01-28T10:29:24","date_gmt":"2026-01-28T09:29:24","guid":{"rendered":"https:\/\/ofertacular.com\/index.php\/producto\/lockdown-7\/"},"modified":"2026-01-28T10:29:24","modified_gmt":"2026-01-28T09:29:24","slug":"lockdown-7","status":"publish","type":"product","link":"https:\/\/ofertacular.com\/index.php\/producto\/lockdown-7\/","title":{"rendered":"Lockdown 7"},"content":{"rendered":"<div class=\"oferta-container\">\n<p>\ud83d\udfe5 <b>DESCUENTAZO<\/b> \ud83d\udfe5 #Publicidad #Amazon #16<\/p>\n<p>\ud83d\udd34 <b>Lockdown 7 <\/b><\/p>\n<p>\u2705 <b>AHORA 34.99 \u20ac<\/b> \u2714\ufe0f\ud83d\udfe1<\/p>\n<p>\u274c Antes 75.00 \u20ac<\/p>\n<p>\ud83d\uded2: <a href=\"https:\/\/btz.es\/5jA8c0g\" target=\"_blank\" rel=\"nofollow noopener\">https:\/\/btz.es\/5jA8c0g<\/a><\/p>\n<p>Experimenta la perfecta combinaci\u00f3n de estilo y rendimiento con las zapatillas deportivas Lockdown 7. Dise\u00f1adas para ofrecer m\u00e1xima comodidad y soporte durante tus entrenamientos, estas zapatillas garantizan durabilidad y un ajuste seguro. Ideales tanto para actividades deportivas como para uso diario, Lockdown 7 se posiciona como la opci\u00f3n definitiva para quienes buscan calidad y dise\u00f1o en calzado deportivo.<\/p>\n<\/p><\/div>\n","protected":false},"excerpt":{"rendered":"<p>\ud83d\udfe5 DESCUENTAZO \ud83d\udfe5 #Publicidad #Amazon #16 \ud83d\udd34 Lockdown 7 \u2705 AHORA 34.99 \u20ac \u2714\ufe0f\ud83d\udfe1 \u274c Antes 75.00 \u20ac \ud83d\uded2: https:\/\/btz.es\/5jA8c0g Experimenta la perfecta combinaci\u00f3n de estilo y rendimiento con las zapatillas deportivas Lockdown 7. Dise\u00f1adas para ofrecer m\u00e1xima comodidad y soporte durante tus entrenamientos, estas zapatillas garantizan durabilidad y un ajuste seguro. Ideales tanto para [&hellip;]<\/p>\n","protected":false},"featured_media":11230,"template":"","meta":{"_gspb_post_css":""},"store":[],"product_brand":[],"product_cat":[16],"product_tag":[],"class_list":{"0":"post-11231","1":"product","2":"type-product","3":"status-publish","4":"has-post-thumbnail","6":"product_cat-sin-categorizar","8":"first","9":"instock","10":"sale","11":"shipping-taxable","12":"product-type-external"},"jetpack_sharing_enabled":true,"_links":{"self":[{"href":"https:\/\/ofertacular.com\/index.php\/wp-json\/wp\/v2\/product\/11231","targetHints":{"allow":["GET"]}}],"collection":[{"href":"https:\/\/ofertacular.com\/index.php\/wp-json\/wp\/v2\/product"}],"about":[{"href":"https:\/\/ofertacular.com\/index.php\/wp-json\/wp\/v2\/types\/product"}],"wp:featuredmedia":[{"embeddable":true,"href":"https:\/\/ofertacular.com\/index.php\/wp-json\/wp\/v2\/media\/11230"}],"wp:attachment":[{"href":"https:\/\/ofertacular.com\/index.php\/wp-json\/wp\/v2\/media?parent=11231"}],"wp:term":[{"taxonomy":"store","embeddable":true,"href":"https:\/\/ofertacular.com\/index.php\/wp-json\/wp\/v2\/store?post=11231"},{"taxonomy":"product_brand","embeddable":true,"href":"https:\/\/ofertacular.com\/index.php\/wp-json\/wp\/v2\/product_brand?post=11231"},{"taxonomy":"product_cat","embeddable":true,"href":"https:\/\/ofertacular.com\/index.php\/wp-json\/wp\/v2\/product_cat?post=11231"},{"taxonomy":"product_tag","embeddable":true,"href":"https:\/\/ofertacular.com\/index.php\/wp-json\/wp\/v2\/product_tag?post=11231"}],"curies":[{"name":"wp","href":"https:\/\/api.w.org\/{rel}","templated":true}]}}