{"id":11394,"date":"2026-02-04T08:07:53","date_gmt":"2026-02-04T07:07:53","guid":{"rendered":"https:\/\/ofertacular.com\/index.php\/producto\/finish-quantum\/"},"modified":"2026-02-04T08:07:53","modified_gmt":"2026-02-04T07:07:53","slug":"finish-quantum","status":"publish","type":"product","link":"https:\/\/ofertacular.com\/index.php\/producto\/finish-quantum\/","title":{"rendered":"Finish Quantum"},"content":{"rendered":"<div class=\"oferta-container\">\n<p>\ud83d\udfe5 <b>AHORRA AQU\u00cd<\/b> \ud83d\udfe5 #Publicidad #Amazon #16<\/p>\n<p>\ud83d\udd34 <b>Juego Quantum <\/b><\/p>\n<p>\u2705 <b>AHORA 10.72 \u20ac<\/b> \u2714\ufe0f\ud83d\udfe1<\/p>\n<p>\u274c Antes 19.99 \u20ac<\/p>\n<p>\ud83d\uded2: <a href=\"https:\/\/btz.es\/5koUf86\" target=\"_blank\" rel=\"nofollow noopener\">https:\/\/btz.es\/5koUf86<\/a><\/p>\n<p>Descubre el emocionante juego de mesa Quantum, dise\u00f1ado para los amantes de la estrategia y la aventura espacial. Sum\u00e9rgete en batallas t\u00e1cticas \u00fanicas con naves personalizables y domina el universo en esta experiencia inolvidable. Quantum es perfecto para jugadores que buscan un desaf\u00edo intelectual y diversi\u00f3n garantizada. Compra ahora y lleva tu entretenimiento a un nuevo nivel con este innovador juego de estrategia de mesa.<\/p>\n<\/p><\/div>\n","protected":false},"excerpt":{"rendered":"<p>\ud83d\udfe5 AHORRA AQU\u00cd \ud83d\udfe5 #Publicidad #Amazon #16 \ud83d\udd34 Juego Quantum \u2705 AHORA 10.72 \u20ac \u2714\ufe0f\ud83d\udfe1 \u274c Antes 19.99 \u20ac \ud83d\uded2: https:\/\/btz.es\/5koUf86 Descubre el emocionante juego de mesa Quantum, dise\u00f1ado para los amantes de la estrategia y la aventura espacial. Sum\u00e9rgete en batallas t\u00e1cticas \u00fanicas con naves personalizables y domina el universo en esta experiencia inolvidable. [&hellip;]<\/p>\n","protected":false},"featured_media":11393,"template":"","meta":{"_gspb_post_css":""},"store":[],"product_brand":[],"product_cat":[16],"product_tag":[],"class_list":{"0":"post-11394","1":"product","2":"type-product","3":"status-publish","4":"has-post-thumbnail","6":"product_cat-sin-categorizar","8":"first","9":"instock","10":"sale","11":"shipping-taxable","12":"product-type-external"},"jetpack_sharing_enabled":true,"_links":{"self":[{"href":"https:\/\/ofertacular.com\/index.php\/wp-json\/wp\/v2\/product\/11394","targetHints":{"allow":["GET"]}}],"collection":[{"href":"https:\/\/ofertacular.com\/index.php\/wp-json\/wp\/v2\/product"}],"about":[{"href":"https:\/\/ofertacular.com\/index.php\/wp-json\/wp\/v2\/types\/product"}],"wp:featuredmedia":[{"embeddable":true,"href":"https:\/\/ofertacular.com\/index.php\/wp-json\/wp\/v2\/media\/11393"}],"wp:attachment":[{"href":"https:\/\/ofertacular.com\/index.php\/wp-json\/wp\/v2\/media?parent=11394"}],"wp:term":[{"taxonomy":"store","embeddable":true,"href":"https:\/\/ofertacular.com\/index.php\/wp-json\/wp\/v2\/store?post=11394"},{"taxonomy":"product_brand","embeddable":true,"href":"https:\/\/ofertacular.com\/index.php\/wp-json\/wp\/v2\/product_brand?post=11394"},{"taxonomy":"product_cat","embeddable":true,"href":"https:\/\/ofertacular.com\/index.php\/wp-json\/wp\/v2\/product_cat?post=11394"},{"taxonomy":"product_tag","embeddable":true,"href":"https:\/\/ofertacular.com\/index.php\/wp-json\/wp\/v2\/product_tag?post=11394"}],"curies":[{"name":"wp","href":"https:\/\/api.w.org\/{rel}","templated":true}]}}