{"id":11468,"date":"2026-02-09T10:49:46","date_gmt":"2026-02-09T09:49:46","guid":{"rendered":"https:\/\/ofertacular.com\/index.php\/producto\/dar-benn-figure\/"},"modified":"2026-02-09T10:49:46","modified_gmt":"2026-02-09T09:49:46","slug":"dar-benn-figure","status":"publish","type":"product","link":"https:\/\/ofertacular.com\/index.php\/producto\/dar-benn-figure\/","title":{"rendered":"Dar-Benn Figure"},"content":{"rendered":"<div class=\"oferta-container\">\ud83d\udfea <b>FUNKO OFERTA<\/b> \ud83d\udfea #Publicidad #Amazon\ud83d\udfe3 <b> Funko POP! Star Wars Dar-Benn<\/b> \u2705 <b>AHORA 6.95 \u20ac<\/b> \u2714\ufe0f\ud83d\udfe1\u274c Antes 16.00 \u20ac \u20ac \ud83d\uded2: https:\/\/btz.es\/5kIN31S\ud83d\udfe2 Ofertacular.com<\/p>\n<p>Descubre el Funko POP! Star Wars Dar-Benn, una pieza imprescindible para los coleccionistas y fan\u00e1ticos de la saga gal\u00e1ctica. Este Funko exclusivo destaca por su dise\u00f1o detallado y acabado de alta calidad, perfecto para exhibir en cualquier colecci\u00f3n. Ideal para regalar o ampliar tu set de personajes ic\u00f3nicos, este Funko Dar-Benn captura la esencia de Star Wars con un estilo \u00fanico. Consigue ya esta figura \u00fanica y mejora tu espacio con un toque nerd que encanta a grandes y peque\u00f1os fan\u00e1ticos.<\/p>\n<\/div>\n","protected":false},"excerpt":{"rendered":"<p>\ud83d\udfea FUNKO OFERTA \ud83d\udfea #Publicidad #Amazon\ud83d\udfe3 Funko POP! Star Wars Dar-Benn \u2705 AHORA 6.95 \u20ac \u2714\ufe0f\ud83d\udfe1\u274c Antes 16.00 \u20ac \u20ac \ud83d\uded2: https:\/\/btz.es\/5kIN31S\ud83d\udfe2 Ofertacular.com Descubre el Funko POP! Star Wars Dar-Benn, una pieza imprescindible para los coleccionistas y fan\u00e1ticos de la saga gal\u00e1ctica. Este Funko exclusivo destaca por su dise\u00f1o detallado y acabado de alta calidad, [&hellip;]<\/p>\n","protected":false},"featured_media":11467,"template":"","meta":{"_gspb_post_css":""},"store":[],"product_brand":[],"product_cat":[16],"product_tag":[],"class_list":{"0":"post-11468","1":"product","2":"type-product","3":"status-publish","4":"has-post-thumbnail","6":"product_cat-sin-categorizar","8":"first","9":"instock","10":"sale","11":"shipping-taxable","12":"product-type-external"},"jetpack_sharing_enabled":true,"_links":{"self":[{"href":"https:\/\/ofertacular.com\/index.php\/wp-json\/wp\/v2\/product\/11468","targetHints":{"allow":["GET"]}}],"collection":[{"href":"https:\/\/ofertacular.com\/index.php\/wp-json\/wp\/v2\/product"}],"about":[{"href":"https:\/\/ofertacular.com\/index.php\/wp-json\/wp\/v2\/types\/product"}],"wp:featuredmedia":[{"embeddable":true,"href":"https:\/\/ofertacular.com\/index.php\/wp-json\/wp\/v2\/media\/11467"}],"wp:attachment":[{"href":"https:\/\/ofertacular.com\/index.php\/wp-json\/wp\/v2\/media?parent=11468"}],"wp:term":[{"taxonomy":"store","embeddable":true,"href":"https:\/\/ofertacular.com\/index.php\/wp-json\/wp\/v2\/store?post=11468"},{"taxonomy":"product_brand","embeddable":true,"href":"https:\/\/ofertacular.com\/index.php\/wp-json\/wp\/v2\/product_brand?post=11468"},{"taxonomy":"product_cat","embeddable":true,"href":"https:\/\/ofertacular.com\/index.php\/wp-json\/wp\/v2\/product_cat?post=11468"},{"taxonomy":"product_tag","embeddable":true,"href":"https:\/\/ofertacular.com\/index.php\/wp-json\/wp\/v2\/product_tag?post=11468"}],"curies":[{"name":"wp","href":"https:\/\/api.w.org\/{rel}","templated":true}]}}