{"id":11571,"date":"2026-02-13T11:03:48","date_gmt":"2026-02-13T10:03:48","guid":{"rendered":"https:\/\/ofertacular.com\/index.php\/producto\/levis-vaqueros-11\/"},"modified":"2026-02-13T11:03:48","modified_gmt":"2026-02-13T10:03:48","slug":"levis-vaqueros-11","status":"publish","type":"product","link":"https:\/\/ofertacular.com\/index.php\/producto\/levis-vaqueros-11\/","title":{"rendered":"Levi&#8217;s Vaqueros"},"content":{"rendered":"<div class=\"oferta-container\">\n<p>\ud83d\udfe5 <b>REBAJA<\/b> \ud83d\udfe5 #Publicidad #Amazon #16<\/p>\n<p>\ud83d\udd34 <b>Vaqueros Levi&#8217;s <\/b><\/p>\n<p>\u2705 <b>AHORA 49.49 \u20ac<\/b> \u2714\ufe0f\ud83d\udfe1<\/p>\n<p>\u274c Antes 100.00 \u20ac<\/p>\n<p>\ud83d\uded2: <a href=\"https:\/\/btz.es\/5lgpgz0\" target=\"_blank\" rel=\"nofollow noopener\">https:\/\/btz.es\/5lgpgz0<\/a><\/p>\n<p>Descubre la calidad y estilo inconfundible de los vaqueros Levi&#8217;s, dise\u00f1ados para ofrecer la m\u00e1xima comodidad y durabilidad. Estos vaqueros son el complemento perfecto para cualquier outfit, combinando moda y funcionalidad con un ajuste excelente. Con tejidos resistentes y un dise\u00f1o emblem\u00e1tico, Levi&#8217;s asegura una prenda atemporal que nunca pasa de moda. Perfectos para el d\u00eda a d\u00eda, nuestros vaqueros son un imprescindible en tu armario.<\/p>\n<\/p><\/div>\n","protected":false},"excerpt":{"rendered":"<p>\ud83d\udfe5 REBAJA \ud83d\udfe5 #Publicidad #Amazon #16 \ud83d\udd34 Vaqueros Levi&#8217;s \u2705 AHORA 49.49 \u20ac \u2714\ufe0f\ud83d\udfe1 \u274c Antes 100.00 \u20ac \ud83d\uded2: https:\/\/btz.es\/5lgpgz0 Descubre la calidad y estilo inconfundible de los vaqueros Levi&#8217;s, dise\u00f1ados para ofrecer la m\u00e1xima comodidad y durabilidad. Estos vaqueros son el complemento perfecto para cualquier outfit, combinando moda y funcionalidad con un ajuste excelente. [&hellip;]<\/p>\n","protected":false},"featured_media":11570,"template":"","meta":{"_gspb_post_css":""},"store":[],"product_brand":[],"product_cat":[16],"product_tag":[],"class_list":{"0":"post-11571","1":"product","2":"type-product","3":"status-publish","4":"has-post-thumbnail","6":"product_cat-sin-categorizar","8":"first","9":"instock","10":"sale","11":"shipping-taxable","12":"product-type-external"},"jetpack_sharing_enabled":true,"_links":{"self":[{"href":"https:\/\/ofertacular.com\/index.php\/wp-json\/wp\/v2\/product\/11571","targetHints":{"allow":["GET"]}}],"collection":[{"href":"https:\/\/ofertacular.com\/index.php\/wp-json\/wp\/v2\/product"}],"about":[{"href":"https:\/\/ofertacular.com\/index.php\/wp-json\/wp\/v2\/types\/product"}],"wp:featuredmedia":[{"embeddable":true,"href":"https:\/\/ofertacular.com\/index.php\/wp-json\/wp\/v2\/media\/11570"}],"wp:attachment":[{"href":"https:\/\/ofertacular.com\/index.php\/wp-json\/wp\/v2\/media?parent=11571"}],"wp:term":[{"taxonomy":"store","embeddable":true,"href":"https:\/\/ofertacular.com\/index.php\/wp-json\/wp\/v2\/store?post=11571"},{"taxonomy":"product_brand","embeddable":true,"href":"https:\/\/ofertacular.com\/index.php\/wp-json\/wp\/v2\/product_brand?post=11571"},{"taxonomy":"product_cat","embeddable":true,"href":"https:\/\/ofertacular.com\/index.php\/wp-json\/wp\/v2\/product_cat?post=11571"},{"taxonomy":"product_tag","embeddable":true,"href":"https:\/\/ofertacular.com\/index.php\/wp-json\/wp\/v2\/product_tag?post=11571"}],"curies":[{"name":"wp","href":"https:\/\/api.w.org\/{rel}","templated":true}]}}