{"id":11614,"date":"2026-03-02T10:07:39","date_gmt":"2026-03-02T09:07:39","guid":{"rendered":"https:\/\/ofertacular.com\/index.php\/producto\/munich-break\/"},"modified":"2026-03-02T10:07:39","modified_gmt":"2026-03-02T09:07:39","slug":"munich-break","status":"publish","type":"product","link":"https:\/\/ofertacular.com\/index.php\/producto\/munich-break\/","title":{"rendered":"Munich Break"},"content":{"rendered":"<div class=\"oferta-container\">\n<p>\ud83d\udfe5 <b>\u00a1OFERTA ESPECIAL!<\/b> \ud83d\udfe5 #Publicidad #Amazon #16<\/p>\n<p>\ud83d\udd34 <b>Zapatillas Munich <\/b><\/p>\n<p>\u2705 <b>AHORA 35 \u20ac<\/b> \u2714\ufe0f\ud83d\udfe1<\/p>\n<p>\u274c Antes 57.24 \u20ac<\/p>\n<p>\ud83d\uded2: <a href=\"https:\/\/btz.es\/5mHzU14\" target=\"_blank\" rel=\"nofollow noopener\">https:\/\/btz.es\/5mHzU14<\/a><\/p>\n<p>Descubre las exclusivas zapatillas Munich Break, dise\u00f1adas para ofrecer comodidad y estilo inigualables. Perfectas para cualquier ocasi\u00f3n, estas zapatillas combinan calidad, durabilidad y un dise\u00f1o moderno que destaca en cada paso. Optim\u00edzate con el mejor calzado de Munich y marca tendencia en cada lugar al que vayas.<\/p>\n<\/p><\/div>\n","protected":false},"excerpt":{"rendered":"<p>\ud83d\udfe5 \u00a1OFERTA ESPECIAL! \ud83d\udfe5 #Publicidad #Amazon #16 \ud83d\udd34 Zapatillas Munich \u2705 AHORA 35 \u20ac \u2714\ufe0f\ud83d\udfe1 \u274c Antes 57.24 \u20ac \ud83d\uded2: https:\/\/btz.es\/5mHzU14 Descubre las exclusivas zapatillas Munich Break, dise\u00f1adas para ofrecer comodidad y estilo inigualables. Perfectas para cualquier ocasi\u00f3n, estas zapatillas combinan calidad, durabilidad y un dise\u00f1o moderno que destaca en cada paso. Optim\u00edzate con el [&hellip;]<\/p>\n","protected":false},"featured_media":11613,"template":"","meta":{"_gspb_post_css":""},"store":[],"product_brand":[],"product_cat":[16],"product_tag":[],"class_list":{"0":"post-11614","1":"product","2":"type-product","3":"status-publish","4":"has-post-thumbnail","6":"product_cat-sin-categorizar","8":"first","9":"instock","10":"sale","11":"shipping-taxable","12":"product-type-external"},"jetpack_sharing_enabled":true,"_links":{"self":[{"href":"https:\/\/ofertacular.com\/index.php\/wp-json\/wp\/v2\/product\/11614","targetHints":{"allow":["GET"]}}],"collection":[{"href":"https:\/\/ofertacular.com\/index.php\/wp-json\/wp\/v2\/product"}],"about":[{"href":"https:\/\/ofertacular.com\/index.php\/wp-json\/wp\/v2\/types\/product"}],"wp:featuredmedia":[{"embeddable":true,"href":"https:\/\/ofertacular.com\/index.php\/wp-json\/wp\/v2\/media\/11613"}],"wp:attachment":[{"href":"https:\/\/ofertacular.com\/index.php\/wp-json\/wp\/v2\/media?parent=11614"}],"wp:term":[{"taxonomy":"store","embeddable":true,"href":"https:\/\/ofertacular.com\/index.php\/wp-json\/wp\/v2\/store?post=11614"},{"taxonomy":"product_brand","embeddable":true,"href":"https:\/\/ofertacular.com\/index.php\/wp-json\/wp\/v2\/product_brand?post=11614"},{"taxonomy":"product_cat","embeddable":true,"href":"https:\/\/ofertacular.com\/index.php\/wp-json\/wp\/v2\/product_cat?post=11614"},{"taxonomy":"product_tag","embeddable":true,"href":"https:\/\/ofertacular.com\/index.php\/wp-json\/wp\/v2\/product_tag?post=11614"}],"curies":[{"name":"wp","href":"https:\/\/api.w.org\/{rel}","templated":true}]}}