{"id":11737,"date":"2026-03-04T16:33:11","date_gmt":"2026-03-04T15:33:11","guid":{"rendered":"https:\/\/ofertacular.com\/index.php\/producto\/jackjones-denim\/"},"modified":"2026-03-04T16:33:11","modified_gmt":"2026-03-04T15:33:11","slug":"jackjones-denim","status":"publish","type":"product","link":"https:\/\/ofertacular.com\/index.php\/producto\/jackjones-denim\/","title":{"rendered":"Jack&amp;Jones Denim"},"content":{"rendered":"<div class=\"oferta-container\">\n<p>\ud83d\udfe5 <b>EXCLUSIVO<\/b> \ud83d\udfe5 #Publicidad #Amazon #16<\/p>\n<p>\ud83d\udd34 <b>Vaqueros Jack&amp;Jones <\/b><\/p>\n<p>\u2705 <b>AHORA 17.61 \u20ac<\/b> \u2714\ufe0f\ud83d\udfe1<\/p>\n<p>\u274c Antes 29.99 \u20ac<\/p>\n<p>\ud83d\uded2: <a href=\"https:\/\/btz.es\/5mUGb1M\" target=\"_blank\" rel=\"nofollow noopener\">https:\/\/btz.es\/5mUGb1M<\/a><\/p>\n<p>Descubre la calidad y estilo con estos vaqueros Jack&amp;Jones, dise\u00f1ados para brindar comodidad y durabilidad en tu d\u00eda a d\u00eda. Perfectos para cualquier ocasi\u00f3n, combinan a la perfecci\u00f3n con tu look casual o m\u00e1s formal. Aprovecha esta oferta exclusiva y renueva tu guardarropa con una prenda ic\u00f3nica de la moda masculina. \u00a1Compra ahora y destaca con Jack&amp;Jones!<\/p>\n<\/p><\/div>\n","protected":false},"excerpt":{"rendered":"<p>\ud83d\udfe5 EXCLUSIVO \ud83d\udfe5 #Publicidad #Amazon #16 \ud83d\udd34 Vaqueros Jack&amp;Jones \u2705 AHORA 17.61 \u20ac \u2714\ufe0f\ud83d\udfe1 \u274c Antes 29.99 \u20ac \ud83d\uded2: https:\/\/btz.es\/5mUGb1M Descubre la calidad y estilo con estos vaqueros Jack&amp;Jones, dise\u00f1ados para brindar comodidad y durabilidad en tu d\u00eda a d\u00eda. Perfectos para cualquier ocasi\u00f3n, combinan a la perfecci\u00f3n con tu look casual o m\u00e1s formal. [&hellip;]<\/p>\n","protected":false},"featured_media":11736,"template":"","meta":{"_gspb_post_css":""},"store":[],"product_brand":[],"product_cat":[16],"product_tag":[],"class_list":{"0":"post-11737","1":"product","2":"type-product","3":"status-publish","4":"has-post-thumbnail","6":"product_cat-sin-categorizar","8":"first","9":"instock","10":"sale","11":"shipping-taxable","12":"product-type-external"},"jetpack_sharing_enabled":true,"_links":{"self":[{"href":"https:\/\/ofertacular.com\/index.php\/wp-json\/wp\/v2\/product\/11737","targetHints":{"allow":["GET"]}}],"collection":[{"href":"https:\/\/ofertacular.com\/index.php\/wp-json\/wp\/v2\/product"}],"about":[{"href":"https:\/\/ofertacular.com\/index.php\/wp-json\/wp\/v2\/types\/product"}],"wp:featuredmedia":[{"embeddable":true,"href":"https:\/\/ofertacular.com\/index.php\/wp-json\/wp\/v2\/media\/11736"}],"wp:attachment":[{"href":"https:\/\/ofertacular.com\/index.php\/wp-json\/wp\/v2\/media?parent=11737"}],"wp:term":[{"taxonomy":"store","embeddable":true,"href":"https:\/\/ofertacular.com\/index.php\/wp-json\/wp\/v2\/store?post=11737"},{"taxonomy":"product_brand","embeddable":true,"href":"https:\/\/ofertacular.com\/index.php\/wp-json\/wp\/v2\/product_brand?post=11737"},{"taxonomy":"product_cat","embeddable":true,"href":"https:\/\/ofertacular.com\/index.php\/wp-json\/wp\/v2\/product_cat?post=11737"},{"taxonomy":"product_tag","embeddable":true,"href":"https:\/\/ofertacular.com\/index.php\/wp-json\/wp\/v2\/product_tag?post=11737"}],"curies":[{"name":"wp","href":"https:\/\/api.w.org\/{rel}","templated":true}]}}