{"id":11807,"date":"2026-03-09T07:23:42","date_gmt":"2026-03-09T06:23:42","guid":{"rendered":"https:\/\/ofertacular.com\/index.php\/producto\/eowyn-funko\/"},"modified":"2026-03-09T07:23:42","modified_gmt":"2026-03-09T06:23:42","slug":"eowyn-funko","status":"publish","type":"product","link":"https:\/\/ofertacular.com\/index.php\/producto\/eowyn-funko\/","title":{"rendered":"Eowyn Funko"},"content":{"rendered":"<div class=\"oferta-container\">\ud83d\udfea <b>FUNKO OFERTA<\/b> \ud83d\udfea #Publicidad #Amazon\ud83d\udfe3 <b> Funko Collectible Eowyn Figure<\/b> \u2705 <b>AHORA 9.99 \u20ac<\/b> \u2714\ufe0f\ud83d\udfe1\u274c Antes 16.00 \u20ac \u20ac \ud83d\uded2: https:\/\/btz.es\/5nvGt06\ud83d\udfe2 Ofertacular.com<\/p>\n<p>Descubre la figura Funko Collectible de Eowyn, una pieza imprescindible para los amantes de la fantas\u00eda y la colecci\u00f3n de figuras de vinilo. Esta figura destaca por su dise\u00f1o detallado y calidad superior, perfecta para exhibir y regalar a fan\u00e1ticos de la saga \u00e9pica. Optimizada para coleccionistas y seguidores del universo de fantas\u00eda, esta figura Funko de Eowyn garantiza exclusividad y estilo en tu colecci\u00f3n. Compra ahora y a\u00f1ade un toque \u00fanico y atractivo a tu exhibici\u00f3n con este Funko Collectible de Eowyn.<\/p>\n<\/div>\n","protected":false},"excerpt":{"rendered":"<p>\ud83d\udfea FUNKO OFERTA \ud83d\udfea #Publicidad #Amazon\ud83d\udfe3 Funko Collectible Eowyn Figure \u2705 AHORA 9.99 \u20ac \u2714\ufe0f\ud83d\udfe1\u274c Antes 16.00 \u20ac \u20ac \ud83d\uded2: https:\/\/btz.es\/5nvGt06\ud83d\udfe2 Ofertacular.com Descubre la figura Funko Collectible de Eowyn, una pieza imprescindible para los amantes de la fantas\u00eda y la colecci\u00f3n de figuras de vinilo. Esta figura destaca por su dise\u00f1o detallado y calidad superior, [&hellip;]<\/p>\n","protected":false},"featured_media":11806,"template":"","meta":{"_gspb_post_css":""},"store":[],"product_brand":[],"product_cat":[16],"product_tag":[],"class_list":{"0":"post-11807","1":"product","2":"type-product","3":"status-publish","4":"has-post-thumbnail","6":"product_cat-sin-categorizar","8":"first","9":"instock","10":"sale","11":"shipping-taxable","12":"product-type-external"},"jetpack_sharing_enabled":true,"_links":{"self":[{"href":"https:\/\/ofertacular.com\/index.php\/wp-json\/wp\/v2\/product\/11807","targetHints":{"allow":["GET"]}}],"collection":[{"href":"https:\/\/ofertacular.com\/index.php\/wp-json\/wp\/v2\/product"}],"about":[{"href":"https:\/\/ofertacular.com\/index.php\/wp-json\/wp\/v2\/types\/product"}],"wp:featuredmedia":[{"embeddable":true,"href":"https:\/\/ofertacular.com\/index.php\/wp-json\/wp\/v2\/media\/11806"}],"wp:attachment":[{"href":"https:\/\/ofertacular.com\/index.php\/wp-json\/wp\/v2\/media?parent=11807"}],"wp:term":[{"taxonomy":"store","embeddable":true,"href":"https:\/\/ofertacular.com\/index.php\/wp-json\/wp\/v2\/store?post=11807"},{"taxonomy":"product_brand","embeddable":true,"href":"https:\/\/ofertacular.com\/index.php\/wp-json\/wp\/v2\/product_brand?post=11807"},{"taxonomy":"product_cat","embeddable":true,"href":"https:\/\/ofertacular.com\/index.php\/wp-json\/wp\/v2\/product_cat?post=11807"},{"taxonomy":"product_tag","embeddable":true,"href":"https:\/\/ofertacular.com\/index.php\/wp-json\/wp\/v2\/product_tag?post=11807"}],"curies":[{"name":"wp","href":"https:\/\/api.w.org\/{rel}","templated":true}]}}