{"id":11843,"date":"2026-03-09T08:39:03","date_gmt":"2026-03-09T07:39:03","guid":{"rendered":"https:\/\/ofertacular.com\/index.php\/producto\/power-bank-10\/"},"modified":"2026-03-09T08:39:03","modified_gmt":"2026-03-09T07:39:03","slug":"power-bank-10","status":"publish","type":"product","link":"https:\/\/ofertacular.com\/index.php\/producto\/power-bank-10\/","title":{"rendered":"Power Bank"},"content":{"rendered":"<div class=\"oferta-container\">\n<p>\ud83d\udfe5 <b>\u00a1OFERT\u00d3N!<\/b> \ud83d\udfe5 #Publicidad #Amazon #16<\/p>\n<p>\ud83d\udd34 <b>Power Bank <\/b><\/p>\n<p>\u2705 <b>AHORA 9.99 \u20ac<\/b> \u2714\ufe0f\ud83d\udfe1<\/p>\n<p>\u274c Antes <\/p>\n<p>\ud83d\uded2: <a href=\"https:\/\/btz.es\/5nvZr9K\" target=\"_blank\" rel=\"nofollow noopener\">https:\/\/btz.es\/5nvZr9K<\/a><\/p>\n<p>Descubre la comodidad y eficiencia del Power Bank Aukey, dise\u00f1ado para ofrecer carga r\u00e1pida y segura en tus dispositivos m\u00f3viles. Con capacidad de alta duraci\u00f3n y dise\u00f1o compacto, es el compa\u00f1ero ideal para mantener tus gadgets siempre activos durante viajes o actividades diarias. Garantiza energ\u00eda fiable con Aukey, l\u00edder en soluciones tecnol\u00f3gicas port\u00e1tiles.<\/p>\n<\/p><\/div>\n","protected":false},"excerpt":{"rendered":"<p>\ud83d\udfe5 \u00a1OFERT\u00d3N! \ud83d\udfe5 #Publicidad #Amazon #16 \ud83d\udd34 Power Bank \u2705 AHORA 9.99 \u20ac \u2714\ufe0f\ud83d\udfe1 \u274c Antes \ud83d\uded2: https:\/\/btz.es\/5nvZr9K Descubre la comodidad y eficiencia del Power Bank Aukey, dise\u00f1ado para ofrecer carga r\u00e1pida y segura en tus dispositivos m\u00f3viles. Con capacidad de alta duraci\u00f3n y dise\u00f1o compacto, es el compa\u00f1ero ideal para mantener tus gadgets siempre [&hellip;]<\/p>\n","protected":false},"featured_media":11842,"template":"","meta":{"_gspb_post_css":""},"store":[],"product_brand":[],"product_cat":[16],"product_tag":[],"class_list":{"0":"post-11843","1":"product","2":"type-product","3":"status-publish","4":"has-post-thumbnail","6":"product_cat-sin-categorizar","8":"first","9":"instock","10":"shipping-taxable","11":"product-type-external"},"jetpack_sharing_enabled":true,"_links":{"self":[{"href":"https:\/\/ofertacular.com\/index.php\/wp-json\/wp\/v2\/product\/11843","targetHints":{"allow":["GET"]}}],"collection":[{"href":"https:\/\/ofertacular.com\/index.php\/wp-json\/wp\/v2\/product"}],"about":[{"href":"https:\/\/ofertacular.com\/index.php\/wp-json\/wp\/v2\/types\/product"}],"wp:featuredmedia":[{"embeddable":true,"href":"https:\/\/ofertacular.com\/index.php\/wp-json\/wp\/v2\/media\/11842"}],"wp:attachment":[{"href":"https:\/\/ofertacular.com\/index.php\/wp-json\/wp\/v2\/media?parent=11843"}],"wp:term":[{"taxonomy":"store","embeddable":true,"href":"https:\/\/ofertacular.com\/index.php\/wp-json\/wp\/v2\/store?post=11843"},{"taxonomy":"product_brand","embeddable":true,"href":"https:\/\/ofertacular.com\/index.php\/wp-json\/wp\/v2\/product_brand?post=11843"},{"taxonomy":"product_cat","embeddable":true,"href":"https:\/\/ofertacular.com\/index.php\/wp-json\/wp\/v2\/product_cat?post=11843"},{"taxonomy":"product_tag","embeddable":true,"href":"https:\/\/ofertacular.com\/index.php\/wp-json\/wp\/v2\/product_tag?post=11843"}],"curies":[{"name":"wp","href":"https:\/\/api.w.org\/{rel}","templated":true}]}}