{"id":11865,"date":"2026-03-10T07:40:37","date_gmt":"2026-03-10T06:40:37","guid":{"rendered":"https:\/\/ofertacular.com\/index.php\/producto\/camara-blink\/"},"modified":"2026-03-10T07:40:37","modified_gmt":"2026-03-10T06:40:37","slug":"camara-blink","status":"publish","type":"product","link":"https:\/\/ofertacular.com\/index.php\/producto\/camara-blink\/","title":{"rendered":"C\u00e1mara Blink"},"content":{"rendered":"<div class=\"oferta-container\">\n<p>\ud83d\udfe5 <b>\u00a1NO TE LA PIERDAS!<\/b> \ud83d\udfe5 #Publicidad #Amazon #16<\/p>\n<p>\ud83d\udd34 <b>C\u00e1mara Inteligente <\/b><\/p>\n<p>\u2705 <b>AHORA 49.99 \u20ac<\/b> \u2714\ufe0f\ud83d\udfe1<\/p>\n<p>\u274c Antes 99.99 \u20ac<\/p>\n<p>\ud83d\uded2: <a href=\"https:\/\/btz.es\/5n1Bfdy\" target=\"_blank\" rel=\"nofollow noopener\">https:\/\/btz.es\/5n1Bfdy<\/a><\/p>\n<p>Descubre la C\u00e1mara Inteligente Blink, la soluci\u00f3n perfecta para la seguridad del hogar con tecnolog\u00eda avanzada. Esta c\u00e1mara ofrece im\u00e1genes n\u00edtidas en alta definici\u00f3n, visi\u00f3n nocturna y detecci\u00f3n de movimiento en tiempo real para mantener tu hogar protegido las 24 horas del d\u00eda. Su dise\u00f1o compacto y conexi\u00f3n inal\u00e1mbrica facilitan la instalaci\u00f3n en cualquier espacio, mientras que su integraci\u00f3n con dispositivos inteligentes te permite monitorear todo desde tu smartphone. Optimizada para ofrecer la mejor experiencia de seguridad y control remoto, la C\u00e1mara Blink es la elecci\u00f3n ideal para quienes buscan confianza y eficiencia en vigilancia dom\u00e9stica.<\/p>\n<\/p><\/div>\n","protected":false},"excerpt":{"rendered":"<p>\ud83d\udfe5 \u00a1NO TE LA PIERDAS! \ud83d\udfe5 #Publicidad #Amazon #16 \ud83d\udd34 C\u00e1mara Inteligente \u2705 AHORA 49.99 \u20ac \u2714\ufe0f\ud83d\udfe1 \u274c Antes 99.99 \u20ac \ud83d\uded2: https:\/\/btz.es\/5n1Bfdy Descubre la C\u00e1mara Inteligente Blink, la soluci\u00f3n perfecta para la seguridad del hogar con tecnolog\u00eda avanzada. Esta c\u00e1mara ofrece im\u00e1genes n\u00edtidas en alta definici\u00f3n, visi\u00f3n nocturna y detecci\u00f3n de movimiento en tiempo [&hellip;]<\/p>\n","protected":false},"featured_media":11864,"template":"","meta":{"_gspb_post_css":""},"store":[],"product_brand":[],"product_cat":[16],"product_tag":[],"class_list":{"0":"post-11865","1":"product","2":"type-product","3":"status-publish","4":"has-post-thumbnail","6":"product_cat-sin-categorizar","8":"first","9":"instock","10":"sale","11":"shipping-taxable","12":"product-type-external"},"jetpack_sharing_enabled":true,"_links":{"self":[{"href":"https:\/\/ofertacular.com\/index.php\/wp-json\/wp\/v2\/product\/11865","targetHints":{"allow":["GET"]}}],"collection":[{"href":"https:\/\/ofertacular.com\/index.php\/wp-json\/wp\/v2\/product"}],"about":[{"href":"https:\/\/ofertacular.com\/index.php\/wp-json\/wp\/v2\/types\/product"}],"wp:featuredmedia":[{"embeddable":true,"href":"https:\/\/ofertacular.com\/index.php\/wp-json\/wp\/v2\/media\/11864"}],"wp:attachment":[{"href":"https:\/\/ofertacular.com\/index.php\/wp-json\/wp\/v2\/media?parent=11865"}],"wp:term":[{"taxonomy":"store","embeddable":true,"href":"https:\/\/ofertacular.com\/index.php\/wp-json\/wp\/v2\/store?post=11865"},{"taxonomy":"product_brand","embeddable":true,"href":"https:\/\/ofertacular.com\/index.php\/wp-json\/wp\/v2\/product_brand?post=11865"},{"taxonomy":"product_cat","embeddable":true,"href":"https:\/\/ofertacular.com\/index.php\/wp-json\/wp\/v2\/product_cat?post=11865"},{"taxonomy":"product_tag","embeddable":true,"href":"https:\/\/ofertacular.com\/index.php\/wp-json\/wp\/v2\/product_tag?post=11865"}],"curies":[{"name":"wp","href":"https:\/\/api.w.org\/{rel}","templated":true}]}}