{"id":11992,"date":"2026-03-13T07:35:43","date_gmt":"2026-03-13T06:35:43","guid":{"rendered":"https:\/\/ofertacular.com\/index.php\/producto\/aspirador-compacto\/"},"modified":"2026-03-13T07:35:43","modified_gmt":"2026-03-13T06:35:43","slug":"aspirador-compacto","status":"publish","type":"product","link":"https:\/\/ofertacular.com\/index.php\/producto\/aspirador-compacto\/","title":{"rendered":"Aspirador Compacto"},"content":{"rendered":"<div class=\"oferta-container\">\n<p>\ud83d\udfe5 <b>\u00a1GANGAZO!<\/b> \ud83d\udfe5 #Publicidad #Amazon #16<\/p>\n<p>\ud83d\udd34 <b>Aspirador Compacto <\/b><\/p>\n<p>\u2705 <b>AHORA 39.99 \u20ac<\/b> \u2714\ufe0f\ud83d\udfe1<\/p>\n<p>\u274c Antes 85.37 \u20ac<\/p>\n<p>\ud83d\uded2: <a href=\"https:\/\/btz.es\/5nJh1mE\" target=\"_blank\" rel=\"nofollow noopener\">https:\/\/btz.es\/5nJh1mE<\/a><\/p>\n<p>Descubre el aspirador compacto con tecnolog\u00eda avanzada para una limpieza eficiente y pr\u00e1ctica en espacios reducidos. Perfecto para hogares modernos, este aspirador combina potencia, dise\u00f1o ergon\u00f3mico y bajo consumo energ\u00e9tico. Optimizado para ofrecer un rendimiento excepcional en todo tipo de superficies, es la soluci\u00f3n ideal para mantener tu casa impecable con facilidad y rapidez.<\/p>\n<\/p><\/div>\n","protected":false},"excerpt":{"rendered":"<p>\ud83d\udfe5 \u00a1GANGAZO! \ud83d\udfe5 #Publicidad #Amazon #16 \ud83d\udd34 Aspirador Compacto \u2705 AHORA 39.99 \u20ac \u2714\ufe0f\ud83d\udfe1 \u274c Antes 85.37 \u20ac \ud83d\uded2: https:\/\/btz.es\/5nJh1mE Descubre el aspirador compacto con tecnolog\u00eda avanzada para una limpieza eficiente y pr\u00e1ctica en espacios reducidos. Perfecto para hogares modernos, este aspirador combina potencia, dise\u00f1o ergon\u00f3mico y bajo consumo energ\u00e9tico. Optimizado para ofrecer un rendimiento [&hellip;]<\/p>\n","protected":false},"featured_media":11991,"template":"","meta":{"_gspb_post_css":""},"store":[],"product_brand":[],"product_cat":[16],"product_tag":[],"class_list":{"0":"post-11992","1":"product","2":"type-product","3":"status-publish","4":"has-post-thumbnail","6":"product_cat-sin-categorizar","8":"first","9":"instock","10":"sale","11":"shipping-taxable","12":"product-type-external"},"jetpack_sharing_enabled":true,"_links":{"self":[{"href":"https:\/\/ofertacular.com\/index.php\/wp-json\/wp\/v2\/product\/11992","targetHints":{"allow":["GET"]}}],"collection":[{"href":"https:\/\/ofertacular.com\/index.php\/wp-json\/wp\/v2\/product"}],"about":[{"href":"https:\/\/ofertacular.com\/index.php\/wp-json\/wp\/v2\/types\/product"}],"wp:featuredmedia":[{"embeddable":true,"href":"https:\/\/ofertacular.com\/index.php\/wp-json\/wp\/v2\/media\/11991"}],"wp:attachment":[{"href":"https:\/\/ofertacular.com\/index.php\/wp-json\/wp\/v2\/media?parent=11992"}],"wp:term":[{"taxonomy":"store","embeddable":true,"href":"https:\/\/ofertacular.com\/index.php\/wp-json\/wp\/v2\/store?post=11992"},{"taxonomy":"product_brand","embeddable":true,"href":"https:\/\/ofertacular.com\/index.php\/wp-json\/wp\/v2\/product_brand?post=11992"},{"taxonomy":"product_cat","embeddable":true,"href":"https:\/\/ofertacular.com\/index.php\/wp-json\/wp\/v2\/product_cat?post=11992"},{"taxonomy":"product_tag","embeddable":true,"href":"https:\/\/ofertacular.com\/index.php\/wp-json\/wp\/v2\/product_tag?post=11992"}],"curies":[{"name":"wp","href":"https:\/\/api.w.org\/{rel}","templated":true}]}}