{"id":12038,"date":"2026-03-16T07:44:09","date_gmt":"2026-03-16T06:44:09","guid":{"rendered":"https:\/\/ofertacular.com\/index.php\/producto\/colchon-viscoelastico-7\/"},"modified":"2026-03-16T07:44:09","modified_gmt":"2026-03-16T06:44:09","slug":"colchon-viscoelastico-7","status":"publish","type":"product","link":"https:\/\/ofertacular.com\/index.php\/producto\/colchon-viscoelastico-7\/","title":{"rendered":"Colch\u00f3n Viscoel\u00e1stico"},"content":{"rendered":"<div class=\"oferta-container\">\n<p>\ud83d\udfe5 <b>AHORRA AQU\u00cd<\/b> \ud83d\udfe5 #Publicidad #Amazon #16<\/p>\n<p>\ud83d\udd34 <b>Colch\u00f3n Viscoel\u00e1stico <\/b><\/p>\n<p>\u2705 <b>AHORA 56.99 \u20ac<\/b> \u2714\ufe0f\ud83d\udfe1<\/p>\n<p>\u274c Antes 73.89 \u20ac<\/p>\n<p>\ud83d\uded2: <a href=\"https:\/\/btz.es\/5oaHiNZ\" target=\"_blank\" rel=\"nofollow noopener\">https:\/\/btz.es\/5oaHiNZ<\/a><\/p>\n<p>Experimenta el m\u00e1ximo confort y soporte con nuestro colch\u00f3n viscoel\u00e1stico de \u00faltima generaci\u00f3n. Dise\u00f1ado para adaptarse a la forma de tu cuerpo, reduce puntos de presi\u00f3n y mejora la calidad de tu sue\u00f1o. Ideal para quienes buscan un descanso reparador y saludable, promoviendo una postura correcta y aliviando el dolor muscular. Fabricado con materiales de alta calidad, garantiza durabilidad y frescura durante toda la noche. Perfecto para dormitorio principal o invitados, este colch\u00f3n viscoel\u00e1stico se convierte en la opci\u00f3n ideal para mejorar tu bienestar y descanso. \u00a1Descubre el placer de dormir bien cada noche!<\/p>\n<\/p><\/div>\n","protected":false},"excerpt":{"rendered":"<p>\ud83d\udfe5 AHORRA AQU\u00cd \ud83d\udfe5 #Publicidad #Amazon #16 \ud83d\udd34 Colch\u00f3n Viscoel\u00e1stico \u2705 AHORA 56.99 \u20ac \u2714\ufe0f\ud83d\udfe1 \u274c Antes 73.89 \u20ac \ud83d\uded2: https:\/\/btz.es\/5oaHiNZ Experimenta el m\u00e1ximo confort y soporte con nuestro colch\u00f3n viscoel\u00e1stico de \u00faltima generaci\u00f3n. Dise\u00f1ado para adaptarse a la forma de tu cuerpo, reduce puntos de presi\u00f3n y mejora la calidad de tu sue\u00f1o. Ideal [&hellip;]<\/p>\n","protected":false},"featured_media":12037,"template":"","meta":{"_gspb_post_css":""},"store":[],"product_brand":[],"product_cat":[16],"product_tag":[],"class_list":{"0":"post-12038","1":"product","2":"type-product","3":"status-publish","4":"has-post-thumbnail","6":"product_cat-sin-categorizar","8":"first","9":"instock","10":"sale","11":"shipping-taxable","12":"product-type-external"},"jetpack_sharing_enabled":true,"_links":{"self":[{"href":"https:\/\/ofertacular.com\/index.php\/wp-json\/wp\/v2\/product\/12038","targetHints":{"allow":["GET"]}}],"collection":[{"href":"https:\/\/ofertacular.com\/index.php\/wp-json\/wp\/v2\/product"}],"about":[{"href":"https:\/\/ofertacular.com\/index.php\/wp-json\/wp\/v2\/types\/product"}],"wp:featuredmedia":[{"embeddable":true,"href":"https:\/\/ofertacular.com\/index.php\/wp-json\/wp\/v2\/media\/12037"}],"wp:attachment":[{"href":"https:\/\/ofertacular.com\/index.php\/wp-json\/wp\/v2\/media?parent=12038"}],"wp:term":[{"taxonomy":"store","embeddable":true,"href":"https:\/\/ofertacular.com\/index.php\/wp-json\/wp\/v2\/store?post=12038"},{"taxonomy":"product_brand","embeddable":true,"href":"https:\/\/ofertacular.com\/index.php\/wp-json\/wp\/v2\/product_brand?post=12038"},{"taxonomy":"product_cat","embeddable":true,"href":"https:\/\/ofertacular.com\/index.php\/wp-json\/wp\/v2\/product_cat?post=12038"},{"taxonomy":"product_tag","embeddable":true,"href":"https:\/\/ofertacular.com\/index.php\/wp-json\/wp\/v2\/product_tag?post=12038"}],"curies":[{"name":"wp","href":"https:\/\/api.w.org\/{rel}","templated":true}]}}