{"id":12117,"date":"2026-03-17T14:15:26","date_gmt":"2026-03-17T13:15:26","guid":{"rendered":"https:\/\/ofertacular.com\/index.php\/producto\/astarion-funko\/"},"modified":"2026-03-17T14:15:26","modified_gmt":"2026-03-17T13:15:26","slug":"astarion-funko","status":"publish","type":"product","link":"https:\/\/ofertacular.com\/index.php\/producto\/astarion-funko\/","title":{"rendered":"Astarion Funko"},"content":{"rendered":"<div class=\"oferta-container\">\ud83d\udfea <b>FUNKAZO<\/b> \ud83d\udfea #Publicidad #Amazon\ud83d\udfe3 <b> Funko D&amp;D Astarion Chase<\/b> \u2705 <b>AHORA 9.99 \u20ac<\/b> \u2714\ufe0f\ud83d\udfe1\u274c Antes 16.00 \u20ac \u20ac \ud83d\uded2: https:\/\/btz.es\/5oiikMP\ud83d\udfe2 Ofertacular.com<\/p>\n<p>Descubre la exclusiva figura Funko POP! Dungeons &amp; Dragons de Astarion variante Chase, un must para los coleccionistas y fan\u00e1ticos del universo D&amp;D. Esta edici\u00f3n especial captura la esencia del carism\u00e1tico vampiro rogue, con detalles \u00fanicos que la diferencian de la versi\u00f3n est\u00e1ndar. Ideal para exhibir en tu colecci\u00f3n o para regalar a amantes de los juegos de rol y figuras de edici\u00f3n limitada. A\u00f1ade este Funko Chase Astarion a tu cat\u00e1logo y destaca entre los aficionados con una pieza que combina originalidad y exclusividad.<\/p>\n<\/div>\n","protected":false},"excerpt":{"rendered":"<p>\ud83d\udfea FUNKAZO \ud83d\udfea #Publicidad #Amazon\ud83d\udfe3 Funko D&amp;D Astarion Chase \u2705 AHORA 9.99 \u20ac \u2714\ufe0f\ud83d\udfe1\u274c Antes 16.00 \u20ac \u20ac \ud83d\uded2: https:\/\/btz.es\/5oiikMP\ud83d\udfe2 Ofertacular.com Descubre la exclusiva figura Funko POP! Dungeons &amp; Dragons de Astarion variante Chase, un must para los coleccionistas y fan\u00e1ticos del universo D&amp;D. Esta edici\u00f3n especial captura la esencia del carism\u00e1tico vampiro rogue, con [&hellip;]<\/p>\n","protected":false},"featured_media":12116,"template":"","meta":{"_gspb_post_css":""},"store":[],"product_brand":[],"product_cat":[16],"product_tag":[],"class_list":{"0":"post-12117","1":"product","2":"type-product","3":"status-publish","4":"has-post-thumbnail","6":"product_cat-sin-categorizar","8":"first","9":"instock","10":"sale","11":"shipping-taxable","12":"product-type-external"},"jetpack_sharing_enabled":true,"_links":{"self":[{"href":"https:\/\/ofertacular.com\/index.php\/wp-json\/wp\/v2\/product\/12117","targetHints":{"allow":["GET"]}}],"collection":[{"href":"https:\/\/ofertacular.com\/index.php\/wp-json\/wp\/v2\/product"}],"about":[{"href":"https:\/\/ofertacular.com\/index.php\/wp-json\/wp\/v2\/types\/product"}],"wp:featuredmedia":[{"embeddable":true,"href":"https:\/\/ofertacular.com\/index.php\/wp-json\/wp\/v2\/media\/12116"}],"wp:attachment":[{"href":"https:\/\/ofertacular.com\/index.php\/wp-json\/wp\/v2\/media?parent=12117"}],"wp:term":[{"taxonomy":"store","embeddable":true,"href":"https:\/\/ofertacular.com\/index.php\/wp-json\/wp\/v2\/store?post=12117"},{"taxonomy":"product_brand","embeddable":true,"href":"https:\/\/ofertacular.com\/index.php\/wp-json\/wp\/v2\/product_brand?post=12117"},{"taxonomy":"product_cat","embeddable":true,"href":"https:\/\/ofertacular.com\/index.php\/wp-json\/wp\/v2\/product_cat?post=12117"},{"taxonomy":"product_tag","embeddable":true,"href":"https:\/\/ofertacular.com\/index.php\/wp-json\/wp\/v2\/product_tag?post=12117"}],"curies":[{"name":"wp","href":"https:\/\/api.w.org\/{rel}","templated":true}]}}