{"id":12341,"date":"2026-03-27T06:47:12","date_gmt":"2026-03-27T05:47:12","guid":{"rendered":"https:\/\/ofertacular.com\/index.php\/producto\/reebok-mochila-5\/"},"modified":"2026-03-27T06:47:12","modified_gmt":"2026-03-27T05:47:12","slug":"reebok-mochila-5","status":"publish","type":"product","link":"https:\/\/ofertacular.com\/index.php\/producto\/reebok-mochila-5\/","title":{"rendered":"Reebok Mochila"},"content":{"rendered":"<div class=\"oferta-container\">\n<p>\ud83d\udfe5 <b>\u00a1S\u00d3LO HOY!<\/b> \ud83d\udfe5 #Publicidad #Amazon #16<\/p>\n<p>\ud83d\udd34 <b>Mochila Reebok <\/b><\/p>\n<p>\u2705 <b>AHORA 14.49 \u20ac<\/b> \u2714\ufe0f\ud83d\udfe1<\/p>\n<p>\u274c Antes 24.99 \u20ac<\/p>\n<p>\ud83d\uded2: <a href=\"https:\/\/btz.es\/5pcMAu8\" target=\"_blank\" rel=\"nofollow noopener\">https:\/\/btz.es\/5pcMAu8<\/a><\/p>\n<p>Descubre la mochila Reebok, dise\u00f1ada para ofrecer m\u00e1xima comodidad y durabilidad. Ideal para el d\u00eda a d\u00eda, el gimnasio o tus aventuras urbanas, esta mochila combina estilo y funcionalidad con materiales resistentes y un dise\u00f1o ergon\u00f3mico. Perfecta para quienes buscan calidad y practicidad en un solo producto, la mochila Reebok es tu compa\u00f1era ideal para transportar todo lo que necesitas de forma segura y con estilo.<\/p>\n<\/p><\/div>\n","protected":false},"excerpt":{"rendered":"<p>\ud83d\udfe5 \u00a1S\u00d3LO HOY! \ud83d\udfe5 #Publicidad #Amazon #16 \ud83d\udd34 Mochila Reebok \u2705 AHORA 14.49 \u20ac \u2714\ufe0f\ud83d\udfe1 \u274c Antes 24.99 \u20ac \ud83d\uded2: https:\/\/btz.es\/5pcMAu8 Descubre la mochila Reebok, dise\u00f1ada para ofrecer m\u00e1xima comodidad y durabilidad. Ideal para el d\u00eda a d\u00eda, el gimnasio o tus aventuras urbanas, esta mochila combina estilo y funcionalidad con materiales resistentes y un [&hellip;]<\/p>\n","protected":false},"featured_media":12340,"template":"","meta":{"_gspb_post_css":""},"store":[],"product_brand":[],"product_cat":[16],"product_tag":[],"class_list":{"0":"post-12341","1":"product","2":"type-product","3":"status-publish","4":"has-post-thumbnail","6":"product_cat-sin-categorizar","8":"first","9":"instock","10":"sale","11":"shipping-taxable","12":"product-type-external"},"jetpack_sharing_enabled":true,"_links":{"self":[{"href":"https:\/\/ofertacular.com\/index.php\/wp-json\/wp\/v2\/product\/12341","targetHints":{"allow":["GET"]}}],"collection":[{"href":"https:\/\/ofertacular.com\/index.php\/wp-json\/wp\/v2\/product"}],"about":[{"href":"https:\/\/ofertacular.com\/index.php\/wp-json\/wp\/v2\/types\/product"}],"wp:featuredmedia":[{"embeddable":true,"href":"https:\/\/ofertacular.com\/index.php\/wp-json\/wp\/v2\/media\/12340"}],"wp:attachment":[{"href":"https:\/\/ofertacular.com\/index.php\/wp-json\/wp\/v2\/media?parent=12341"}],"wp:term":[{"taxonomy":"store","embeddable":true,"href":"https:\/\/ofertacular.com\/index.php\/wp-json\/wp\/v2\/store?post=12341"},{"taxonomy":"product_brand","embeddable":true,"href":"https:\/\/ofertacular.com\/index.php\/wp-json\/wp\/v2\/product_brand?post=12341"},{"taxonomy":"product_cat","embeddable":true,"href":"https:\/\/ofertacular.com\/index.php\/wp-json\/wp\/v2\/product_cat?post=12341"},{"taxonomy":"product_tag","embeddable":true,"href":"https:\/\/ofertacular.com\/index.php\/wp-json\/wp\/v2\/product_tag?post=12341"}],"curies":[{"name":"wp","href":"https:\/\/api.w.org\/{rel}","templated":true}]}}