{"id":12411,"date":"2026-03-30T07:54:21","date_gmt":"2026-03-30T05:54:21","guid":{"rendered":"https:\/\/ofertacular.com\/index.php\/producto\/adidas-running-9\/"},"modified":"2026-03-30T07:54:21","modified_gmt":"2026-03-30T05:54:21","slug":"adidas-running-9","status":"publish","type":"product","link":"https:\/\/ofertacular.com\/index.php\/producto\/adidas-running-9\/","title":{"rendered":"adidas Running"},"content":{"rendered":"<div class=\"oferta-container\">\n<p>\ud83d\udfe5 <b>ES UN CHOLL\u00d3N<\/b> \ud83d\udfe5 #Publicidad #Amazon #16<\/p>\n<p>\ud83d\udd34 <b>Running adidas <\/b><\/p>\n<p>\u2705 <b>AHORA 29.99 \u20ac<\/b> \u2714\ufe0f\ud83d\udfe1<\/p>\n<p>\u274c Antes 55.00 \u20ac<\/p>\n<p>\ud83d\uded2: <a href=\"https:\/\/btz.es\/5puvXFB\" target=\"_blank\" rel=\"nofollow noopener\">https:\/\/btz.es\/5puvXFB<\/a><\/p>\n<p>Descubre la excelencia en calzado y ropa Running adidas, dise\u00f1ados para ofrecer confort y rendimiento superior en cada paso. Optimiza tu entrenamiento con la tecnolog\u00eda avanzada y el estilo inconfundible de adidas, la marca l\u00edder en deporte a nivel mundial. Perfecto para corredores que buscan calidad y durabilidad en cada carrera.<\/p>\n<\/p><\/div>\n","protected":false},"excerpt":{"rendered":"<p>\ud83d\udfe5 ES UN CHOLL\u00d3N \ud83d\udfe5 #Publicidad #Amazon #16 \ud83d\udd34 Running adidas \u2705 AHORA 29.99 \u20ac \u2714\ufe0f\ud83d\udfe1 \u274c Antes 55.00 \u20ac \ud83d\uded2: https:\/\/btz.es\/5puvXFB Descubre la excelencia en calzado y ropa Running adidas, dise\u00f1ados para ofrecer confort y rendimiento superior en cada paso. Optimiza tu entrenamiento con la tecnolog\u00eda avanzada y el estilo inconfundible de adidas, la [&hellip;]<\/p>\n","protected":false},"featured_media":12410,"template":"","meta":{"_gspb_post_css":""},"store":[],"product_brand":[],"product_cat":[16],"product_tag":[],"class_list":{"0":"post-12411","1":"product","2":"type-product","3":"status-publish","4":"has-post-thumbnail","6":"product_cat-sin-categorizar","8":"first","9":"instock","10":"sale","11":"shipping-taxable","12":"product-type-external"},"jetpack_sharing_enabled":true,"_links":{"self":[{"href":"https:\/\/ofertacular.com\/index.php\/wp-json\/wp\/v2\/product\/12411","targetHints":{"allow":["GET"]}}],"collection":[{"href":"https:\/\/ofertacular.com\/index.php\/wp-json\/wp\/v2\/product"}],"about":[{"href":"https:\/\/ofertacular.com\/index.php\/wp-json\/wp\/v2\/types\/product"}],"wp:featuredmedia":[{"embeddable":true,"href":"https:\/\/ofertacular.com\/index.php\/wp-json\/wp\/v2\/media\/12410"}],"wp:attachment":[{"href":"https:\/\/ofertacular.com\/index.php\/wp-json\/wp\/v2\/media?parent=12411"}],"wp:term":[{"taxonomy":"store","embeddable":true,"href":"https:\/\/ofertacular.com\/index.php\/wp-json\/wp\/v2\/store?post=12411"},{"taxonomy":"product_brand","embeddable":true,"href":"https:\/\/ofertacular.com\/index.php\/wp-json\/wp\/v2\/product_brand?post=12411"},{"taxonomy":"product_cat","embeddable":true,"href":"https:\/\/ofertacular.com\/index.php\/wp-json\/wp\/v2\/product_cat?post=12411"},{"taxonomy":"product_tag","embeddable":true,"href":"https:\/\/ofertacular.com\/index.php\/wp-json\/wp\/v2\/product_tag?post=12411"}],"curies":[{"name":"wp","href":"https:\/\/api.w.org\/{rel}","templated":true}]}}