{"id":12500,"date":"2026-04-06T08:50:29","date_gmt":"2026-04-06T06:50:29","guid":{"rendered":"https:\/\/ofertacular.com\/index.php\/producto\/botella-futura\/"},"modified":"2026-04-06T08:50:29","modified_gmt":"2026-04-06T06:50:29","slug":"botella-futura","status":"publish","type":"product","link":"https:\/\/ofertacular.com\/index.php\/producto\/botella-futura\/","title":{"rendered":"Botella Futura"},"content":{"rendered":"<div class=\"oferta-container\">\n<p>\ud83d\udfe5 <b>\u00a1OFERT\u00d3N!<\/b> \ud83d\udfe5 #Publicidad #Amazon #16<\/p>\n<p>\ud83d\udd34 <b>Botella agua <\/b><\/p>\n<p>\u2705 <b>AHORA 8.99 \u20ac<\/b> \u2714\ufe0f\ud83d\udfe1<\/p>\n<p>\u274c Antes 9.50 \u20ac<\/p>\n<p>\ud83d\uded2: <a href=\"https:\/\/btz.es\/5pZ5LNk\" target=\"_blank\" rel=\"nofollow noopener\">https:\/\/btz.es\/5pZ5LNk<\/a><\/p>\n<p>Descubre la Botella Futura, un accesorio esencial para mantenerte hidratado durante todo el d\u00eda. Con un dise\u00f1o innovador y materiales de alta calidad, esta botella garantiza durabilidad y estilo. Ideal para uso diario, deportes y aventuras al aire libre. Adem\u00e1s, su f\u00e1cil limpieza y resistencia la convierten en la elecci\u00f3n perfecta para quienes buscan funcionalidad y elegancia en un solo producto.<\/p>\n<\/p><\/div>\n","protected":false},"excerpt":{"rendered":"<p>\ud83d\udfe5 \u00a1OFERT\u00d3N! \ud83d\udfe5 #Publicidad #Amazon #16 \ud83d\udd34 Botella agua \u2705 AHORA 8.99 \u20ac \u2714\ufe0f\ud83d\udfe1 \u274c Antes 9.50 \u20ac \ud83d\uded2: https:\/\/btz.es\/5pZ5LNk Descubre la Botella Futura, un accesorio esencial para mantenerte hidratado durante todo el d\u00eda. Con un dise\u00f1o innovador y materiales de alta calidad, esta botella garantiza durabilidad y estilo. Ideal para uso diario, deportes y [&hellip;]<\/p>\n","protected":false},"featured_media":12499,"template":"","meta":{"_gspb_post_css":""},"store":[],"product_brand":[],"product_cat":[16],"product_tag":[],"class_list":{"0":"post-12500","1":"product","2":"type-product","3":"status-publish","4":"has-post-thumbnail","6":"product_cat-sin-categorizar","8":"first","9":"instock","10":"sale","11":"shipping-taxable","12":"product-type-external"},"jetpack_sharing_enabled":true,"_links":{"self":[{"href":"https:\/\/ofertacular.com\/index.php\/wp-json\/wp\/v2\/product\/12500","targetHints":{"allow":["GET"]}}],"collection":[{"href":"https:\/\/ofertacular.com\/index.php\/wp-json\/wp\/v2\/product"}],"about":[{"href":"https:\/\/ofertacular.com\/index.php\/wp-json\/wp\/v2\/types\/product"}],"wp:featuredmedia":[{"embeddable":true,"href":"https:\/\/ofertacular.com\/index.php\/wp-json\/wp\/v2\/media\/12499"}],"wp:attachment":[{"href":"https:\/\/ofertacular.com\/index.php\/wp-json\/wp\/v2\/media?parent=12500"}],"wp:term":[{"taxonomy":"store","embeddable":true,"href":"https:\/\/ofertacular.com\/index.php\/wp-json\/wp\/v2\/store?post=12500"},{"taxonomy":"product_brand","embeddable":true,"href":"https:\/\/ofertacular.com\/index.php\/wp-json\/wp\/v2\/product_brand?post=12500"},{"taxonomy":"product_cat","embeddable":true,"href":"https:\/\/ofertacular.com\/index.php\/wp-json\/wp\/v2\/product_cat?post=12500"},{"taxonomy":"product_tag","embeddable":true,"href":"https:\/\/ofertacular.com\/index.php\/wp-json\/wp\/v2\/product_tag?post=12500"}],"curies":[{"name":"wp","href":"https:\/\/api.w.org\/{rel}","templated":true}]}}