{"id":12592,"date":"2026-04-08T08:32:20","date_gmt":"2026-04-08T06:32:20","guid":{"rendered":"https:\/\/ofertacular.com\/index.php\/producto\/donerton-smartwatch\/"},"modified":"2026-04-08T08:32:20","modified_gmt":"2026-04-08T06:32:20","slug":"donerton-smartwatch","status":"publish","type":"product","link":"https:\/\/ofertacular.com\/index.php\/producto\/donerton-smartwatch\/","title":{"rendered":"Donerton Smartwatch"},"content":{"rendered":"<div class=\"oferta-container\">\n<p>\ud83d\udfe5 <b>CHOLLAZO<\/b> \ud83d\udfe5 #Publicidad #Amazon #16<\/p>\n<p>\ud83d\udd34 <b>Smartwatch Donerton <\/b><\/p>\n<p>\u2705 <b>AHORA 13.99 \u20ac<\/b> \u2714\ufe0f\ud83d\udfe1<\/p>\n<p>\u274c Antes <\/p>\n<p>\ud83d\uded2: <a href=\"https:\/\/btz.es\/5qlip9Q\" target=\"_blank\" rel=\"nofollow noopener\">https:\/\/btz.es\/5qlip9Q<\/a><\/p>\n<p>Descubre el Smartwatch Donerton, un dispositivo inteligente dise\u00f1ado para acompa\u00f1arte en tu d\u00eda a d\u00eda con estilo y funcionalidad. Con caracter\u00edsticas avanzadas como monitoreo de actividad f\u00edsica, notificaciones inteligentes y una interfaz intuitiva, este reloj inteligente es perfecto para quienes buscan combinar tecnolog\u00eda y moda. Optimizado para brindar una experiencia \u00f3ptima, el Smartwatch Donerton es tu aliado ideal para mantenerte conectado y saludable.<\/p>\n<\/p><\/div>\n","protected":false},"excerpt":{"rendered":"<p>\ud83d\udfe5 CHOLLAZO \ud83d\udfe5 #Publicidad #Amazon #16 \ud83d\udd34 Smartwatch Donerton \u2705 AHORA 13.99 \u20ac \u2714\ufe0f\ud83d\udfe1 \u274c Antes \ud83d\uded2: https:\/\/btz.es\/5qlip9Q Descubre el Smartwatch Donerton, un dispositivo inteligente dise\u00f1ado para acompa\u00f1arte en tu d\u00eda a d\u00eda con estilo y funcionalidad. Con caracter\u00edsticas avanzadas como monitoreo de actividad f\u00edsica, notificaciones inteligentes y una interfaz intuitiva, este reloj inteligente es [&hellip;]<\/p>\n","protected":false},"featured_media":12591,"template":"","meta":{"_gspb_post_css":""},"store":[],"product_brand":[],"product_cat":[16],"product_tag":[],"class_list":{"0":"post-12592","1":"product","2":"type-product","3":"status-publish","4":"has-post-thumbnail","6":"product_cat-sin-categorizar","8":"first","9":"instock","10":"shipping-taxable","11":"product-type-external"},"jetpack_sharing_enabled":true,"_links":{"self":[{"href":"https:\/\/ofertacular.com\/index.php\/wp-json\/wp\/v2\/product\/12592","targetHints":{"allow":["GET"]}}],"collection":[{"href":"https:\/\/ofertacular.com\/index.php\/wp-json\/wp\/v2\/product"}],"about":[{"href":"https:\/\/ofertacular.com\/index.php\/wp-json\/wp\/v2\/types\/product"}],"wp:featuredmedia":[{"embeddable":true,"href":"https:\/\/ofertacular.com\/index.php\/wp-json\/wp\/v2\/media\/12591"}],"wp:attachment":[{"href":"https:\/\/ofertacular.com\/index.php\/wp-json\/wp\/v2\/media?parent=12592"}],"wp:term":[{"taxonomy":"store","embeddable":true,"href":"https:\/\/ofertacular.com\/index.php\/wp-json\/wp\/v2\/store?post=12592"},{"taxonomy":"product_brand","embeddable":true,"href":"https:\/\/ofertacular.com\/index.php\/wp-json\/wp\/v2\/product_brand?post=12592"},{"taxonomy":"product_cat","embeddable":true,"href":"https:\/\/ofertacular.com\/index.php\/wp-json\/wp\/v2\/product_cat?post=12592"},{"taxonomy":"product_tag","embeddable":true,"href":"https:\/\/ofertacular.com\/index.php\/wp-json\/wp\/v2\/product_tag?post=12592"}],"curies":[{"name":"wp","href":"https:\/\/api.w.org\/{rel}","templated":true}]}}