{"id":12620,"date":"2026-04-09T10:08:46","date_gmt":"2026-04-09T08:08:46","guid":{"rendered":"https:\/\/ofertacular.com\/index.php\/producto\/dolce-gusto-5\/"},"modified":"2026-04-09T10:08:46","modified_gmt":"2026-04-09T08:08:46","slug":"dolce-gusto-5","status":"publish","type":"product","link":"https:\/\/ofertacular.com\/index.php\/producto\/dolce-gusto-5\/","title":{"rendered":"Dolce Gusto"},"content":{"rendered":"<div class=\"oferta-container\">\n<p>\ud83d\udfe5 <b>\u00a1NO TE LA PIERDAS!<\/b> \ud83d\udfe5 #Publicidad #Amazon #16<\/p>\n<p>\ud83d\udd34 <b>Cafetera Dolce Gusto <\/b><\/p>\n<p>\u2705 <b>AHORA 64 \u20ac<\/b> \u2714\ufe0f\ud83d\udfe1<\/p>\n<p>\u274c Antes 104.99 \u20ac<\/p>\n<p>\ud83d\uded2: <a href=\"https:\/\/btz.es\/5qrxd6Z\" target=\"_blank\" rel=\"nofollow noopener\">https:\/\/btz.es\/5qrxd6Z<\/a><\/p>\n<p>Descubre la Cafetera Dolce Gusto, la soluci\u00f3n perfecta para preparar deliciosas bebidas de caf\u00e9 en casa con calidad profesional. Su innovador sistema de c\u00e1psulas garantiza una preparaci\u00f3n r\u00e1pida y sencilla, manteniendo el aroma y sabor aut\u00e9ntico en cada taza. Ideal para los amantes del caf\u00e9 que buscan conveniencia sin sacrificar el sabor. Optimizada para ofrecer una experiencia \u00fanica, la Cafetera Dolce Gusto es el aliado perfecto para tus momentos de caf\u00e9 diario.<\/p>\n<\/p><\/div>\n","protected":false},"excerpt":{"rendered":"<p>\ud83d\udfe5 \u00a1NO TE LA PIERDAS! \ud83d\udfe5 #Publicidad #Amazon #16 \ud83d\udd34 Cafetera Dolce Gusto \u2705 AHORA 64 \u20ac \u2714\ufe0f\ud83d\udfe1 \u274c Antes 104.99 \u20ac \ud83d\uded2: https:\/\/btz.es\/5qrxd6Z Descubre la Cafetera Dolce Gusto, la soluci\u00f3n perfecta para preparar deliciosas bebidas de caf\u00e9 en casa con calidad profesional. Su innovador sistema de c\u00e1psulas garantiza una preparaci\u00f3n r\u00e1pida y sencilla, manteniendo [&hellip;]<\/p>\n","protected":false},"featured_media":12619,"template":"","meta":{"_gspb_post_css":""},"store":[],"product_brand":[],"product_cat":[16],"product_tag":[],"class_list":{"0":"post-12620","1":"product","2":"type-product","3":"status-publish","4":"has-post-thumbnail","6":"product_cat-sin-categorizar","8":"first","9":"instock","10":"sale","11":"shipping-taxable","12":"product-type-external"},"jetpack_sharing_enabled":true,"_links":{"self":[{"href":"https:\/\/ofertacular.com\/index.php\/wp-json\/wp\/v2\/product\/12620","targetHints":{"allow":["GET"]}}],"collection":[{"href":"https:\/\/ofertacular.com\/index.php\/wp-json\/wp\/v2\/product"}],"about":[{"href":"https:\/\/ofertacular.com\/index.php\/wp-json\/wp\/v2\/types\/product"}],"wp:featuredmedia":[{"embeddable":true,"href":"https:\/\/ofertacular.com\/index.php\/wp-json\/wp\/v2\/media\/12619"}],"wp:attachment":[{"href":"https:\/\/ofertacular.com\/index.php\/wp-json\/wp\/v2\/media?parent=12620"}],"wp:term":[{"taxonomy":"store","embeddable":true,"href":"https:\/\/ofertacular.com\/index.php\/wp-json\/wp\/v2\/store?post=12620"},{"taxonomy":"product_brand","embeddable":true,"href":"https:\/\/ofertacular.com\/index.php\/wp-json\/wp\/v2\/product_brand?post=12620"},{"taxonomy":"product_cat","embeddable":true,"href":"https:\/\/ofertacular.com\/index.php\/wp-json\/wp\/v2\/product_cat?post=12620"},{"taxonomy":"product_tag","embeddable":true,"href":"https:\/\/ofertacular.com\/index.php\/wp-json\/wp\/v2\/product_tag?post=12620"}],"curies":[{"name":"wp","href":"https:\/\/api.w.org\/{rel}","templated":true}]}}