{"id":12622,"date":"2026-04-10T07:14:10","date_gmt":"2026-04-10T05:14:10","guid":{"rendered":"https:\/\/ofertacular.com\/index.php\/producto\/joma-bermuda-3\/"},"modified":"2026-04-10T07:14:10","modified_gmt":"2026-04-10T05:14:10","slug":"joma-bermuda-3","status":"publish","type":"product","link":"https:\/\/ofertacular.com\/index.php\/producto\/joma-bermuda-3\/","title":{"rendered":"Joma Bermuda"},"content":{"rendered":"<div class=\"oferta-container\">\n<p>\ud83d\udfe5 <b>\u00a1APROVECHA!<\/b> \ud83d\udfe5 #Publicidad #Amazon #16<\/p>\n<p>\ud83d\udd34 <b>Bermuda Joma <\/b><\/p>\n<p>\u2705 <b>AHORA 5.99 \u20ac<\/b> \u2714\ufe0f\ud83d\udfe1<\/p>\n<p>\u274c Antes 10.50 \u20ac<\/p>\n<p>\ud83d\uded2: <a href=\"https:\/\/btz.es\/5qw5CLQ\" target=\"_blank\" rel=\"nofollow noopener\">https:\/\/btz.es\/5qw5CLQ<\/a><\/p>\n<p>Descubre la comodidad y estilo con la bermuda Joma, dise\u00f1ada para ofrecer un ajuste perfecto y gran transpirabilidad en cada actividad. Ideal para deporte y uso diario, esta prenda combina funcionalidad y moda para mejorar tu rendimiento y apariencia. Aprovecha su dise\u00f1o innovador que garantiza libertad de movimiento y durabilidad, convirti\u00e9ndola en la elecci\u00f3n perfecta para quienes buscan calidad y estilo en sus outfits. Eleva tu armario con la bermuda Joma, sin\u00f3nimo de confianza y excelencia en ropa deportiva.<\/p>\n<\/p><\/div>\n","protected":false},"excerpt":{"rendered":"<p>\ud83d\udfe5 \u00a1APROVECHA! \ud83d\udfe5 #Publicidad #Amazon #16 \ud83d\udd34 Bermuda Joma \u2705 AHORA 5.99 \u20ac \u2714\ufe0f\ud83d\udfe1 \u274c Antes 10.50 \u20ac \ud83d\uded2: https:\/\/btz.es\/5qw5CLQ Descubre la comodidad y estilo con la bermuda Joma, dise\u00f1ada para ofrecer un ajuste perfecto y gran transpirabilidad en cada actividad. Ideal para deporte y uso diario, esta prenda combina funcionalidad y moda para mejorar [&hellip;]<\/p>\n","protected":false},"featured_media":12621,"template":"","meta":{"_gspb_post_css":""},"store":[],"product_brand":[],"product_cat":[16],"product_tag":[],"class_list":{"0":"post-12622","1":"product","2":"type-product","3":"status-publish","4":"has-post-thumbnail","6":"product_cat-sin-categorizar","8":"first","9":"instock","10":"sale","11":"shipping-taxable","12":"product-type-external"},"jetpack_sharing_enabled":true,"_links":{"self":[{"href":"https:\/\/ofertacular.com\/index.php\/wp-json\/wp\/v2\/product\/12622","targetHints":{"allow":["GET"]}}],"collection":[{"href":"https:\/\/ofertacular.com\/index.php\/wp-json\/wp\/v2\/product"}],"about":[{"href":"https:\/\/ofertacular.com\/index.php\/wp-json\/wp\/v2\/types\/product"}],"wp:featuredmedia":[{"embeddable":true,"href":"https:\/\/ofertacular.com\/index.php\/wp-json\/wp\/v2\/media\/12621"}],"wp:attachment":[{"href":"https:\/\/ofertacular.com\/index.php\/wp-json\/wp\/v2\/media?parent=12622"}],"wp:term":[{"taxonomy":"store","embeddable":true,"href":"https:\/\/ofertacular.com\/index.php\/wp-json\/wp\/v2\/store?post=12622"},{"taxonomy":"product_brand","embeddable":true,"href":"https:\/\/ofertacular.com\/index.php\/wp-json\/wp\/v2\/product_brand?post=12622"},{"taxonomy":"product_cat","embeddable":true,"href":"https:\/\/ofertacular.com\/index.php\/wp-json\/wp\/v2\/product_cat?post=12622"},{"taxonomy":"product_tag","embeddable":true,"href":"https:\/\/ofertacular.com\/index.php\/wp-json\/wp\/v2\/product_tag?post=12622"}],"curies":[{"name":"wp","href":"https:\/\/api.w.org\/{rel}","templated":true}]}}