{"id":12645,"date":"2026-04-10T09:50:47","date_gmt":"2026-04-10T07:50:47","guid":{"rendered":"https:\/\/ofertacular.com\/index.php\/producto\/naked-snake\/"},"modified":"2026-04-10T09:50:47","modified_gmt":"2026-04-10T07:50:47","slug":"naked-snake","status":"publish","type":"product","link":"https:\/\/ofertacular.com\/index.php\/producto\/naked-snake\/","title":{"rendered":"Naked Snake"},"content":{"rendered":"<div class=\"oferta-container\">\ud83d\udfea <b>FUNKO CHOLLO<\/b> \ud83d\udfea #Publicidad #Amazon\ud83d\udfe3 <b> Funko POP! Videojuegos Naked Snake<\/b> \u2705 <b>AHORA 9.99 \u20ac<\/b> \u2714\ufe0f\ud83d\udfe1\u274c Antes 16.00 \u20ac \u20ac \ud83d\uded2: https:\/\/btz.es\/5qxjdwv\ud83d\udfe2 Ofertacular.com<\/p>\n<p>Descubre el Funko POP! Videojuegos de Naked Snake, una figura imprescindible para coleccionistas y fans de la ic\u00f3nica saga Metal Gear. Esta edici\u00f3n limitada captura cada detalle del legendario personaje, perfecta para exhibir o regalar. Optimizada para los seguidores de videojuegos y amantes del merchandising oficial, esta figura representa la calidad y fidelidad que buscas en tu colecci\u00f3n de Funko POP!. Aprovecha para a\u00f1adir a Naked Snake a tu cat\u00e1logo y destacar entre tus piezas favoritas de cultura gamer.<\/p>\n<\/div>\n","protected":false},"excerpt":{"rendered":"<p>\ud83d\udfea FUNKO CHOLLO \ud83d\udfea #Publicidad #Amazon\ud83d\udfe3 Funko POP! Videojuegos Naked Snake \u2705 AHORA 9.99 \u20ac \u2714\ufe0f\ud83d\udfe1\u274c Antes 16.00 \u20ac \u20ac \ud83d\uded2: https:\/\/btz.es\/5qxjdwv\ud83d\udfe2 Ofertacular.com Descubre el Funko POP! Videojuegos de Naked Snake, una figura imprescindible para coleccionistas y fans de la ic\u00f3nica saga Metal Gear. Esta edici\u00f3n limitada captura cada detalle del legendario personaje, perfecta para [&hellip;]<\/p>\n","protected":false},"featured_media":12644,"template":"","meta":{"_gspb_post_css":""},"store":[],"product_brand":[],"product_cat":[16],"product_tag":[],"class_list":{"0":"post-12645","1":"product","2":"type-product","3":"status-publish","4":"has-post-thumbnail","6":"product_cat-sin-categorizar","8":"first","9":"instock","10":"sale","11":"shipping-taxable","12":"product-type-external"},"jetpack_sharing_enabled":true,"_links":{"self":[{"href":"https:\/\/ofertacular.com\/index.php\/wp-json\/wp\/v2\/product\/12645","targetHints":{"allow":["GET"]}}],"collection":[{"href":"https:\/\/ofertacular.com\/index.php\/wp-json\/wp\/v2\/product"}],"about":[{"href":"https:\/\/ofertacular.com\/index.php\/wp-json\/wp\/v2\/types\/product"}],"wp:featuredmedia":[{"embeddable":true,"href":"https:\/\/ofertacular.com\/index.php\/wp-json\/wp\/v2\/media\/12644"}],"wp:attachment":[{"href":"https:\/\/ofertacular.com\/index.php\/wp-json\/wp\/v2\/media?parent=12645"}],"wp:term":[{"taxonomy":"store","embeddable":true,"href":"https:\/\/ofertacular.com\/index.php\/wp-json\/wp\/v2\/store?post=12645"},{"taxonomy":"product_brand","embeddable":true,"href":"https:\/\/ofertacular.com\/index.php\/wp-json\/wp\/v2\/product_brand?post=12645"},{"taxonomy":"product_cat","embeddable":true,"href":"https:\/\/ofertacular.com\/index.php\/wp-json\/wp\/v2\/product_cat?post=12645"},{"taxonomy":"product_tag","embeddable":true,"href":"https:\/\/ofertacular.com\/index.php\/wp-json\/wp\/v2\/product_tag?post=12645"}],"curies":[{"name":"wp","href":"https:\/\/api.w.org\/{rel}","templated":true}]}}